NOAA-Stijl Klimaat Rapport

Kies een jaar- of maandrapport
2018: jan feb maa apr mei jun jul aug sep okt nov dec
2017: jan feb maa apr mei jun jul aug sep okt nov dec
2016: jan feb maa apr mei jun jul aug sep okt nov dec
2015: jan feb maa apr mei jun jul aug sep okt nov dec
2014: jan feb maa apr mei jun jul aug sep okt nov dec
2013: jan feb maa apr mei jun jul aug sep okt nov dec
2012: jan feb maa apr mei jun jul aug sep okt nov dec
2011: jan feb maa apr mei jun jul aug sep okt nov dec

Rapport voor 2018 juli
                   MONTHLY CLIMATOLOGICAL SUMMARY for JUL. 2018

NAME: Weerstation Schinnen   CITY: Schinnen   STATE: The Netherlands 
ELEV:    75 m  LAT:  50° 56' 32" N  LONG:   5° 53' 16" E

                   TEMPERATURE (°C), RAIN  (mm), WIND SPEED (m/s)

                                      HEAT  COOL        AVG
    MEAN                              DEG   DEG         WIND                 DOM
DAY TEMP  HIGH   TIME   LOW    TIME   DAYS  DAYS  RAIN  SPEED HIGH   TIME    DIR
------------------------------------------------------------------------------------
 1  22.6  28.7   17:30  14.6   00:00   0.3   4.5   0.0   0.5   4.5   14:30   NNE
 2  21.6  29.6   15:30  11.1    6:30   1.2   4.5   0.0   0.3   3.1   11:00    NW
 3  21.5  32.7   15:00   9.2    6:00   2.3   5.5   0.0   0.0   1.8   12:30   ENE
 4  22.1  29.4   13:30  13.2    6:00   1.0   4.8   0.0   0.0   2.2   13:30    SE
 5  22.2  28.1   17:00  16.1    5:30   0.3   4.1   5.8   0.0   3.1   20:00   ENE
 6  20.8  28.7   17:30  13.1    5:00   1.2   3.6   0.0   0.1   2.7   15:00   ENE
 7  21.6  29.2   16:30  12.9    6:00   1.1   4.4   0.0   0.1   3.6   16:00   ENE
 8  19.9  27.9   17:00  10.8    6:00   1.9   3.5   0.0   0.1   2.7   13:00   ENE
 9  20.0  27.4   15:30  11.2    6:00   1.6   3.3   0.0   0.1   2.2    9:30   ENE
10  17.0  21.3   12:00  12.5   00:00   1.5   0.2   0.2   0.0   4.0    4:00    SE
11  18.2  26.0   15:00   8.9    6:00   2.6   2.4   0.0   0.0   2.7   12:00   ENE
12  21.6  29.2   16:30  16.6    6:00   0.4   3.7   0.0   0.0   2.2   15:00   ENE
13  21.2  29.7   15:00  12.3    6:00   1.3   4.2   0.0   0.0   2.2   11:30     E
14  21.2  30.3   16:00  12.4    6:00   1.6   4.5   0.0   0.0   2.2   11:30   ENE
15  21.7  31.2   16:30  10.9    6:00   2.0   5.4   0.0   0.1   2.7   16:30   NNE
16  22.7  32.7   15:00  11.1    6:00   1.8   6.2   0.0   0.1   2.2   11:30     E
17  23.0  31.6   15:30  15.1   00:00   0.5   5.2   0.0   0.1   3.1   16:30    SE
18  20.8  30.6   15:30  10.2    6:00   2.2   4.7   0.0   0.0   2.7   13:30    SE
19  22.3  32.1   15:30  11.8    6:00   1.4   5.4   0.0   0.0   2.2   20:00   ENE
20  21.8  31.8   16:30  11.8    6:00   1.5   5.1   0.0   0.0   2.2   18:30   ENE
21  17.1  20.3    0:30  14.7    7:00   0.4   0.0   0.0   0.0   0.0     ---   ---
22
23
24
25
26
27
28
29
30
31
-------------------------------------------------------------------------------------
    21.0  32.7     3     8.9    11    28.2  85.3   6.0   0.1   4.5     1     ENE

Max >=  32.0:  3
Max <=   0.0:  0
Min <=   0.0:  0
Min <= -18.0:  0
Max Rain: 5.79 ON 05-07-18
Days of Rain: 2 (> .2 mm) 1 (> 2 mm) 0 (> 20 mm)
Heat Base:  18.3  Cool Base:  18.3  Method: Integration