NOAA-Stijl Klimaat Rapport


Rapport voor 2019 juli
                   MONTHLY CLIMATOLOGICAL SUMMARY for JUL. 2019

NAME: Weerstation Schinnen   CITY: Schinnen   STATE: The Netherlands 
ELEV:    75 m  LAT:  50° 56' 32" N  LONG:   5° 53' 16" E

                   TEMPERATURE (°C), RAIN  (mm), WIND SPEED (m/s)

                                      HEAT  COOL        AVG
    MEAN                              DEG   DEG         WIND                 DOM
DAY TEMP  HIGH   TIME   LOW    TIME   DAYS  DAYS  RAIN  SPEED HIGH   TIME    DIR
------------------------------------------------------------------------------------
 1  20.1  26.9   15:30  14.8    4:30   1.1   2.9   0.0   0.0   1.8   18:00     E
 2  17.7  24.7   16:00   9.6    6:00   2.7   2.0   0.0   0.0   1.3   13:00     E
 3  17.0  23.1   16:30  11.2    6:00   2.5   1.2   0.0   0.0   2.7   20:00   ESE
 4  16.7  25.7   17:30   7.6    6:00   3.4   1.8   0.0   0.0   0.9   12:00   ESE
 5  19.9  29.4   15:30  12.4    2:30   2.0   3.6   0.0   0.0   0.4    6:30   ENE
 6  20.4  30.6   15:30  12.7    5:30   1.7   3.8   0.0   0.0   1.8   19:30     E
 7  17.3  23.6   15:00  11.9   00:00   1.9   0.9   0.2   0.0   2.7   17:30   ESE
 8  14.0  20.1   17:00   6.8    6:00   4.4   0.2   0.0   0.0   0.9   14:30   ESE
 9  15.1  23.4   15:00   6.0    6:00   4.3   1.0   0.0   0.0   0.4    9:00     E
10  17.2  25.5   14:00   6.7    6:00   3.4   2.3   0.0   0.0   0.4   13:30   NNE
11  19.8  26.4   17:30  15.1    6:00   1.0   2.6   0.0   0.0   0.4   10:00    SE
12  18.0  26.1   12:00  12.7    6:00   2.0   1.7   3.4   0.0   0.9   18:30    NE
13  17.3  21.8   12:30  14.3    1:30   1.6   0.6   3.4   0.0   0.4   13:30    NE
14  16.3  20.5   15:30  13.5    6:00   2.1   0.2   0.0   0.0   0.9   18:00     E
15  14.6  18.4   15:00   8.7    6:00   3.7   0.0   0.0   0.0   0.4   17:00   ESE
16  14.6  20.5   17:00   8.5    5:30   3.9   0.2   0.0   0.0   0.4   19:30     E
17  16.2  24.8   17:00   7.3    6:00   3.9   1.8   0.0   0.0   1.8   15:30    NE
18  19.1  25.2   16:00  11.3    6:00   1.9   2.7   0.0   0.0   1.3   13:00   ESE
19  20.3  25.8   18:00  15.0   00:00   0.5   2.6   0.0   0.0   0.4    8:30     E
20  19.6  27.9   13:30  13.6    5:00   1.4   2.7  15.6   0.0   1.3   14:00   WNW
21  15.5  19.3   11:00  13.9    2:30   1.3   0.0   0.0   0.0   0.4    4:30    SE
22
23
24
25
26
27
28
29
30
31
-------------------------------------------------------------------------------------
    17.5  30.6     6     6.0     9    50.9  34.6  22.6   0.0   2.7     3       E

Max >=  32.0:  0
Max <=   0.0:  0
Min <=   0.0:  0
Min <= -18.0:  0
Max Rain: 15.60 ON 20-07-19
Days of Rain: 4 (> .2 mm) 3 (> 2 mm) 0 (> 20 mm)
Heat Base:  18.3  Cool Base:  18.3  Method: Integration