NOAA-Stijl Klimaat Rapport

Kies een jaar- of maandrapport
2018: jan feb maa apr mei jun jul aug sep okt nov dec
2017: jan feb maa apr mei jun jul aug sep okt nov dec
2016: jan feb maa apr mei jun jul aug sep okt nov dec
2015: jan feb maa apr mei jun jul aug sep okt nov dec
2014: jan feb maa apr mei jun jul aug sep okt nov dec
2013: jan feb maa apr mei jun jul aug sep okt nov dec
2012: jan feb maa apr mei jun jul aug sep okt nov dec
2011: jan feb maa apr mei jun jul aug sep okt nov dec

Rapport voor 2018 april
                   MONTHLY CLIMATOLOGICAL SUMMARY for APR. 2018

NAME: Weerstation Schinnen   CITY: Schinnen   STATE: The Netherlands 
ELEV:    75 m  LAT:  50° 56' 32" N  LONG:   5° 53' 16" E

                   TEMPERATURE (°C), RAIN  (mm), WIND SPEED (m/s)

                                      HEAT  COOL        AVG
    MEAN                              DEG   DEG         WIND                 DOM
DAY TEMP  HIGH   TIME   LOW    TIME   DAYS  DAYS  RAIN  SPEED HIGH   TIME    DIR
------------------------------------------------------------------------------------
 1   6.3   8.8   14:30   3.2   00:00  12.0   0.0   8.0   0.2   3.1   10:00   SSE
 2   8.4  16.2   15:00   0.3    4:30   9.9   0.0  39.2   0.1   3.6   12:00     W
 3  12.6  17.7   16:30   9.1    4:30   5.7   0.0   3.4   0.4   5.4    1:00   SSE
 4  10.9  15.7   18:00   5.6    5:00   7.3   0.0   1.6   0.3   4.9    0:30   WSW
 5   7.8  10.7   18:00  -0.1   00:00  10.5   0.0   6.8   0.4   6.3    7:30     W
 6   8.8  19.0   16:30  -1.1    7:00   9.5   0.0   0.0   0.3   5.4   16:30   NNE
 7  13.3  25.3   16:00   2.2    7:00   6.7   1.7   0.4   0.1   3.6   11:30     W
 8  14.7  24.6   16:30   6.3    5:30   5.2   1.6   1.6   0.1   3.1   14:00   NNE
 9  12.8  18.5   18:00   7.6    6:00   5.5   0.0   0.0   0.2   2.7   12:00   NNE
10  14.3  20.5   15:30   9.1    6:00   4.2   0.1  10.4   0.2   3.6   17:00   NNE
11  10.4  13.1   18:00   6.2   00:00   7.9   0.0   1.6   0.1   1.8   16:30   NNE
12  10.8  18.4   16:30   3.3    6:00   7.5   0.0   0.0   0.2   2.7   11:00   NNE
13  10.2  17.2   17:30   2.5    7:00   8.1   0.0   0.2   0.0   2.7   15:30   SSE
14  12.9  20.9   16:00   4.8    5:30   5.7   0.2   0.0   0.1   2.2   15:30   NNE
15  14.6  20.7   15:00   9.5   00:00   3.9   0.2   3.0   0.1   3.6   14:00   WSW
16  13.3  20.4   17:30   7.0   00:00   5.3   0.3   0.2   0.1   3.1   14:00   SSE
17  13.4  23.8   18:00   3.2    7:00   6.2   1.3   1.8   0.1   2.7   12:00   SSE
18  16.1  26.2   16:00   5.2    7:00   4.9   2.6   1.2   0.3   4.5   16:00   NNW
19  18.3  29.7   15:30   6.6    6:30   4.0   4.0   6.0   0.3   4.0   13:30   NNW
20  19.5  30.5   15:30   8.5    7:00   3.2   4.4   0.4   0.0   2.2   15:00   SSE
21  16.9  25.2   17:00   9.3    7:00   3.3   1.9   0.8   0.2   2.7   13:00   NNE
22  18.8  28.8   17:00   9.2    7:00   2.9   3.4   1.8   0.1   4.5   19:00    SE
23  16.1  21.8   15:30  11.2   00:00   2.7   0.6   6.0   0.2   4.5   17:30    SE
24  12.3  17.9   17:00   8.7    5:30   4.5   0.0   7.6   0.4   4.0   13:30   SSE
25
26
27
28
29
30
-------------------------------------------------------------------------------------
    13.1  30.5    20    -1.1     6   146.6  22.3 102.0   0.2   6.3     5     SSE

Max >=  32.0:  0
Max <=   0.0:  0
Min <=   0.0:  2
Min <= -18.0:  0
Max Rain: 39.19 ON 02-04-18
Days of Rain: 20 (> .2 mm) 9 (> 2 mm) 1 (> 20 mm)
Heat Base:  18.3  Cool Base:  18.3  Method: Integration