NOAA-Stijl Klimaat Rapport

Kies een jaar- of maandrapport
2019: jan feb maa apr mei jun jul aug sep okt nov dec
2018: jan feb maa apr mei jun jul aug sep okt nov dec
2017: jan feb maa apr mei jun jul aug sep okt nov dec
2016: jan feb maa apr mei jun jul aug sep okt nov dec
2015: jan feb maa apr mei jun jul aug sep okt nov dec
2014: jan feb maa apr mei jun jul aug sep okt nov dec
2013: jan feb maa apr mei jun jul aug sep okt nov dec
2012: jan feb maa apr mei jun jul aug sep okt nov dec
2011: jan feb maa apr mei jun jul aug sep okt nov dec

Rapport voor 2019 mei
                   MONTHLY CLIMATOLOGICAL SUMMARY for MAY. 2019

NAME: Weerstation Schinnen   CITY: Schinnen   STATE: The Netherlands 
ELEV:    75 m  LAT:  50° 56' 32" N  LONG:   5° 53' 16" E

                   TEMPERATURE (°C), RAIN  (mm), WIND SPEED (m/s)

                                      HEAT  COOL        AVG
    MEAN                              DEG   DEG         WIND                 DOM
DAY TEMP  HIGH   TIME   LOW    TIME   DAYS  DAYS  RAIN  SPEED HIGH   TIME    DIR
------------------------------------------------------------------------------------
 1   9.4  17.1   18:00   2.9    6:30   8.8   0.0   0.0   0.0   0.9   15:00   ENE
 2  10.2  18.4   14:00   3.3    4:30   8.1   0.0   1.4   0.0   0.4    8:30    SE
 3   9.3  14.1   15:30   6.3    1:00   9.0   0.0   0.2   0.0   2.2   14:00    NE
 4   6.6  12.1   14:30   2.5   00:00  11.8   0.0  16.0   0.0   4.0   12:30   ENE
 5   6.1  12.9   17:30  -0.2    5:30  12.2   0.0   0.6   0.0   4.5   16:00    NE
 6   6.3  13.6   15:30   0.0    5:00  11.9   0.0   0.2   0.0   1.3   15:00   SSE
 7   9.5  15.5   18:00   3.6    6:00   8.8   0.0   0.0   0.0   0.9   17:00   ESE
 8   9.9  12.7   13:30   7.1    4:30   8.4   0.0   8.4   0.0   2.2   23:30     W
 9  12.1  18.6   17:30   6.4    6:30   6.2   0.0   3.0   0.0   3.6   19:00   WNW
10  11.4  17.3   16:00   9.1    0:30   6.9   0.0   9.4   0.0   3.6   16:30     N
11  11.8  17.2   17:00   7.7   00:00   6.5   0.0   2.0   0.0   2.7   15:00   ENE
12   9.3  16.2   16:30   1.1    6:30   9.0   0.0   0.0   0.0   2.7   14:00   ENE
13   9.8  16.8   17:30   1.3    6:30   8.5   0.0   0.0   0.0   3.1   15:00    NE
14  10.4  17.0   17:30   3.2    6:30   7.9   0.0   0.0   0.0   3.1   13:00   NNE
15  10.2  17.3   17:00   1.2    6:00   8.1   0.0   0.0   0.0   4.0   13:30     N
16  10.9  18.0   17:00   2.4    4:30   7.4   0.0   0.0   0.0   2.7   12:30   NNE
17  10.9  12.9   18:30   9.0    4:30   7.4   0.0   2.4   0.0   0.9   11:00     N
18  14.3  22.3   15:30   9.5    2:30   4.3   0.3   1.8   0.0   0.4   13:00   NNE
19  15.7  22.7   14:30  11.9   23:30   3.2   0.7   1.8   0.0   1.3   19:00    NE
20  13.9  16.2   14:00  11.8    2:00   4.4   0.0   0.0   0.0   0.4    9:30    NE
21  12.3  14.9   18:30  11.2    6:30   6.0   0.0   6.8   0.0   0.4    7:00   NNE
22  13.9  20.1   16:00   8.7   00:00   4.6   0.2   0.0   0.0   0.9   12:00    NE
23  15.2  24.4   16:00   5.3    5:00   4.7   1.6   0.0   0.0   1.3   15:00    SE
24  16.4  25.6   14:30   7.1    6:00   3.9   2.0   0.0   0.0   1.8   13:30   ENE
25   7.2  11.0    8:00   5.4    6:00   3.7   0.0   0.0   0.0   0.0     ---   ---
26
27
28
29
30
31
-------------------------------------------------------------------------------------
    10.9  25.6    24    -0.2     5   181.9   4.7  54.0   0.0   4.5     5      NE

Max >=  32.0:  0
Max <=   0.0:  0
Min <=   0.0:  2
Min <= -18.0:  0
Max Rain: 16.00 ON 04-05-19
Days of Rain: 13 (> .2 mm) 7 (> 2 mm) 0 (> 20 mm)
Heat Base:  18.3  Cool Base:  18.3  Method: Integration