NOAA-Stijl Klimaat Rapport

Kies een jaar- of maandrapport
2018: jan feb maa apr mei jun jul aug sep okt nov dec
2017: jan feb maa apr mei jun jul aug sep okt nov dec
2016: jan feb maa apr mei jun jul aug sep okt nov dec
2015: jan feb maa apr mei jun jul aug sep okt nov dec
2014: jan feb maa apr mei jun jul aug sep okt nov dec
2013: jan feb maa apr mei jun jul aug sep okt nov dec
2012: jan feb maa apr mei jun jul aug sep okt nov dec
2011: jan feb maa apr mei jun jul aug sep okt nov dec

Rapport voor 2018 februari
                   MONTHLY CLIMATOLOGICAL SUMMARY for FEB. 2018

NAME: Weerstation Schinnen   CITY: Schinnen   STATE: The Netherlands 
ELEV:    75 m  LAT:  50° 56' 32" N  LONG:   5° 53' 16" E

                   TEMPERATURE (°C), RAIN  (mm), WIND SPEED (m/s)

                                      HEAT  COOL        AVG
    MEAN                              DEG   DEG         WIND                 DOM
DAY TEMP  HIGH   TIME   LOW    TIME   DAYS  DAYS  RAIN  SPEED HIGH   TIME    DIR
------------------------------------------------------------------------------------
 1   2.3   5.2   16:00   0.0   20:30  16.0   0.0   1.0   0.1   4.9   11:30   WSW
 2   3.2   5.4   13:00   2.1   20:00  15.1   0.0   5.4   0.0   4.0    0:30   WSW
 3   2.9   5.3   13:30   1.1    6:30  15.4   0.0   0.2   0.0   2.7   15:00     W
 4   0.6   3.1    0:30  -1.2   00:00  17.7   0.0   1.4   0.2   4.0   15:00   NNE
 5   0.1   3.9   15:30  -1.8    1:00  18.2   0.0   0.0   0.4   3.1   10:30   NNE
 6  -0.8   0.9   14:30  -2.8    5:30  16.7   0.0   0.0   0.2   3.1   13:30     N
 7  -2.1   1.6   16:30  -6.4   00:00  20.4   0.0   0.0   0.0   2.7   16:00    NE
 8  -4.0   2.7   14:30  -8.2    7:30  22.3   0.0   3.6   0.0   0.9   12:00     W
 9  -1.4   3.0   14:00  -6.5    7:00  19.7   0.0   0.2   0.0   4.0   11:30     W
10   2.1   4.7   16:00  -0.9   18:30  16.2   0.0   1.4   0.0   4.0   23:00   SSE
11   3.7   7.0   12:00   0.8   21:30  14.6   0.0   4.4   0.2   6.7    5:00     W
12   1.7   5.6   14:00  -2.4   22:30  16.7   0.0   0.4   0.0   4.0   14:30   SSE
13  -0.2   6.4   14:00  -4.2   00:00  18.5   0.0   7.2   0.0   6.3   14:30     W
14  -0.2   7.2   14:30  -7.1    8:30  18.4   0.0   1.2   0.0   3.1   19:30     W
15   4.1   8.6   16:30  -1.2   00:00  14.2   0.0   6.4   0.0   3.6   13:00     W
16   1.2   8.7   14:30  -3.1   23:30  17.1   0.0   0.2   0.0   2.2   12:30   SSE
17   0.4   6.3   14:30  -4.1   00:00  17.9   0.0   0.6   0.1   3.1   13:00     N
18  -0.4   8.4   14:00  -6.0    7:30  18.8   0.0   2.4   0.0   2.2   12:00     W
19  -0.1   5.1   15:30  -5.2    4:30  18.4   0.0   2.2   0.0   1.3   12:30   SSE
20   1.3   5.3   13:00  -2.6    5:00  17.0   0.0   0.0   0.0   2.2   16:00   NNE
21  -2.8  -1.7    1:30  -4.5    8:00   7.0   0.0   0.0   0.0   0.9    0:30   NNE
22
23
24
25
26
27
28
-------------------------------------------------------------------------------------
     0.6   8.7    16    -8.2     8   356.2   0.0  38.2   0.1   6.7    11       W

Max >=  32.0:  0
Max <=   0.0:  1
Min <=   0.0: 18
Min <= -18.0:  0
Max Rain: 7.19 ON 13-02-18
Days of Rain: 16 (> .2 mm) 7 (> 2 mm) 0 (> 20 mm)
Heat Base:  18.3  Cool Base:  18.3  Method: Integration