NOAA-Stijl Klimaat Rapport

Kies een jaar- of maandrapport
2018: jan feb maa apr mei jun jul aug sep okt nov dec
2017: jan feb maa apr mei jun jul aug sep okt nov dec
2016: jan feb maa apr mei jun jul aug sep okt nov dec
2015: jan feb maa apr mei jun jul aug sep okt nov dec
2014: jan feb maa apr mei jun jul aug sep okt nov dec
2013: jan feb maa apr mei jun jul aug sep okt nov dec
2012: jan feb maa apr mei jun jul aug sep okt nov dec
2011: jan feb maa apr mei jun jul aug sep okt nov dec

Rapport voor 2011 december
                   MONTHLY CLIMATOLOGICAL SUMMARY for DEC. 2011

NAME: Weerstation Schinnen   CITY: Schinnen   STATE: The Netherlands 
ELEV:    75 m  LAT:  50° 56' 32" N  LONG:   5° 53' 16" E

                   TEMPERATURE (°C), RAIN  (mm), WIND SPEED (m/s)

                                      HEAT  COOL        AVG
    MEAN                              DEG   DEG         WIND                 DOM
DAY TEMP  HIGH   TIME   LOW    TIME   DAYS  DAYS  RAIN  SPEED HIGH   TIME    DIR
------------------------------------------------------------------------------------
 1   8.8  12.1   16:00  -0.8    2:00   9.5   0.0   5.0   0.7   7.6    8:00   SSE
 2   6.7  11.8    2:30   0.9   19:00  11.6   0.0   3.8   0.4   7.2    3:30   SSE
 3   6.9   9.6   15:00   4.2    0:30  11.4   0.0   9.4   0.9   8.0   10:00   SSE
 4   8.1   9.0   13:30   6.3   00:00  10.2   0.0   3.2   0.5   4.9    0:30   SSE
 5   4.5   6.7    1:00   2.6    9:00  13.8   0.0   0.6   0.7   6.7   12:30   SSE
 6   4.3   6.7   14:00   2.4    6:00  14.0   0.0   0.0   0.8   6.7   10:30    SE
 7   5.9   7.6   14:30   4.4    1:30  12.3   0.0   6.0   0.8   9.4   15:30   SSE
 8   6.3  10.4   00:00   1.4    8:30  12.0   0.0   3.2   0.8   8.9   00:00   SSE
 9   5.8  10.9    1:30   1.7   19:30  12.5   0.0   7.0   0.7   9.4    0:30   SSE
10   2.0   5.8   13:30  -0.8   21:00  16.3   0.0   0.0   0.1   4.0   11:30    SE
11   1.8   6.4   00:00  -3.2    5:30  16.5   0.0   0.2   0.1   3.6   11:30   WNW
12   6.6   8.6    5:30   4.4   20:30  11.7   0.0   6.4   0.5   5.4   17:30   SSE
13   7.0  10.2   10:30   3.8   21:00  11.3   0.0  10.6   1.3   9.4    7:30   SSE
14   5.3   8.0   13:00   2.7   19:00  12.9   0.0   8.4   0.8   7.2   16:00   SSE
15   5.4   7.2   11:30   4.2    0:30  12.9   0.0   1.4   1.1   9.8   15:30   SSE
16   4.4  10.4    9:30   0.9   22:00  13.9   0.0  25.2   0.7   9.8   10:00   SSE
17   2.6   5.4   15:00   0.9    8:30  15.7   0.0   1.8   0.2   4.0   21:30   SSE
18   1.6   3.7   14:30   0.2   22:30  16.8   0.0   3.0   0.3   3.6   13:30    SE
19   1.6   3.1   14:00   0.4   21:00  16.7   0.0   0.6   0.4   6.7   00:00   SSE
20   3.8   6.8   12:30   0.6    1:30  14.4   0.0   5.2   0.4   4.9    1:00    SE
21   4.4   5.6   14:00   3.2    3:30  13.9   0.0   0.8   0.1   3.1   12:30   WNW
22   8.2   9.7   16:00   5.2    0:30  10.1   0.0   3.8   0.1   3.1   12:00   SSE
23   8.4   9.7   14:00   7.1   00:00   9.9   0.0   1.6   0.4   5.8   18:30   SSE
24   5.1   7.4    1:00   3.1   17:00  13.2   0.0   4.0   0.6   9.4    1:30    SE
25   7.1   9.1   22:30   4.4    0:30  11.2   0.0   0.2   0.7   5.4   13:30   SSE
26   8.8   9.4   14:30   8.2    2:00   9.5   0.0   0.8   0.4   6.3    1:00   SSE
27   7.9   9.1    0:30   6.2   21:30  10.4   0.0   0.0   0.1   3.6    6:30    SE
28   5.5   7.1    3:30   2.1    8:00  12.8   0.0   1.0   0.5   5.4   11:00     S
29   4.9   7.3   22:30   3.6    7:30  13.4   0.0   5.4   1.0   7.6   22:00   SSE
30   3.9   5.4    3:00   1.3   21:30  14.3   0.0   3.0   0.4   6.3    6:00   SSE
31   7.3  10.3   00:00   2.7    2:30  11.0   0.0   4.0   0.3   4.5   14:30    SE
-------------------------------------------------------------------------------------
     5.5  12.1     1    -3.2    11   396.2   0.0 125.6   0.5   9.8    15     SSE

Max >=  32.0:  0
Max <=   0.0:  0
Min <=   0.0:  3
Min <= -18.0:  0
Max Rain: 25.20 ON 16-12-11
Days of Rain: 28 (> .2 mm) 18 (> 2 mm) 1 (> 20 mm)
Heat Base:  18.3  Cool Base:  18.3  Method: Integration