NOAA-Stijl Klimaat Rapport

Kies een jaar- of maandrapport
2018: jan feb maa apr mei jun jul aug sep okt nov dec
2017: jan feb maa apr mei jun jul aug sep okt nov dec
2016: jan feb maa apr mei jun jul aug sep okt nov dec
2015: jan feb maa apr mei jun jul aug sep okt nov dec
2014: jan feb maa apr mei jun jul aug sep okt nov dec
2013: jan feb maa apr mei jun jul aug sep okt nov dec
2012: jan feb maa apr mei jun jul aug sep okt nov dec
2011: jan feb maa apr mei jun jul aug sep okt nov dec

Rapport voor 2012 januari
                   MONTHLY CLIMATOLOGICAL SUMMARY for JAN. 2012

NAME: Weerstation Schinnen   CITY: Schinnen   STATE: The Netherlands 
ELEV:    75 m  LAT:  50° 56' 32" N  LONG:   5° 53' 16" E

                   TEMPERATURE (°C), RAIN  (mm), WIND SPEED (m/s)

                                      HEAT  COOL        AVG
    MEAN                              DEG   DEG         WIND                 DOM
DAY TEMP  HIGH   TIME   LOW    TIME   DAYS  DAYS  RAIN  SPEED HIGH   TIME    DIR
------------------------------------------------------------------------------------
 1  11.9  13.7   23:00  10.2    0:30   6.4   0.0   4.8   0.8   8.9   23:30   SSE
 2   7.7  13.5    0:30   4.3   00:00  10.6   0.0   9.4   0.5   5.8    0:30    SE
 3   7.7  11.3   18:00   3.9    2:00  10.6   0.0   5.4   1.4  10.3   14:30   SSE
 4   6.5   7.8   13:30   4.8    4:00  11.8   0.0   3.2   1.0   8.5   21:00   SSE
 5   7.4  10.2    9:00   4.1   23:30  10.9   0.0  14.8   1.5  10.7    3:30     N
 6   5.5   8.1   15:00   3.0    3:00  12.8   0.0   5.4   0.5   5.8    1:30     N
 7   7.3   9.7   12:30   3.5    0:30  11.1   0.0   3.6   0.7   6.7    8:00   SSE
 8   6.6   7.9   14:00   4.6   23:00  11.7   0.0   1.0   0.3   4.5   13:30    SE
 9   7.6   9.7   15:00   4.9    1:00  10.7   0.0   2.6   0.2   3.1    8:30   SSE
10   8.3   9.8   13:30   6.1    7:00   9.9   0.0   0.0   0.0   3.1   22:30    SE
11   9.1  10.4   12:30   8.2    7:00   9.2   0.0   0.0   0.3   4.9   00:00    SE
12   7.9   9.8   12:30   4.5   23:00  10.4   0.0   3.4   0.8   7.6   13:00   SSE
13   4.3   6.6   12:30   2.1    4:00  14.0   0.0   0.2   0.2   4.5   14:00     N
14   3.7   6.5   14:30  -1.6   00:00  14.6   0.0   0.0   0.1   2.7   11:30     N
15   0.1   5.1   14:30  -2.9    4:00  18.2   0.0   0.0   0.2   4.9   14:00     N
16  -0.6   4.1   15:00  -3.9   00:00  18.9   0.0   0.2   0.2   2.7   11:30     N
17  -2.3   5.1   14:30  -5.8    7:30  20.6   0.0   0.0   0.0   1.8   14:00   SSE
18   0.7   4.4   00:00  -4.5    2:30  17.6   0.0   2.0   0.4   5.4   18:30   SSE
19   7.4  11.0   14:30   4.4    0:30  10.8   0.0  14.6   0.7   8.9   13:00   SSE
20   3.4   6.6    1:30  -0.4   23:00  14.9   0.0   7.8   0.4   7.6   13:30    SE
21   6.8   9.7   14:30   1.1    1:00  11.5   0.0  10.0   0.7   6.3    9:00   SSE
22   6.7   9.5   18:00   3.1   00:00  11.7   0.0   1.2   0.9   7.2   12:00   SSE
23   5.0   8.1   14:30   2.7   23:30  13.3   0.0   1.2   0.2   4.0   14:00    SE
24   2.9   5.4   15:30   0.1    4:30  15.4   0.0   0.4   0.0   3.1    1:00    SE
25   5.0   7.5   15:30   2.4    5:30  13.3   0.0   0.0   0.0   1.8   12:30   SSE
26   6.7   8.8   15:30   4.5   00:00  11.6   0.0   1.2   0.2   3.1   14:30    SE
27   2.6   7.9   15:00  -1.5   22:30  15.7   0.0   0.0   0.1   3.6   12:00   SSE
28   0.6   5.2   14:00  -2.9    5:00  17.7   0.0   0.2   0.3   3.6   21:30   NNE
29  -0.1   1.2    2:00  -1.1   19:00  18.4   0.0   0.0   0.5   3.6    4:30     N
30  -1.3  -0.7   12:00  -2.2    7:30  19.7   0.0   0.0   0.0   1.8    0:30   NNW
31  -2.8  -0.7   15:00  -6.3   19:00  21.1   0.0   0.0   0.2   4.5   22:30   NNE
-------------------------------------------------------------------------------------
     4.6  13.7     1    -6.3    31   425.0   0.0  92.6   0.4  10.7     5     SSE

Max >=  32.0:  0
Max <=   0.0:  2
Min <=   0.0: 11
Min <= -18.0:  0
Max Rain: 14.81 ON 05-01-12
Days of Rain: 21 (> .2 mm) 13 (> 2 mm) 0 (> 20 mm)
Heat Base:  18.3  Cool Base:  18.3  Method: Integration