NOAA-Stijl Klimaat Rapport

Kies een jaar- of maandrapport
2018: jan feb maa apr mei jun jul aug sep okt nov dec
2017: jan feb maa apr mei jun jul aug sep okt nov dec
2016: jan feb maa apr mei jun jul aug sep okt nov dec
2015: jan feb maa apr mei jun jul aug sep okt nov dec
2014: jan feb maa apr mei jun jul aug sep okt nov dec
2013: jan feb maa apr mei jun jul aug sep okt nov dec
2012: jan feb maa apr mei jun jul aug sep okt nov dec
2011: jan feb maa apr mei jun jul aug sep okt nov dec

Rapport voor 2012 maart
                   MONTHLY CLIMATOLOGICAL SUMMARY for MAR. 2012

NAME: Weerstation Schinnen   CITY: Schinnen   STATE: The Netherlands 
ELEV:    75 m  LAT:  50° 56' 32" N  LONG:   5° 53' 16" E

                   TEMPERATURE (°C), RAIN  (mm), WIND SPEED (m/s)

                                      HEAT  COOL        AVG
    MEAN                              DEG   DEG         WIND                 DOM
DAY TEMP  HIGH   TIME   LOW    TIME   DAYS  DAYS  RAIN  SPEED HIGH   TIME    DIR
------------------------------------------------------------------------------------
 1   9.8  11.5   15:00   8.5   00:00   8.4   0.0   0.0   0.2   2.7   13:00   NNE
 2   8.5  10.3   23:00   7.3    6:30   9.8   0.0   0.2   0.4   3.1    5:00   NNE
 3  10.0  13.1   16:00   8.0    8:00   8.3   0.0   0.0   0.1   2.7   15:00    SE
 4   8.7  13.1   12:00   4.8    7:30   9.6   0.0   5.2   0.0   2.7   12:00   ESE
 5   5.1   8.4    0:30   3.6    8:00  13.2   0.0   2.4   0.7   6.7   15:30   SSE
 6   6.0  10.6   14:30   0.0   00:00  12.3   0.0   0.0   0.1   2.7   13:30   SSE
 7   2.9   7.2   14:00  -2.2    4:00  15.4   0.0   9.0   0.5   6.3   17:00   SSE
 8   4.7   9.6   16:00  -1.7   00:00  13.6   0.0   0.2   0.3   4.0   15:30     N
 9   6.6  12.9   13:30  -2.0    2:00  11.8   0.0   0.0   0.2   4.5   12:30   SSE
10   8.7  10.2   15:00   5.5    3:30   9.6   0.0   0.8   0.1   2.7    5:00    SE
11   9.6  13.8   16:30   4.6   00:00   8.7   0.0   0.0   0.2   3.6   13:30    NE
12   7.7  13.2   15:30   0.9    5:30  10.6   0.0   0.0   0.1   2.7   12:30   NNE
13   8.5   9.6   15:30   7.7    7:30   9.8   0.0   0.0   0.2   3.1   12:00   NNE
14   7.5  11.2   14:00   0.7   00:00  10.8   0.0   0.0   0.3   3.1   11:00   NNE
15   7.4  19.6   16:00  -2.1    7:00  11.0   0.1   0.0   0.1   2.2   16:30   NNE
16   9.6  21.4   16:30   0.6    6:30   9.1   0.4   0.0   0.1   2.7   10:00   SSE
17   9.4  11.2   12:00   4.3    0:30   8.9   0.0   0.0   0.1   4.5    2:00   SSE
18   8.4  10.9   15:00   2.3   00:00   9.9   0.0   0.2   0.3   4.0    7:00   SSE
19   6.3  12.7   16:00  -0.3   00:00  12.0   0.0   0.0   0.3   4.5   12:00     N
20   6.2  15.1   15:00  -2.1    5:30  12.1   0.0   0.2   0.2   3.6   12:30   SSE
21   7.4  16.4   14:30  -1.3    7:00  10.9   0.0   0.0   0.4   4.5   15:00   NNE
22   9.4  20.3   16:00  -0.9    6:30   9.2   0.3   0.0   0.4   5.8   15:00   NNE
23  10.3  20.7   15:30   1.0    7:00   8.4   0.4   0.0   0.2   3.1   14:30   NNE
24  10.1  20.1   15:30   0.9    7:00   8.4   0.2   0.0   0.2   4.0   14:00   NNW
25  10.1  19.8   17:30   2.1    8:00   8.0   0.1   0.0   0.4   3.6   15:30   NNW
26   8.7  19.3   15:30  -0.7    7:30   9.7   0.1   0.0   0.4   4.0   16:30   NNE
27   9.5  19.7   17:00  -0.2    8:00   8.9   0.1   0.0   0.3   3.1   17:00     N
28  10.4  19.8   17:30   1.6    7:30   8.1   0.2   0.0   0.2   2.7   15:00     N
29   8.1  14.8   16:30   0.6    5:30  10.2   0.0   0.0   0.6   7.2   17:00   NNE
30   9.4  11.8   16:30   7.8   00:00   8.9   0.0   0.0   0.6   4.5   15:00   NNE
31   7.6  10.3   15:00   2.1   00:00  10.7   0.0   0.0   0.6   5.8   18:30   NNE
-------------------------------------------------------------------------------------
     8.1  21.4    16    -2.2     7   316.5   1.9  18.2   0.3   7.2    29     NNE

Max >=  32.0:  0
Max <=   0.0:  0
Min <=   0.0: 11
Min <= -18.0:  0
Max Rain: 8.99 ON 07-03-12
Days of Rain: 8 (> .2 mm) 3 (> 2 mm) 0 (> 20 mm)
Heat Base:  18.3  Cool Base:  18.3  Method: Integration