NOAA-Stijl Klimaat Rapport

Kies een jaar- of maandrapport
2018: jan feb maa apr mei jun jul aug sep okt nov dec
2017: jan feb maa apr mei jun jul aug sep okt nov dec
2016: jan feb maa apr mei jun jul aug sep okt nov dec
2015: jan feb maa apr mei jun jul aug sep okt nov dec
2014: jan feb maa apr mei jun jul aug sep okt nov dec
2013: jan feb maa apr mei jun jul aug sep okt nov dec
2012: jan feb maa apr mei jun jul aug sep okt nov dec
2011: jan feb maa apr mei jun jul aug sep okt nov dec

Rapport voor 2012 april
                   MONTHLY CLIMATOLOGICAL SUMMARY for APR. 2012

NAME: Weerstation Schinnen   CITY: Schinnen   STATE: The Netherlands 
ELEV:    75 m  LAT:  50° 56' 32" N  LONG:   5° 53' 16" E

                   TEMPERATURE (°C), RAIN  (mm), WIND SPEED (m/s)

                                      HEAT  COOL        AVG
    MEAN                              DEG   DEG         WIND                 DOM
DAY TEMP  HIGH   TIME   LOW    TIME   DAYS  DAYS  RAIN  SPEED HIGH   TIME    DIR
------------------------------------------------------------------------------------
 1   4.5  12.1   16:30  -3.7    7:00  13.8   0.0   0.0   0.3   4.0   17:00   NNE
 2   6.1  14.6   16:00  -2.4    6:30  12.2   0.0   0.0   0.3   3.6   15:30   NNE
 3   9.6  18.4   16:00   1.2    5:30   8.7   0.0   0.0   0.2   3.1   13:00    NE
 4   8.8  10.6   17:30   5.7    5:30   9.5   0.0   1.6   0.1   3.1   10:00   NNE
 5   7.4   8.7    0:30   6.4    8:00  10.9   0.0   0.0   0.8   4.9   13:30   NNE
 6   7.9  12.9   17:00   3.7    7:00  10.4   0.0   0.0   0.4   3.6   19:30   NNE
 7   5.7   9.1   12:00   3.5    4:30  12.6   0.0   2.6   0.4   6.3   12:00     N
 8   6.4  11.4   15:00   1.7    8:30  11.8   0.0   0.0   0.2   4.0   16:00   SSE
 9   8.7  11.3   14:30   5.8    3:00   9.7   0.0  12.8   0.5   5.4   21:00   SSE
10  10.3  14.0   18:00   7.9   00:00   8.0   0.0   7.4   0.5   6.7   18:30   SSE
11   8.4  14.7   16:00   3.3    7:30   9.8   0.0   0.2   0.2   4.5   14:00    SE
12   8.1  14.2   15:30   2.9   23:30  10.2   0.0   1.0   0.2   3.1   13:00   SSE
13   7.2  13.2   18:00   0.4    6:00  11.1   0.0   0.4   0.1   2.7   13:00     N
14   7.2  12.6   13:00   2.6    4:30  11.1   0.0  12.8   0.1   3.1   13:00   NNE
15   6.7   9.6   13:30   4.3    0:30  11.7   0.0   0.8   0.9   5.4   20:30     N
16   5.1  10.9   18:00  -2.2    6:30  13.2   0.0   0.0   0.6   4.9   12:30     N
17   5.2  13.3   15:00  -2.8    6:30  13.1   0.0   1.8   0.4   5.4   12:00   SSE
18   8.5  14.3   17:30   1.7    6:00   9.8   0.0   1.0   0.4   5.4   12:00   SSE
19   9.4  14.9   16:00   3.4   00:00   8.9   0.0   0.8   0.4   6.3   12:30   SSE
20   8.1  15.8   16:00   0.6    7:00  10.2   0.0   3.4   0.3   4.5   12:30    SE
21   7.6  11.9   12:30   4.4   23:00  10.8   0.0   6.4   0.2   5.8   12:30   SSE
22   8.0  13.8   15:30   4.1    1:00  10.3   0.0   5.4   0.4   7.6   14:00   SSE
23   9.2  14.8   16:30   4.1    1:30   9.1   0.0   0.2   0.5   5.4   16:00   SSE
24   9.3  14.0   18:30   4.7    5:30   9.0   0.0   1.8   0.2   4.0   20:00    SE
25   9.8  13.7   13:00   4.1    7:00   8.5   0.0   5.0   0.4   6.3   14:00   SSE
26  12.2  16.6   15:30   9.5   22:30   6.1   0.0   0.8   0.8   7.2   16:00   SSE
27  12.7  16.9   15:30   9.2    4:30   5.6   0.0   2.0   0.3   5.4   12:00   SSE
28  16.2  22.4   13:00  10.3    2:00   3.1   0.9   4.4   0.4   4.0    4:00   NNE
29  15.3  22.1   17:30   9.3   00:00   3.5   0.5   0.0   0.3   4.5   15:30    SE
30  15.2  23.4   14:30   4.2    6:00   4.5   1.4   0.0   0.6   7.2   21:30   NNE
-------------------------------------------------------------------------------------
     8.8  23.4    30    -3.7     1   287.0   2.7  72.6   0.4   7.6    22     SSE

Max >=  32.0:  0
Max <=   0.0:  0
Min <=   0.0:  4
Min <= -18.0:  0
Max Rain: 12.80 ON 09-04-12
Days of Rain: 21 (> .2 mm) 10 (> 2 mm) 0 (> 20 mm)
Heat Base:  18.3  Cool Base:  18.3  Method: Integration