NOAA-Stijl Klimaat Rapport

Kies een jaar- of maandrapport
2018: jan feb maa apr mei jun jul aug sep okt nov dec
2017: jan feb maa apr mei jun jul aug sep okt nov dec
2016: jan feb maa apr mei jun jul aug sep okt nov dec
2015: jan feb maa apr mei jun jul aug sep okt nov dec
2014: jan feb maa apr mei jun jul aug sep okt nov dec
2013: jan feb maa apr mei jun jul aug sep okt nov dec
2012: jan feb maa apr mei jun jul aug sep okt nov dec
2011: jan feb maa apr mei jun jul aug sep okt nov dec

Rapport voor 2012 mei
                   MONTHLY CLIMATOLOGICAL SUMMARY for MAY. 2012

NAME: Weerstation Schinnen   CITY: Schinnen   STATE: The Netherlands 
ELEV:    75 m  LAT:  50° 56' 32" N  LONG:   5° 53' 16" E

                   TEMPERATURE (°C), RAIN  (mm), WIND SPEED (m/s)

                                      HEAT  COOL        AVG
    MEAN                              DEG   DEG         WIND                 DOM
DAY TEMP  HIGH   TIME   LOW    TIME   DAYS  DAYS  RAIN  SPEED HIGH   TIME    DIR
------------------------------------------------------------------------------------
 1  17.2  22.6   15:00  13.1    6:00   2.0   0.9   0.8   0.3   3.6    2:30    SE
 2  14.3  17.4   11:00  12.7   00:00   4.0   0.0   1.2   0.3   3.6   11:00   NNE
 3  12.4  16.9   16:30   6.9    6:30   5.9   0.0   0.0   0.2   3.6   13:30   SSE
 4  14.7  22.1   15:30   8.1    7:00   4.1   0.5   1.2   0.3   4.5   16:30    SE
 5   8.7  10.3    0:30   7.5    8:00   9.6   0.0  12.4   0.5   3.6   15:00   NNW
 6   7.8   8.8   18:30   7.0    6:30  10.4   0.0   3.8   0.4   3.1   13:00   NNW
 7  10.8  17.0   17:00   6.9    6:30   7.5   0.0   0.0   0.2   2.7   14:00   NNE
 8  14.2  22.6   14:30   4.1    4:00   5.0   0.9   0.0   0.3   4.9   18:30    NW
 9  16.4  21.0   15:30  12.0   00:00   2.3   0.4   3.2   0.2   4.9   11:30   SSE
10  19.6  25.8   18:30  10.9    2:30   1.8   3.1   0.4   0.2   4.5   23:00   SSE
11  17.2  21.1    0:30  11.4   00:00   1.4   0.3   2.0   0.3   4.5   17:00    SE
12  10.2  15.4   16:30   5.3   00:00   8.1   0.0   0.0   0.4   3.6   14:30   NNE
13   8.1  15.9   16:30   0.4    6:00  10.2   0.0   0.0   0.2   3.1   10:30   NNE
14  11.1  20.6   16:30   1.1    5:30   7.5   0.3   0.0   0.3   4.0   16:30    SE
15   8.9  14.2   12:30   6.6   14:00   9.4   0.0   9.8   0.3   4.5   10:00    SE
16   9.2  14.6   17:00   2.8   00:00   9.1   0.0   1.2   0.5   5.4   17:30    NE
17  10.1  17.7   15:30  -0.5    6:30   8.2   0.0   0.0   0.4   4.9   18:00   NNE
18  14.5  19.3   12:00  10.7    7:00   3.8   0.0   0.0   0.4   4.5   10:30   NNE
19  16.9  24.4   15:30  10.9    5:00   2.6   1.2   0.0   0.2   3.1   16:00   SSE
20  17.2  25.7   16:30  11.4    6:00   2.7   1.5   4.0   0.1   3.6   17:30   NNW
21  17.2  24.2   15:00   9.6    6:00   2.8   1.7   0.0   0.2   4.5   15:30   NNW
22  17.7  25.7   18:00  13.6    4:30   2.1   1.5   0.0   0.2   2.7    5:00    SE
23  18.8  27.4   18:30  12.7    6:00   2.0   2.5   0.0   0.2   4.9   21:00   SSE
24  21.9  30.2   17:00  12.7    6:00   1.3   4.9   0.0   0.4   5.4   18:30   NNE
25  20.3  27.1   15:30  12.2    6:00   1.1   3.1   0.0   0.8   7.2   14:30   NNE
26  19.0  27.1   17:00   8.4    6:30   2.5   3.2   0.0   0.6   7.6   12:30     N
27  18.8  27.4   16:00   9.2    6:00   2.6   3.1   0.0   0.4   4.5   12:30     N
28  19.8  28.5   16:30  10.5    6:00   2.2   3.7   0.0   0.4   4.5   19:00    NE
29  17.9  26.3   14:00   9.2    5:30   2.7   2.4   0.0   0.2   3.1   21:30   NNW
30  17.7  25.2   16:30  11.4    3:30   2.3   1.7   0.0   0.1   2.7   16:30    SE
31  16.9  22.4   13:00  11.3    6:00   2.3   1.0   2.6   0.4   5.8   15:30    SE
-------------------------------------------------------------------------------------
    15.0  30.2    24    -0.5    17   139.4  37.7  42.6   0.3   7.6    26      SE

Max >=  32.0:  0
Max <=   0.0:  0
Min <=   0.0:  1
Min <= -18.0:  0
Max Rain: 12.40 ON 05-05-12
Days of Rain: 12 (> .2 mm) 7 (> 2 mm) 0 (> 20 mm)
Heat Base:  18.3  Cool Base:  18.3  Method: Integration