NOAA-Stijl Klimaat Rapport

Kies een jaar- of maandrapport
2018: jan feb maa apr mei jun jul aug sep okt nov dec
2017: jan feb maa apr mei jun jul aug sep okt nov dec
2016: jan feb maa apr mei jun jul aug sep okt nov dec
2015: jan feb maa apr mei jun jul aug sep okt nov dec
2014: jan feb maa apr mei jun jul aug sep okt nov dec
2013: jan feb maa apr mei jun jul aug sep okt nov dec
2012: jan feb maa apr mei jun jul aug sep okt nov dec
2011: jan feb maa apr mei jun jul aug sep okt nov dec

Rapport voor 2012 juni
                   MONTHLY CLIMATOLOGICAL SUMMARY for JUN. 2012

NAME: Weerstation Schinnen   CITY: Schinnen   STATE: The Netherlands 
ELEV:    75 m  LAT:  50° 56' 32" N  LONG:   5° 53' 16" E

                   TEMPERATURE (°C), RAIN  (mm), WIND SPEED (m/s)

                                      HEAT  COOL        AVG
    MEAN                              DEG   DEG         WIND                 DOM
DAY TEMP  HIGH   TIME   LOW    TIME   DAYS  DAYS  RAIN  SPEED HIGH   TIME    DIR
------------------------------------------------------------------------------------
 1  15.6  20.1   14:30  12.7    3:00   2.8   0.1   0.2   0.3   4.0   17:30    NE
 2  15.0  20.6   17:30   9.2    6:00   3.5   0.2   0.0   0.3   2.7   12:00   NNW
 3  11.2  13.2    0:30   9.4   23:30   7.2   0.0  17.4   0.4   4.9    6:30     N
 4  11.6  16.8   12:00   8.2   00:00   6.7   0.0  11.0   0.3   4.9   11:30   SSE
 5  11.1  17.7   18:00   3.9    4:30   7.2   0.0   0.2   0.2   2.7   20:30    SE
 6  13.7  19.5   16:30   9.6    0:30   4.6   0.1  13.4   0.2   6.3   15:30    SE
 7  17.8  24.3   15:00  12.5    6:30   1.9   1.3   1.4   0.1   3.6   20:30   WNW
 8  16.4  21.4   14:30  11.6    6:30   2.5   0.6   2.0   0.6   7.2   13:30    SE
 9  13.7  18.7   17:30   9.2    5:00   4.6   0.0   0.0   0.6   6.3   10:00    SE
10  15.2  22.8   15:30   6.7    3:30   4.0   0.8   0.2   0.1   3.1   18:00    NW
11  14.7  20.1   14:30  12.3   00:00   3.7   0.1   6.8   0.1   4.5   14:30    SE
12  15.0  19.3   13:30  10.3    3:00   3.4   0.1   2.2   0.1   3.6   19:00    NE
13  12.5  15.5   17:00  10.9    5:30   5.8   0.0   1.6   0.1   2.2    3:00    NW
14  14.5  20.1   18:00   8.1    6:00   4.0   0.2   0.0   0.2   2.2   11:00   NNE
15  15.8  21.2   17:00  12.0    0:30   2.8   0.3  10.2   0.1   4.0   22:30   SSE
16  15.9  19.4   15:00  14.0    2:00   2.4   0.0   8.0   0.3   5.8   15:30   SSE
17  16.4  22.3   17:30  11.2    3:00   2.7   0.8   0.0   0.4   4.5   11:30    SE
18  15.5  21.1   14:00   9.4    3:30   3.1   0.3   6.2   0.3   5.8    8:00    SE
19  15.8  20.3   16:00   8.9    5:30   3.0   0.5   0.0   0.2   2.7   15:00   NNW
20  17.4  22.6   16:30  14.1   00:00   1.8   0.9   0.4   0.1   2.7   15:00   NNW
21  18.2  24.2   18:00  11.0    5:30   2.4   2.2   3.8   0.3   5.4   20:30   NNE
22  15.7  20.9   17:30  10.4   00:00   2.9   0.2   0.2   0.5   7.2   15:30    SE
23  15.7  21.7   16:00   8.8    4:30   3.4   0.7   0.0   0.4   5.4   15:00    SE
24  14.2  17.8   10:30  11.4    2:00   4.1   0.0   8.4   0.5   5.8   19:00    SE
25  15.1  20.9   17:00  10.0   00:00   3.4   0.2   0.2   0.4   4.5   14:30    SE
26  15.9  24.3   17:30   7.3    4:30   3.9   1.4   0.0   0.1   2.2   16:30    SE
27  18.7  24.8   18:30  12.9    0:30   1.3   1.7   0.0   0.2   4.0    8:30    SE
28  23.1  30.6   18:00  15.5    4:30   0.6   5.4   0.0   0.1   4.9   13:00    NW
29  19.6  23.1   12:00  14.1   00:00   0.3   1.6   6.2   0.1   3.1   19:30    SE
30  19.4  27.2   16:30  12.3    3:00   1.8   2.9   0.2   0.2   4.0   15:30    SE
-------------------------------------------------------------------------------------
    15.7  30.6    28     3.9     5   101.5  22.7 100.3   0.3   7.2     8      SE

Max >=  32.0:  0
Max <=   0.0:  0
Min <=   0.0:  0
Min <= -18.0:  0
Max Rain: 17.40 ON 03-06-12
Days of Rain: 21 (> .2 mm) 12 (> 2 mm) 0 (> 20 mm)
Heat Base:  18.3  Cool Base:  18.3  Method: Integration