NOAA-Stijl Klimaat Rapport

Kies een jaar- of maandrapport
2018: jan feb maa apr mei jun jul aug sep okt nov dec
2017: jan feb maa apr mei jun jul aug sep okt nov dec
2016: jan feb maa apr mei jun jul aug sep okt nov dec
2015: jan feb maa apr mei jun jul aug sep okt nov dec
2014: jan feb maa apr mei jun jul aug sep okt nov dec
2013: jan feb maa apr mei jun jul aug sep okt nov dec
2012: jan feb maa apr mei jun jul aug sep okt nov dec
2011: jan feb maa apr mei jun jul aug sep okt nov dec

Rapport voor 2012 juli
                   MONTHLY CLIMATOLOGICAL SUMMARY for JUL. 2012

NAME: Weerstation Schinnen   CITY: Schinnen   STATE: The Netherlands 
ELEV:    75 m  LAT:  50° 56' 32" N  LONG:   5° 53' 16" E

                   TEMPERATURE (°C), RAIN  (mm), WIND SPEED (m/s)

                                      HEAT  COOL        AVG
    MEAN                              DEG   DEG         WIND                 DOM
DAY TEMP  HIGH   TIME   LOW    TIME   DAYS  DAYS  RAIN  SPEED HIGH   TIME    DIR
------------------------------------------------------------------------------------
 1  16.7  22.2   16:00  10.1   00:00   2.3   0.7   0.0   0.3   5.4   15:30    SE
 2  15.5  23.0   16:00   7.3    5:30   3.9   1.1   0.0   0.1   3.1   16:00   WNW
 3  18.6  26.3   15:30  10.0    5:30   2.4   2.7   0.0   0.1   2.2   15:30   SSE
 4  22.3  29.2   16:30  15.3    2:00   0.7   4.7   0.0   0.2   4.0   18:00   WNW
 5  21.1  29.3   15:30  15.5    5:00   0.5   3.3   7.0   0.1   2.2   10:30    NW
 6  19.6  25.2   15:30  13.5   00:00   0.5   1.7   0.0   0.2   4.5   11:00    SE
 7  18.7  25.1   15:00  12.0    5:00   2.0   2.4   0.0   0.1   3.6   13:30    NW
 8  17.3  21.4   15:00  14.1    4:00   1.5   0.5  25.2   0.4   6.7   19:30    SE
 9  17.8  23.3   16:00  13.2   00:00   1.4   0.9   0.0   0.5   5.8    9:00    SE
10  17.4  22.4   13:30  13.1    0:30   1.7   0.8  10.0   0.1   3.6   19:00    SE
11  15.3  20.2   14:30  12.6    4:00   3.1   0.1   6.2   0.4   5.4   12:00    SE
12  15.7  21.4   17:00  11.9    4:00   2.9   0.4   0.2   0.5   5.8   10:30    SE
13  15.6  20.7   15:30  13.2    2:00   3.0   0.2  12.6   0.3   5.4   15:00   SSE
14  14.8  18.9   16:30  12.8    2:30   3.5   0.0  22.8   0.4   6.3   13:30    SE
15  14.1  16.8   16:30  11.8   00:00   4.2   0.0  12.0   0.0   2.7   17:00    SE
16  14.1  17.9   11:30  10.9    1:00   4.2   0.0   4.6   0.4   4.9   00:00    SE
17  16.6  20.2   18:00  14.2    0:30   1.9   0.2   7.0   0.4   6.3    3:00    SE
18  19.4  25.4   17:00  15.6    2:30   0.8   2.0   1.0   0.5   4.9   13:30    SE
19  16.3  20.4   15:00  13.7   00:00   2.1   0.1   5.4   0.5   5.8   11:30    SE
20  15.0  18.7   18:30  12.7   23:30   3.3   0.0   3.0   0.0   1.8    4:00   SSE
21  15.1  19.5   14:30   9.8   00:00   3.3   0.1   0.0   0.2   2.7   13:00    NE
22  15.2  23.0   17:30   6.8    5:00   4.2   1.2   0.0   0.1   2.2   16:00    NW
23  17.9  26.9   16:30   8.4    6:00   3.5   3.1   0.0   0.2   4.9   17:30     N
24  19.2  28.2   16:00   9.2    6:30   2.9   3.8   0.0   0.2   4.5   13:30     N
25  21.4  31.2   16:00  12.2    6:00   1.7   4.8   0.0   0.1   2.7   12:00   SSE
26  21.9  30.3   16:00  13.2    6:30   1.2   4.8   0.0   0.2   3.1   17:30   NNW
27  22.1  30.8   14:30  15.2    7:00   0.5   4.3   2.2   0.0   3.1   16:30    SE
28  19.7  23.7   18:00  16.7   23:30   0.1   1.5  11.4   0.0   3.6   22:30    SE
29  16.6  21.9   16:30  11.8   23:30   2.4   0.7   0.6   0.3   4.5   11:30    SE
30  14.8  20.0   15:00  11.1    6:00   3.6   0.1   6.0   0.2   4.9    0:30    SE
31  15.6  20.7   16:30  10.4    3:00   3.0   0.3   0.0   0.0   2.7   13:30    SE
-------------------------------------------------------------------------------------
    17.5  31.2    25     6.8    22    72.4  46.3 137.2   0.2   6.7     8      SE

Max >=  32.0:  0
Max <=   0.0:  0
Min <=   0.0:  0
Min <= -18.0:  0
Max Rain: 25.20 ON 08-07-12
Days of Rain: 17 (> .2 mm) 14 (> 2 mm) 2 (> 20 mm)
Heat Base:  18.3  Cool Base:  18.3  Method: Integration