NOAA-Stijl Klimaat Rapport

Kies een jaar- of maandrapport
2018: jan feb maa apr mei jun jul aug sep okt nov dec
2017: jan feb maa apr mei jun jul aug sep okt nov dec
2016: jan feb maa apr mei jun jul aug sep okt nov dec
2015: jan feb maa apr mei jun jul aug sep okt nov dec
2014: jan feb maa apr mei jun jul aug sep okt nov dec
2013: jan feb maa apr mei jun jul aug sep okt nov dec
2012: jan feb maa apr mei jun jul aug sep okt nov dec
2011: jan feb maa apr mei jun jul aug sep okt nov dec

Rapport voor 2012 augustus
                   MONTHLY CLIMATOLOGICAL SUMMARY for AUG. 2012

NAME: Weerstation Schinnen   CITY: Schinnen   STATE: The Netherlands 
ELEV:    75 m  LAT:  50° 56' 32" N  LONG:   5° 53' 16" E

                   TEMPERATURE (°C), RAIN  (mm), WIND SPEED (m/s)

                                      HEAT  COOL        AVG
    MEAN                              DEG   DEG         WIND                 DOM
DAY TEMP  HIGH   TIME   LOW    TIME   DAYS  DAYS  RAIN  SPEED HIGH   TIME    DIR
------------------------------------------------------------------------------------
 1  20.1  30.2   16:30   9.8    6:30   2.6   4.4   0.0   0.1   2.7   12:30    NW
 2  19.6  23.2   17:00  13.5   00:00   0.5   1.8   0.8   0.2   3.6   10:00    SE
 3  17.6  25.4   15:00  10.9    5:30   2.7   2.0   0.0   0.2   4.0   15:00    SE
 4  18.8  26.1   16:00  11.9    6:30   1.9   2.3   0.2   0.1   3.6   13:30    SE
 5  18.4  24.3   17:00  12.9    3:00   1.9   1.9  12.4   0.1   3.6   15:00    NW
 6  17.2  21.6   14:00  13.6    6:30   1.5   0.5   0.4   0.3   5.8   12:00    SE
 7  16.3  20.8   16:30  12.7    6:30   2.3   0.2   0.0   0.4   4.9   11:30    SE
 8  15.6  22.1   18:30   8.3    6:30   3.4   0.7   0.0   0.1   2.7   11:00    SE
 9  18.4  24.7   16:30  13.6   00:00   1.4   1.6   0.0   0.2   4.0   14:30    SE
10  15.4  22.7   17:00   7.7    7:00   4.1   1.1   0.2   0.2   3.6   14:30   NNW
11  15.9  24.0   17:00   7.4    7:00   4.0   1.6   0.0   0.4   5.4   14:00   NNE
12  18.9  26.4   17:00  10.8    5:30   2.3   2.9   0.0   0.4   4.9   12:30     N
13  18.7  26.7   15:00  11.3    6:30   2.0   2.4   0.0   0.0   1.3   10:00   SSE
14  20.1  28.7   14:30  13.9    7:00   1.1   2.9   2.6   0.0   2.7   16:30   SSE
15  23.2  32.2   15:30  17.0    0:30   0.3   5.2   0.2   0.2   4.5   13:30     N
16  19.5  26.2   17:00  14.2    7:00   1.1   2.3   0.8   0.1   3.6   12:30    SE
17  20.7  29.6   16:30  13.4    7:00   1.5   3.9   0.0   0.1   2.7   12:30   WNW
18  23.1  34.9   17:00  13.2    6:30   1.3   6.2   0.0   0.1   2.2   13:30   WNW
19  25.2  36.1   16:00  15.9    7:00   0.4   7.3   0.0   0.1   2.7   13:00   ESE
20  22.8  28.3   14:30  17.9   00:00   0.0   4.5   1.0   0.1   2.2   10:00   ESE
21  22.2  30.0   15:00  16.3    7:00   0.4   4.3   0.0   0.0   1.8    9:00   ESE
22  18.4  23.7   14:30  12.3   00:00   1.3   1.4   0.4   0.2   4.0   13:00   ESE
23  15.9  25.1   17:00   8.1    7:00   3.8   1.4   0.0   0.1   3.1   13:30   ESE
24  18.6  25.3   17:30  14.0    7:30   1.5   1.8   6.6   0.0   2.2   21:00     W
25  18.4  23.9   17:00  13.7   23:30   1.3   1.5   1.0   0.4   5.4   10:30   ESE
26  15.3  17.2    2:00  11.6   00:00   3.0   0.0  15.2   0.4   4.9    9:30   ESE
27  15.6  23.9   16:30   8.2    7:00   4.0   1.2   0.2   0.0   2.2   13:00   WNW
28  17.5  23.9   16:00  12.8    2:30   2.2   1.4   0.2   0.2   5.4   16:00   ESE
29  17.9  26.4   16:30  10.6    7:30   2.9   2.5   0.0   0.2   4.5   13:00   ESE
30  16.6  22.8   16:30  12.3    4:30   2.6   0.9   2.0   0.2   4.9   15:30   ESE
31  13.7  15.8   18:00  11.8   00:00   4.6   0.0  13.6   0.4   4.9   11:30   ESE
-------------------------------------------------------------------------------------
    18.6  36.1    19     7.4    11    63.7  72.1  57.8   0.2   5.8     6     ESE

Max >=  32.0:  3
Max <=   0.0:  0
Min <=   0.0:  0
Min <= -18.0:  0
Max Rain: 15.19 ON 26-08-12
Days of Rain: 17 (> .2 mm) 6 (> 2 mm) 0 (> 20 mm)
Heat Base:  18.3  Cool Base:  18.3  Method: Integration