NOAA-Stijl Klimaat Rapport

Kies een jaar- of maandrapport
2018: jan feb maa apr mei jun jul aug sep okt nov dec
2017: jan feb maa apr mei jun jul aug sep okt nov dec
2016: jan feb maa apr mei jun jul aug sep okt nov dec
2015: jan feb maa apr mei jun jul aug sep okt nov dec
2014: jan feb maa apr mei jun jul aug sep okt nov dec
2013: jan feb maa apr mei jun jul aug sep okt nov dec
2012: jan feb maa apr mei jun jul aug sep okt nov dec
2011: jan feb maa apr mei jun jul aug sep okt nov dec

Rapport voor 2012 september
                   MONTHLY CLIMATOLOGICAL SUMMARY for SEP. 2012

NAME: Weerstation Schinnen   CITY: Schinnen   STATE: The Netherlands 
ELEV:    75 m  LAT:  50° 56' 32" N  LONG:   5° 53' 16" E

                   TEMPERATURE (°C), RAIN  (mm), WIND SPEED (m/s)

                                      HEAT  COOL        AVG
    MEAN                              DEG   DEG         WIND                 DOM
DAY TEMP  HIGH   TIME   LOW    TIME   DAYS  DAYS  RAIN  SPEED HIGH   TIME    DIR
------------------------------------------------------------------------------------
 1  12.8  20.4   18:00   6.9    7:30   5.6   0.1   0.0   0.0   2.7   10:30   NNE
 2  13.3  22.3   15:30   6.1    5:00   5.6   0.6   0.0   0.1   2.2   15:30   ESE
 3  15.1  21.7   18:00   9.3    4:30   3.9   0.6   0.0   0.0   1.8   12:00     N
 4  15.8  25.2   17:30   7.9    7:00   4.1   1.7   0.2   0.1   1.8   12:30   WNW
 5  15.9  21.1   15:30  10.7   00:00   2.8   0.5   0.0   0.2   3.6   12:30   ESE
 6  13.0  20.2   18:00   7.9    7:00   5.5   0.2   0.0   0.1   2.2   12:30     N
 7  14.1  24.3   18:00   6.1    5:00   5.4   1.2   0.0   0.1   3.1   10:30   ESE
 8  15.8  26.2   18:00   7.4    7:30   4.4   1.9   0.0   0.0   1.3   12:00   ESE
 9  17.3  28.9   14:30   8.8    6:30   3.9   2.9   0.0   0.0   2.7   15:00   WNW
10  17.6  26.8   16:30  10.9    7:00   2.8   2.1   0.0   0.0   2.2   16:00   ESE
11  15.9  19.9   13:00  10.2   23:30   2.5   0.2  14.2   0.1   4.9   14:00   ESE
12  11.3  15.6   15:00   8.2   23:30   7.0   0.0   2.4   0.1   2.7   13:30   ESE
13  12.7  16.3   18:30   8.9    1:00   5.6   0.0   1.4   0.0   2.7   12:00     W
14  12.3  15.1   17:30   8.7    4:00   6.0   0.0   3.2   0.3   5.4   15:30   ESE
15  13.3  19.1   16:30   8.4   00:00   5.0   0.0   0.0   0.1   2.7   15:30   ESE
16  13.4  22.4   17:30   6.3    6:30   5.6   0.7   0.2   0.1   3.1   12:00   ESE
17  13.1  17.8   18:00   9.5    5:30   5.2   0.0   0.0   0.0   1.8   12:00    SE
18  13.4  18.2   15:30   7.9   23:00   4.9   0.0   0.0   0.2   4.5   12:00   ESE
19  10.6  15.9   14:00   5.8   00:00   7.7   0.0   1.2   0.2   4.9   14:00   ESE
20  10.1  16.8   15:00   4.8    8:00   8.2   0.0   0.4   0.1   3.6   14:00   ESE
21  10.3  18.9   15:00   4.2    5:00   8.0   0.0   0.0   0.0   0.9   13:30    NW
22  10.1  17.1   15:00   5.2    4:00   8.2   0.0   1.2   0.1   3.1   16:30   NNE
23  11.3  16.3   17:00   4.2    6:00   7.0   0.0   0.0   0.6   5.8   16:00   NNW
24  15.4  20.9   15:00  11.4    7:00   3.2   0.3   2.4   0.6  10.3   15:00   WNW
25  13.1  15.6   17:00  11.7    8:00   5.2   0.0   9.2   0.4   6.7    1:00     W
26  12.7  15.7   13:30   9.6   22:00   5.6   0.0   7.2   0.2   4.5   11:30   WNW
27  13.1  16.8   15:30  10.8    0:30   5.2   0.0   4.4   0.3   4.5   11:00   ESE
28  12.1  17.3   16:30   7.8   00:00   6.2   0.0   0.2   0.2   4.9   12:30   ESE
29  11.3  17.4   14:00   4.6   00:00   7.0   0.0   0.4   0.1   4.0   10:30   ESE
30   8.3  17.3   17:00   2.4    7:30  10.0   0.0   0.2   0.1   2.2   12:00   ESE
-------------------------------------------------------------------------------------
    13.2  28.9     9     2.4    30   167.0  13.0  48.4   0.2  10.3    24     ESE

Max >=  32.0:  0
Max <=   0.0:  0
Min <=   0.0:  0
Min <= -18.0:  0
Max Rain: 14.20 ON 11-09-12
Days of Rain: 16 (> .2 mm) 7 (> 2 mm) 0 (> 20 mm)
Heat Base:  18.3  Cool Base:  18.3  Method: Integration