NOAA-Stijl Klimaat Rapport

Kies een jaar- of maandrapport
2018: jan feb maa apr mei jun jul aug sep okt nov dec
2017: jan feb maa apr mei jun jul aug sep okt nov dec
2016: jan feb maa apr mei jun jul aug sep okt nov dec
2015: jan feb maa apr mei jun jul aug sep okt nov dec
2014: jan feb maa apr mei jun jul aug sep okt nov dec
2013: jan feb maa apr mei jun jul aug sep okt nov dec
2012: jan feb maa apr mei jun jul aug sep okt nov dec
2011: jan feb maa apr mei jun jul aug sep okt nov dec

Rapport voor 2012 november
                   MONTHLY CLIMATOLOGICAL SUMMARY for NOV. 2012

NAME: Weerstation Schinnen   CITY: Schinnen   STATE: The Netherlands 
ELEV:    75 m  LAT:  50° 56' 32" N  LONG:   5° 53' 16" E

                   TEMPERATURE (°C), RAIN  (mm), WIND SPEED (m/s)

                                      HEAT  COOL        AVG
    MEAN                              DEG   DEG         WIND                 DOM
DAY TEMP  HIGH   TIME   LOW    TIME   DAYS  DAYS  RAIN  SPEED HIGH   TIME    DIR
------------------------------------------------------------------------------------
 1   5.7  10.8   11:30  -0.2    6:00  12.6   0.0   5.4   0.4   6.3   12:30     W
 2   7.2  11.2   14:00   4.9   21:30  11.1   0.0   1.8   0.8   6.7    5:30   ESE
 3   6.3   9.0   15:00   2.9   00:00  12.0   0.0   3.4   0.2   5.4    0:30   ESE
 4   5.8  10.7   14:00   0.4    6:00  12.5   0.0   3.2   0.3   5.4   23:30   ESE
 5   6.1   9.3   13:30   0.9   22:00  12.2   0.0   6.0   0.3   4.5    0:30   ESE
 6   5.2  10.5   14:30  -0.6    8:00  13.1   0.0   0.8   0.3   5.8   19:30   ESE
 7   9.1  10.3   16:00   7.1    0:30   9.2   0.0   3.6   0.4   4.9    1:00   ESE
 8   9.3  10.2   13:00   8.4   00:00   9.0   0.0   0.0   0.5   4.9    0:30   ESE
 9   8.4  12.2   14:00   4.8   21:00   9.9   0.0   0.0   0.0   2.7    0:30     W
10  10.2  14.1   12:30   7.2   21:30   8.1   0.0   2.8   0.0   3.6   12:30     W
11   7.0  11.6    0:30   2.9   21:00  11.3   0.0   0.0   0.2   5.4    0:30   ESE
12   6.6  10.3   13:30   3.0   19:30  11.8   0.0   0.0   0.1   4.0   11:00   ESE
13   7.8   9.7   15:30   6.0    0:30  10.5   0.0   0.2   0.1   3.1    5:30     W
14   4.9  10.6   14:30  -0.4   23:00  13.4   0.0   0.0   0.3   3.6   14:00   NNW
15   3.9   5.3   15:00  -0.4    0:30  14.4   0.0   0.0   0.0   1.3   15:30     W
16   3.2   6.6   14:30  -1.4   00:00  15.1   0.0   0.0   0.0   1.8   11:00     W
17   4.0   9.7   15:30  -2.4    6:00  14.3   0.0   0.2   0.0   2.2   14:30   ESE
18   7.3   8.8    8:00   2.7   21:00  11.0   0.0   4.0   0.0   2.2    9:00     N
19   6.3  12.6   14:30   2.1    2:00  12.0   0.0   0.0   0.0   2.2   15:00   NNW
20   4.1  12.1   14:30  -0.4   00:00  14.2   0.0   0.2   0.0   2.7   12:30     W
21   4.6   9.9   22:30  -1.2    5:00  13.8   0.0   0.2   0.2   5.8   18:00     W
22   6.6  11.8   13:30   1.3   23:00  11.7   0.0   0.0   0.2   4.5    0:30   ESE
23   6.8  10.1   12:30   1.2    2:30  11.5   0.0   0.6   0.1   3.6    9:30    SE
24   8.7  10.4   14:00   7.1    2:00   9.6   0.0   0.0   0.0   2.7   19:30   NNW
25  10.3  13.8    4:30   6.6   00:00   8.0   0.0   0.0   1.0   9.8    8:30    SE
26   7.1  11.2   14:30   1.3    5:30  11.2   0.0   0.8   0.0   3.6   15:00    SE
27   7.1   9.7   13:30   3.6    9:00  11.2   0.0   0.0   0.0   3.1    5:00     W
28   4.9   6.3   12:30   2.9   18:00  13.4   0.0   0.0   0.2   3.1   14:30    NW
29   4.6   5.9   13:00   3.1   00:00  13.7   0.0   0.0   0.4   4.5   13:00     N
30   1.7   4.4   14:00  -2.7   19:30  16.6   0.0   0.0   0.0   2.2   21:30   ESE
-------------------------------------------------------------------------------------
     6.4  14.1    10    -2.7    30   358.0   0.0  33.2   0.2   9.8    25     ESE

Max >=  32.0:  0
Max <=   0.0:  0
Min <=   0.0:  9
Min <= -18.0:  0
Max Rain: 5.99 ON 05-11-12
Days of Rain: 15 (> .2 mm) 7 (> 2 mm) 0 (> 20 mm)
Heat Base:  18.3  Cool Base:  18.3  Method: Integration