NOAA-Stijl Klimaat Rapport

Kies een jaar- of maandrapport
2018: jan feb maa apr mei jun jul aug sep okt nov dec
2017: jan feb maa apr mei jun jul aug sep okt nov dec
2016: jan feb maa apr mei jun jul aug sep okt nov dec
2015: jan feb maa apr mei jun jul aug sep okt nov dec
2014: jan feb maa apr mei jun jul aug sep okt nov dec
2013: jan feb maa apr mei jun jul aug sep okt nov dec
2012: jan feb maa apr mei jun jul aug sep okt nov dec
2011: jan feb maa apr mei jun jul aug sep okt nov dec

Rapport voor 2012 december
                   MONTHLY CLIMATOLOGICAL SUMMARY for DEC. 2012

NAME: Weerstation Schinnen   CITY: Schinnen   STATE: The Netherlands 
ELEV:    75 m  LAT:  50° 56' 32" N  LONG:   5° 53' 16" E

                   TEMPERATURE (°C), RAIN  (mm), WIND SPEED (m/s)

                                      HEAT  COOL        AVG
    MEAN                              DEG   DEG         WIND                 DOM
DAY TEMP  HIGH   TIME   LOW    TIME   DAYS  DAYS  RAIN  SPEED HIGH   TIME    DIR
------------------------------------------------------------------------------------
 1   2.3   3.7   13:00   0.9   21:00  15.9   0.0   0.0   0.3   5.8   22:00   ESE
 2   2.7   4.6   13:00   0.9    8:00  15.6   0.0   0.0   0.3   4.5    5:00   ESE
 3   2.8   6.2   21:00  -0.7    6:30  15.5   0.0   0.0   0.3   4.9   15:00    SE
 4   4.1   5.9   13:30   2.1    8:00  14.3   0.0   0.0   0.4   7.2   15:00   ESE
 5   2.4   3.7    0:30   0.7   18:30  15.8   0.0   0.0   0.0   3.1   21:00    SE
 6   0.3   2.3   14:30  -1.5    7:00  17.9   0.0   0.0   0.1   3.1    0:30    SE
 7   0.4   1.3    6:00  -0.3    9:00  17.9   0.0   0.0   0.3   5.8    2:30    SE
 8  -2.9   0.1   15:30  -6.4    8:30  21.2   0.0   0.0   0.1   2.7   23:30     N
 9   2.1   5.3   19:30  -2.4    0:30  16.2   0.0   0.0   0.6   5.8    9:30   ESE
10   2.7   4.3   14:30   0.4   00:00  15.6   0.0   0.0   0.4   4.9   15:00   ESE
11  -0.6   1.5   13:00  -4.0   19:00  18.9   0.0   0.0   0.4   3.1    3:30     N
12  -2.0   1.2   13:30  -5.1   21:00  20.3   0.0   0.0   0.2   3.1   10:00   ESE
13  -1.8   1.7   15:00  -5.4    2:30  20.1   0.0   0.0   0.0   1.3   13:00   ESE
14   5.4   9.6   23:30   1.4    2:00  12.9   0.0   5.0   0.3   5.4   19:00    SE
15   8.4  10.1   13:00   5.9    8:30   9.9   0.0   2.6   0.4   5.4   14:30    SE
16   7.3   9.7   13:30   4.4   23:00  11.0   0.0   2.4   0.3   5.4    6:30    SE
17   6.6   8.6   14:00   4.3    0:30  11.7   0.0   4.2   0.1   3.6   13:00   ESE
18   5.2   6.5   16:00   2.9   21:30  13.1   0.0   0.8   0.0   3.1    1:30   ESE
19   4.1   6.6   15:30  -0.6   22:30  14.3   0.0   0.2   0.0   2.2   00:00     N
20   2.8   3.8   12:30   1.7    0:30  15.5   0.0   8.8   0.3   4.0    3:00     N
21   7.2   8.9   14:30   3.7    0:30  11.1   0.0   1.8   0.0   2.7   19:30     W
22   7.3  10.4   00:00   5.9    6:00  11.0   0.0  15.8   0.2   4.9   23:00     W
23  11.4  13.1   13:00   8.4   23:30   6.8   0.0  17.0   0.9   7.6    4:30   ESE
24  10.7  12.6   21:30   8.4    0:30   7.6   0.0   6.4   0.4   7.2   20:30    SE
25   9.6  11.7    3:00   7.9   00:00   8.7   0.0  14.2   0.8   8.0   00:00    SE
26   7.7   8.9   21:30   6.1   10:00  10.6   0.0  14.2   0.8   6.7   23:00    SE
27   7.9  10.1   13:30   6.4   21:00  10.3   0.0  12.2   0.6   7.2    0:30   ESE
28   7.3   9.5   00:00   5.8    8:00  11.0   0.0   1.8   0.3   4.9   15:30    SE
29  10.5  12.2   13:30   9.1    9:00   7.8   0.0   0.6   0.5   5.8   22:30    SE
30   7.2   9.6    1:00   4.7   12:00  11.1   0.0   9.2   0.9   8.0   19:30     W
31   8.9  10.3   14:00   7.2    7:00   9.4   0.0   0.0   1.0   6.7   22:00    SE
-------------------------------------------------------------------------------------
     4.8  13.1    23    -6.4     8   419.0   0.0 117.1   0.4   8.0    25     ESE

Max >=  32.0:  0
Max <=   0.0:  0
Min <=   0.0:  9
Min <= -18.0:  0
Max Rain: 16.99 ON 23-12-12
Days of Rain: 17 (> .2 mm) 12 (> 2 mm) 0 (> 20 mm)
Heat Base:  18.3  Cool Base:  18.3  Method: Integration