NOAA-Stijl Klimaat Rapport

Kies een jaar- of maandrapport
2018: jan feb maa apr mei jun jul aug sep okt nov dec
2017: jan feb maa apr mei jun jul aug sep okt nov dec
2016: jan feb maa apr mei jun jul aug sep okt nov dec
2015: jan feb maa apr mei jun jul aug sep okt nov dec
2014: jan feb maa apr mei jun jul aug sep okt nov dec
2013: jan feb maa apr mei jun jul aug sep okt nov dec
2012: jan feb maa apr mei jun jul aug sep okt nov dec
2011: jan feb maa apr mei jun jul aug sep okt nov dec

Rapport voor 2013 januari
                   MONTHLY CLIMATOLOGICAL SUMMARY for JAN. 2013

NAME: Weerstation Schinnen   CITY: Schinnen   STATE: The Netherlands 
ELEV:    75 m  LAT:  50° 56' 32" N  LONG:   5° 53' 16" E

                   TEMPERATURE (°C), RAIN  (mm), WIND SPEED (m/s)

                                      HEAT  COOL        AVG
    MEAN                              DEG   DEG         WIND                 DOM
DAY TEMP  HIGH   TIME   LOW    TIME   DAYS  DAYS  RAIN  SPEED HIGH   TIME    DIR
------------------------------------------------------------------------------------
 1   6.1   8.9    0:30   2.6   19:30  12.2   0.0   6.4   0.4   6.3    2:00   ESE
 2   5.3   7.2   14:00   3.4    2:00  12.9   0.0   0.2   0.3   4.0   00:00   ESE
 3   8.9  10.4   19:00   6.6    1:00   9.4   0.0   3.6   0.4   5.8    3:00    SE
 4   9.3  10.2    0:30   7.8   00:00   9.0   0.0   1.2   0.2   4.9   12:30   ESE
 5   7.7   8.3   14:00   6.9   23:00  10.7   0.0   1.6   0.0   1.8    1:30    SE
 6   8.2   9.1   15:30   7.0    0:30  10.1   0.0   0.2   0.0   1.8    3:00   ESE
 7   7.8   9.4   14:00   6.6   00:00  10.5   0.0   0.0   0.0   2.2   21:30     W
 8   6.3   7.5   16:00   5.1    5:00  12.0   0.0   0.0   0.2   3.6   16:30     W
 9   5.4   6.1   12:00   4.8   14:30  12.9   0.0   4.2   0.2   4.0    7:00    SE
10   4.4   6.3   14:30   1.7   23:30  13.8   0.0   0.2   0.0   2.7   13:30   ESE
11  -0.4   3.8    2:30  -4.9   00:00  18.7   0.0   1.6   0.2   3.6    4:30     N
12  -1.2   1.8   14:00  -5.0    0:30  19.5   0.0   0.0   0.4   5.4   16:00     N
13  -1.3   0.3   14:30  -3.4   20:30  19.6   0.0   0.0   0.6   4.9   13:00     N
14  -2.6  -1.2   12:30  -6.2   20:30  20.8   0.0   0.0   0.1   3.1   16:00     N
15  -1.2   0.1   14:30  -3.1   23:00  19.5   0.0   0.0   0.2   3.6    2:00     N
16  -3.8  -3.1    0:30  -5.3    9:00  22.2   0.0   0.0   0.0   2.2    1:00     N
17  -3.8  -3.1    1:30  -4.7    8:30  22.1   0.0   0.0   0.3   2.2    5:00     N
18  -2.1  -0.7   14:00  -3.8    0:30  20.4   0.0   0.0   0.4   5.4   00:00     N
19  -2.2  -1.2    0:30  -3.4   00:00  20.5   0.0   0.0   0.9   6.7    7:30     N
20  -3.1  -0.6   00:00  -5.1    9:00  21.4   0.0   0.0   0.9   6.3    3:30   NNW
21  -0.1   1.7   13:30  -1.3    5:30  18.4   0.0   0.2   0.1   1.8    1:00     N
22  -1.2   1.7   14:30  -4.8   22:00  19.4   0.0   0.0   0.0   1.3    7:00     N
23  -2.8   0.1   14:00  -7.2   22:30  21.1   0.0   0.0   0.1   2.2    9:30     N
24  -3.7  -2.3   15:00  -5.9    0:30  22.0   0.0   0.0   0.2   3.1   12:00    NW
25  -2.3  -0.5   13:00  -7.0   00:00  20.6   0.0   0.0   0.0   2.2   13:30     N
26  -3.3   1.8   14:00  -9.3    5:30  21.6   0.0   0.0   0.2   3.6   14:00     W
27   3.4   6.0   11:30  -0.1    0:30  14.9   0.0   8.6   0.7   7.6   12:30    SE
28   4.0   6.7   14:00   1.1    8:00  14.3   0.0   1.0   0.4   8.5   23:30   ESE
29   9.7  12.1   23:00   6.3    0:30   8.6   0.0  12.6   1.0   7.2   22:30    SE
30  11.3  13.4    6:30   7.7   23:30   7.0   0.0   4.8   1.1   8.0   11:30    SE
31   7.7   9.1   17:30   6.5   13:30  10.6   0.0   3.8   1.0  12.1   13:30    SE
-------------------------------------------------------------------------------------
     2.3  13.4    30    -9.3    26   496.7   0.0  50.2   0.3  12.1    31       N

Max >=  32.0:  0
Max <=   0.0:  8
Min <=   0.0: 17
Min <= -18.0:  0
Max Rain: 12.60 ON 29-01-13
Days of Rain: 15 (> .2 mm) 7 (> 2 mm) 0 (> 20 mm)
Heat Base:  18.3  Cool Base:  18.3  Method: Integration