NOAA-Stijl Klimaat Rapport

Kies een jaar- of maandrapport
2018: jan feb maa apr mei jun jul aug sep okt nov dec
2017: jan feb maa apr mei jun jul aug sep okt nov dec
2016: jan feb maa apr mei jun jul aug sep okt nov dec
2015: jan feb maa apr mei jun jul aug sep okt nov dec
2014: jan feb maa apr mei jun jul aug sep okt nov dec
2013: jan feb maa apr mei jun jul aug sep okt nov dec
2012: jan feb maa apr mei jun jul aug sep okt nov dec
2011: jan feb maa apr mei jun jul aug sep okt nov dec

Rapport voor 2013 februari
                   MONTHLY CLIMATOLOGICAL SUMMARY for FEB. 2013

NAME: Weerstation Schinnen   CITY: Schinnen   STATE: The Netherlands 
ELEV:    75 m  LAT:  50° 56' 32" N  LONG:   5° 53' 16" E

                   TEMPERATURE (°C), RAIN  (mm), WIND SPEED (m/s)

                                      HEAT  COOL        AVG
    MEAN                              DEG   DEG         WIND                 DOM
DAY TEMP  HIGH   TIME   LOW    TIME   DAYS  DAYS  RAIN  SPEED HIGH   TIME    DIR
------------------------------------------------------------------------------------
 1   6.3   7.8    1:30   3.7   00:00  12.0   0.0   9.6   0.4   5.8    6:30   ESE
 2   3.6   5.6   15:00   1.7   20:00  14.7   0.0   1.4   0.5   7.2   10:30    NW
 3   3.8   5.3   00:00   2.7    8:00  14.5   0.0   1.0   0.6   7.2   18:30     W
 4   6.9   9.2   13:00   4.7   19:30  11.4   0.0   4.4   0.5   4.9    0:30   ESE
 5   3.7   7.0   14:00   0.3   21:30  14.6   0.0   2.6   0.7   7.2    7:00   ESE
 6   1.3   3.4   16:00  -1.8   19:00  17.0   0.0   5.4   0.4   5.4   12:30    NW
 7   1.8   4.5   14:00  -0.1    4:00  16.5   0.0   3.8   0.1   3.6   11:30   ESE
 8   1.3   3.8   15:00  -0.6   22:30  17.0   0.0   1.6   0.3   3.1   12:00     N
 9  -0.4   2.6   14:30  -2.3   21:00  18.7   0.0   0.0   0.0   1.8   14:30     N
10  -0.3   3.1   14:30  -2.2    2:00  18.6   0.0   0.0   0.3   4.5   11:00   ESE
11  -0.5   0.9   15:00  -2.5    2:30  18.8   0.0   0.0   0.7   5.4   10:00     N
12  -1.1   0.4   14:00  -3.7    8:00  19.4   0.0   0.0   0.4   3.6   10:30     N
13  -1.4   3.3   14:30  -6.1   00:00  19.7   0.0   0.0   0.1   3.1   16:00     N
14  -1.7   1.7   13:30  -6.4    3:00  20.0   0.0   0.4   0.1   3.1   10:00   ESE
15   2.7   4.6   14:30   0.6    0:30  15.6   0.0   4.8   0.0   2.7   12:00   WSW
16   4.2   8.1   15:00   2.3   00:00  14.1   0.0   6.0   0.0   2.2   14:00     W
17   2.6   7.4   16:00  -2.9   00:00  15.7   0.0   0.0   0.2   3.1   12:00     N
18  -0.5   5.7   14:30  -5.2    8:00  18.8   0.0   0.0   0.2   3.1   13:30     N
19   1.3   5.2   15:00  -3.3    5:00  17.0   0.0   0.8   0.0   4.9   00:00     N
20   0.3   3.5   14:00  -1.6   00:00  18.0   0.0   0.0   0.8   6.7   11:00     N
21  -1.1   1.5   15:00  -3.4    4:00  19.4   0.0   0.0   0.8   7.2   10:00     N
22  -1.8  -0.4   12:00  -3.8   00:00  20.2   0.0   0.0   1.2   6.7   10:00   NNW
23  -2.5  -1.2   16:00  -4.2    7:00  20.8   0.0   0.0   0.6   4.9   11:00    NW
24  -0.3   0.9   15:00  -1.9    0:30  18.6   0.0   0.4   0.4   3.6   14:00    NW
25   0.9   1.4   23:30   0.4    0:30  17.4   0.0   9.8   0.4   3.1    4:30    NW
26   2.7   5.6   14:30   0.6    8:00  15.6   0.0   8.8   0.4   4.0   12:30     N
27   1.1   2.6    0:30   0.5    7:30  17.2   0.0   0.0   0.5   3.6    5:00     N
28   2.3   4.8   16:30   0.4    7:30  16.0   0.0   0.0   0.2   2.2   13:00     N
-------------------------------------------------------------------------------------
     1.3   9.2     4    -6.4    14   477.2   0.0  60.8   0.4   7.2     2       N

Max >=  32.0:  0
Max <=   0.0:  2
Min <=   0.0: 17
Min <= -18.0:  0
Max Rain: 9.80 ON 25-02-13
Days of Rain: 15 (> .2 mm) 9 (> 2 mm) 0 (> 20 mm)
Heat Base:  18.3  Cool Base:  18.3  Method: Integration