NOAA-Stijl Klimaat Rapport

Kies een jaar- of maandrapport
2018: jan feb maa apr mei jun jul aug sep okt nov dec
2017: jan feb maa apr mei jun jul aug sep okt nov dec
2016: jan feb maa apr mei jun jul aug sep okt nov dec
2015: jan feb maa apr mei jun jul aug sep okt nov dec
2014: jan feb maa apr mei jun jul aug sep okt nov dec
2013: jan feb maa apr mei jun jul aug sep okt nov dec
2012: jan feb maa apr mei jun jul aug sep okt nov dec
2011: jan feb maa apr mei jun jul aug sep okt nov dec

Rapport voor 2013 maart
                   MONTHLY CLIMATOLOGICAL SUMMARY for MAR. 2013

NAME: Weerstation Schinnen   CITY: Schinnen   STATE: The Netherlands 
ELEV:    75 m  LAT:  50° 56' 32" N  LONG:   5° 53' 16" E

                   TEMPERATURE (°C), RAIN  (mm), WIND SPEED (m/s)

                                      HEAT  COOL        AVG
    MEAN                              DEG   DEG         WIND                 DOM
DAY TEMP  HIGH   TIME   LOW    TIME   DAYS  DAYS  RAIN  SPEED HIGH   TIME    DIR
------------------------------------------------------------------------------------
 1   2.6   4.5   15:00   1.2    3:00  15.7   0.0   0.0   0.2   3.1   17:30    NW
 2   2.4   4.1   15:30   1.3    8:00  15.9   0.0   0.0   0.1   1.8   10:30     N
 3   3.1   6.3   15:30   0.5    6:00  15.2   0.0   0.0   0.2   3.6   21:00     N
 4   4.1  12.6   16:30  -1.7   00:00  14.3   0.0   0.0   0.4   4.9   13:00     N
 5   5.2  17.9   16:00  -3.3    7:30  13.1   0.0   0.0   0.2   4.9   14:30     N
 6   8.4  18.9   15:30   1.3    6:30   9.9   0.0   0.0   0.3   3.6   14:00     N
 7   9.8  15.6   15:00   3.9    0:30   8.5   0.0   1.8   0.0   2.2   17:30     N
 8  11.4  16.7   13:30   7.4    8:00   6.9   0.0   1.4   0.2   4.0   13:30     N
 9   9.0  10.6   16:30   6.9   00:00   9.3   0.0   8.4   0.4   4.9    9:00     W
10   2.2   6.9    0:30  -0.5   00:00  16.1   0.0   1.4   0.6   4.0   21:30    NW
11  -1.8  -0.5    0:30  -2.9   19:00  20.1   0.0   0.0   1.4   6.3   12:00     N
12  -3.1  -1.9   18:00  -4.5   00:00  21.4   0.0   0.0   1.3   6.3    1:00   NNE
13  -5.1   2.7   13:30 -14.7    7:00  23.4   0.0   2.6   0.0   2.2   14:30    SE
14  -2.7   3.8   14:00  -8.3    3:30  21.0   0.0   1.0   0.3   4.0   16:00    NW
15  -1.2   4.7   15:30  -9.4    4:30  19.5   0.0   0.2   0.2   4.9   22:00     W
16   4.9   7.5   13:00   1.6    7:30  13.4   0.0   0.0   0.4   4.9   11:00    SE
17   6.3  11.8   13:30   2.6   00:00  12.0   0.0   0.4   0.2   4.5   15:00   ESE
18   5.8  13.1   17:00  -0.7   00:00  12.5   0.0   0.0   0.2   4.5    3:30    SE
19   3.1   8.7   17:30  -1.8    4:00  15.2   0.0   2.4   0.1   4.0   11:00     W
20   1.7   4.1   11:30   0.2    1:30  16.6   0.0   0.0   0.3   3.1   16:00     N
21   0.9   4.3   15:00  -3.8   00:00  17.4   0.0   0.0   0.1   2.2    9:30     N
22   1.6   6.8   16:00  -3.9    0:30  16.7   0.0   0.0   0.9   8.0   13:00   NNW
23   1.4   3.3   14:00   0.3    3:30  16.9   0.0   0.0   1.3   8.5   21:30   NNW
24   0.7   3.7   15:30  -2.9    8:00  17.6   0.0   0.0   1.5   7.6    8:30   NNW
25   1.1   5.2   15:30  -1.7    7:30  17.2   0.0   0.0   1.6   7.6   10:00   NNW
26   0.9   6.2   16:00  -2.8    6:30  17.4   0.0   0.0   1.1   6.7   11:00     N
27   1.4   6.9   17:00  -3.6    7:00  16.9   0.0   0.0   0.6   7.6   12:00     N
28   1.9   6.1   15:00  -3.5    4:00  16.3   0.0   0.0   0.3   4.0   15:30     N
29  -0.1   1.9   17:00  -1.6   20:00  18.4   0.0   0.0   0.1   2.2    0:30     N
30   0.6   5.3   15:30  -3.6    3:30  17.8   0.0   0.0   0.4   3.6   10:30   WNW
31   1.0   5.2   14:00  -3.8    0:30  16.6   0.0   0.2   0.4   3.6   12:30     N
-------------------------------------------------------------------------------------
     2.5  18.9     6   -14.7    13   488.9   0.0  19.8   0.5   8.5    23       N

Max >=  32.0:  0
Max <=   0.0:  2
Min <=   0.0: 20
Min <= -18.0:  0
Max Rain: 8.41 ON 09-03-13
Days of Rain: 10 (> .2 mm) 3 (> 2 mm) 0 (> 20 mm)
Heat Base:  18.3  Cool Base:  18.3  Method: Integration