NOAA-Stijl Klimaat Rapport

Kies een jaar- of maandrapport
2018: jan feb maa apr mei jun jul aug sep okt nov dec
2017: jan feb maa apr mei jun jul aug sep okt nov dec
2016: jan feb maa apr mei jun jul aug sep okt nov dec
2015: jan feb maa apr mei jun jul aug sep okt nov dec
2014: jan feb maa apr mei jun jul aug sep okt nov dec
2013: jan feb maa apr mei jun jul aug sep okt nov dec
2012: jan feb maa apr mei jun jul aug sep okt nov dec
2011: jan feb maa apr mei jun jul aug sep okt nov dec

Rapport voor 2013 april
                   MONTHLY CLIMATOLOGICAL SUMMARY for APR. 2013

NAME: Weerstation Schinnen   CITY: Schinnen   STATE: The Netherlands 
ELEV:    75 m  LAT:  50° 56' 32" N  LONG:   5° 53' 16" E

                   TEMPERATURE (°C), RAIN  (mm), WIND SPEED (m/s)

                                      HEAT  COOL        AVG
    MEAN                              DEG   DEG         WIND                 DOM
DAY TEMP  HIGH   TIME   LOW    TIME   DAYS  DAYS  RAIN  SPEED HIGH   TIME    DIR
------------------------------------------------------------------------------------
 1   2.1   8.3   17:00  -4.7    7:30  16.2   0.0   0.0   0.7   8.0   14:00     N
 2   2.7   8.6   17:30  -4.5    7:30  15.7   0.0   0.0   0.8   6.3   10:30     N
 3   2.4   6.5   14:00  -2.1    5:30  15.9   0.0   0.0   0.8   7.2   12:30   NNW
 4   3.6   8.3   17:00  -1.7    6:00  14.7   0.0   0.0   0.9   5.8   11:30   NNW
 5   2.5   4.1   17:00  -1.9    7:00  15.8   0.0   0.0   0.6   4.9   13:00     N
 6   3.6   7.8   18:30   1.0   00:00  14.7   0.0   0.0   0.3   3.6   11:30    NW
 7   4.4  11.8   17:30  -3.3    7:30  13.8   0.0   0.0   0.3   3.6   11:30    NW
 8   4.3  10.9   15:00  -2.2    5:30  14.0   0.0   0.0   0.4   7.2   15:00   NNW
 9   5.4  11.0   19:00  -2.1    4:30  12.9   0.0   0.0   0.0   3.1   15:00    SE
10   7.4  10.1   15:30   4.1    1:00  10.9   0.0   0.0   0.1   3.6   17:00    SE
11  11.2  15.1   15:00   6.1    0:30   7.1   0.0   0.0   0.4   7.2   14:00     W
12  10.6  15.5   16:00   7.8    7:30   7.7   0.0   0.0   0.5   6.7   22:30    SE
13  11.4  16.6   16:30   7.4    8:00   6.9   0.0   0.0   0.6   7.2   15:00   ESE
14  16.6  25.7   18:00  10.4   00:00   3.2   1.5   0.0   0.3   3.6    4:30   ESE
15  13.4  21.4   11:30   7.6    4:00   5.2   0.2   0.0   0.1   4.5   13:00   NNE
16  13.9  20.8   16:00   5.9    5:00   4.7   0.4   0.0   0.4   6.3   13:30   ESE
17  17.6  25.0   17:00  11.9   00:00   2.4   1.6   0.0   0.2   4.9   12:30   ESE
18  15.1  18.3   15:30   6.3   00:00   3.2   0.0   0.0   0.7   8.0   15:00   ESE
19  10.0  15.4   15:00   5.5    7:30   8.3   0.0   0.0   0.4   4.5    1:00   ESE
20   8.3  13.2   16:30   3.0    7:30  10.0   0.0   0.0   0.9   5.4   14:30    NW
21   8.8  14.2   17:00   1.4    7:30   9.5   0.0   0.2   0.0   2.2    9:30     N
22  10.2  17.7   17:30   0.2    7:00   8.1   0.0   0.0   0.2   4.0   19:30   ESE
23  11.7  16.5   18:30   7.3   00:00   6.7   0.0   0.0   0.3   4.9   14:00   ESE
24  13.7  24.3   17:30   2.7    7:00   6.0   1.4   0.0   0.3   4.9   18:00   ESE
25  16.7  27.2   18:00   7.1    6:30   4.2   2.6   0.0   0.1   4.0   14:00   ESE
26  10.5  18.0   11:30   6.4   00:00   7.8   0.0   6.4   0.4   4.9   14:00   NNE
27   7.9  11.1   15:00   5.3    6:30  10.4   0.0   0.0   0.7   4.9   15:00   NNE
28   7.6  13.4   15:30   1.8    4:30  10.7   0.0   0.0   0.2   3.6   10:00     N
29   9.1  15.5   15:00   3.5    7:30   9.2   0.0   0.0   0.4   5.8   10:00   ESE
30   9.3  16.7   16:30  -0.1    6:30   9.0   0.0   0.0   0.4   4.9   17:30     N
-------------------------------------------------------------------------------------
     9.1  27.2    25    -4.7     1   284.9   7.7   6.6   0.4   8.0     1     ESE

Max >=  32.0:  0
Max <=   0.0:  0
Min <=   0.0:  9
Min <= -18.0:  0
Max Rain: 6.40 ON 26-04-13
Days of Rain: 2 (> .2 mm) 1 (> 2 mm) 0 (> 20 mm)
Heat Base:  18.3  Cool Base:  18.3  Method: Integration