NOAA-Stijl Klimaat Rapport

Kies een jaar- of maandrapport
2018: jan feb maa apr mei jun jul aug sep okt nov dec
2017: jan feb maa apr mei jun jul aug sep okt nov dec
2016: jan feb maa apr mei jun jul aug sep okt nov dec
2015: jan feb maa apr mei jun jul aug sep okt nov dec
2014: jan feb maa apr mei jun jul aug sep okt nov dec
2013: jan feb maa apr mei jun jul aug sep okt nov dec
2012: jan feb maa apr mei jun jul aug sep okt nov dec
2011: jan feb maa apr mei jun jul aug sep okt nov dec

Rapport voor 2013 mei
                   MONTHLY CLIMATOLOGICAL SUMMARY for MAY. 2013

NAME: Weerstation Schinnen   CITY: Schinnen   STATE: The Netherlands 
ELEV:    75 m  LAT:  50° 56' 32" N  LONG:   5° 53' 16" E

                   TEMPERATURE (°C), RAIN  (mm), WIND SPEED (m/s)

                                      HEAT  COOL        AVG
    MEAN                              DEG   DEG         WIND                 DOM
DAY TEMP  HIGH   TIME   LOW    TIME   DAYS  DAYS  RAIN  SPEED HIGH   TIME    DIR
------------------------------------------------------------------------------------
 1  13.4  19.3   16:00   7.7    7:00   4.9   0.0   0.0   0.7   6.3   16:00   NNW
 2  15.2  20.9   17:00   9.4    2:00   3.6   0.4   0.2   0.4   3.6   14:00     N
 3  14.7  20.7   15:00   8.8   00:00   4.0   0.4   0.0   0.4   3.6   12:00     N
 4  12.9  21.4   15:30   5.1    5:00   5.8   0.5   0.0   0.3   5.4   20:00   ESE
 5  12.8  22.3   18:00   3.3    7:00   6.2   0.7   0.0   0.2   3.6   12:00   ESE
 6  15.7  26.4   16:00   3.9    7:00   4.8   2.2   0.0   0.2   3.6   15:00    NW
 7  15.4  23.3   13:30  10.1    6:30   3.7   0.8  12.8   0.2   4.9   16:00     N
 8  15.1  22.2   13:00   7.9    6:00   3.7   0.5   2.4   0.2   4.5   11:30     W
 9  14.4  19.6   15:00  10.3   23:00   4.0   0.0   3.6   0.2   4.5   17:00   ESE
10  11.7  16.9   16:00   6.7    2:30   6.6   0.0   0.4   0.4   6.7   13:30   ESE
11  10.9  16.4   12:00   5.2    5:00   7.3   0.0   7.0   0.4   6.3   18:00   ESE
12   9.4  12.8   15:00   7.4    6:30   8.9   0.0   5.8   0.4   4.9   12:00   ESE
13  11.7  16.7   17:30   8.2    2:00   6.6   0.0   3.8   0.5   5.8   14:30   ESE
14  11.3  15.6   14:30   8.6    6:00   7.0   0.0   0.6   0.3   4.0   10:00   ESE
15  12.4  18.3   17:00   7.5    2:30   5.9   0.0   0.8   0.2   4.5   12:30   WNW
16   9.8  12.2   16:30   6.8    3:00   8.5   0.0  11.0   0.0   2.7   14:00     N
17   9.5  10.7   17:00   8.5    4:00   8.8   0.0  15.0   0.0   2.2   11:00   ESE
18  11.4  17.5   17:30   8.3    5:00   6.9   0.0   0.0   0.1   3.6   19:00   ESE
19  13.5  21.1   16:30   4.9    6:00   5.3   0.5   0.0   0.4   4.0   16:00    NW
20  11.6  15.9   17:00   6.7   00:00   6.7   0.0   2.4   0.0   2.2   14:00   ESE
21  11.2  17.8   13:30   4.8    3:00   7.2   0.0   4.6   0.1   3.1   16:30   ESE
22   9.5  11.8   18:30   7.4    8:00   8.8   0.0   2.6   0.4   5.4   14:00   NNE
23   6.6   9.9   18:00   2.7   00:00  11.7   0.0  22.2   0.2   5.4   16:00   ESE
24   7.5  14.6   17:00   1.0    3:00  10.8   0.0   0.4   0.2   4.5   16:30   ESE
25   8.8  16.8   14:00   0.3    5:30   9.5   0.0   0.0   0.4   4.9   17:30   NNE
26   9.1  11.6   13:30   7.3    2:00   9.2   0.0   5.2   0.1   3.6   12:00   ESE
27  13.5  22.0   17:00   7.3    6:30   5.4   0.6   0.0   0.1   3.6   13:30   ESE
28  14.1  23.6   18:00   4.2    6:30   5.5   1.3   5.6   0.3   4.9   16:30    NW
29  10.2  11.7    0:30   8.9    7:00   8.1   0.0  14.2   0.1   3.6   10:00   ESE
30  11.7  15.8   16:30   8.2    5:30   6.7   0.0   2.4   0.0   2.7    7:30   WNW
31  15.3  23.2   15:30   8.3    1:00   3.9   0.8   0.0   0.6   7.6   16:30   NNE
-------------------------------------------------------------------------------------
    11.9  26.4     6     0.3    25   205.9   8.8 123.0   0.3   7.6    31     ESE

Max >=  32.0:  0
Max <=   0.0:  0
Min <=   0.0:  0
Min <= -18.0:  0
Max Rain: 22.20 ON 23-05-13
Days of Rain: 21 (> .2 mm) 16 (> 2 mm) 1 (> 20 mm)
Heat Base:  18.3  Cool Base:  18.3  Method: Integration