NOAA-Stijl Klimaat Rapport

Kies een jaar- of maandrapport
2018: jan feb maa apr mei jun jul aug sep okt nov dec
2017: jan feb maa apr mei jun jul aug sep okt nov dec
2016: jan feb maa apr mei jun jul aug sep okt nov dec
2015: jan feb maa apr mei jun jul aug sep okt nov dec
2014: jan feb maa apr mei jun jul aug sep okt nov dec
2013: jan feb maa apr mei jun jul aug sep okt nov dec
2012: jan feb maa apr mei jun jul aug sep okt nov dec
2011: jan feb maa apr mei jun jul aug sep okt nov dec

Rapport voor 2013 juni
                   MONTHLY CLIMATOLOGICAL SUMMARY for JUN. 2013

NAME: Weerstation Schinnen   CITY: Schinnen   STATE: The Netherlands 
ELEV:    75 m  LAT:  50° 56' 32" N  LONG:   5° 53' 16" E

                   TEMPERATURE (°C), RAIN  (mm), WIND SPEED (m/s)

                                      HEAT  COOL        AVG
    MEAN                              DEG   DEG         WIND                 DOM
DAY TEMP  HIGH   TIME   LOW    TIME   DAYS  DAYS  RAIN  SPEED HIGH   TIME    DIR
------------------------------------------------------------------------------------
 1  12.6  17.1   18:30  10.1   00:00   5.7   0.0   0.0   0.4   4.5   19:00   NNE
 2  12.8  19.6   17:00   5.7    6:00   5.5   0.1   0.0   0.5   5.8   16:00   NNE
 3  11.1  17.3   17:30   3.6    6:00   7.3   0.0   0.0   0.4   4.9   18:30    NW
 4  12.9  20.7   17:30   5.1    5:00   5.8   0.4   0.0   0.3   3.6   11:30    NW
 5  15.9  24.9   17:00   5.6    5:30   4.5   2.0   0.0   0.3   3.6   15:00    NW
 6  18.6  27.4   15:30   8.8    6:00   3.1   3.4   0.0   0.3   3.6   13:00    NW
 7  18.9  27.7   17:30   9.2    6:30   2.9   3.5   0.0   0.3   4.0   14:30    NW
 8  18.6  25.3   16:00  11.8    4:00   2.0   2.3   0.0   0.5   4.0   14:30    NW
 9  15.2  19.1   17:30  11.0    5:30   3.2   0.0   0.0   0.4   3.6   10:00    NW
10  14.4  19.9   17:30   9.6    6:30   4.0   0.1   0.0   0.2   3.1    3:30   NNE
11  16.1  24.2   17:30   6.1    5:30   3.7   1.4   0.0   0.0   2.2   14:30   ESE
12  18.7  23.2   18:00  12.8    5:30   1.2   1.6   0.0   0.3   5.4   13:00   WNW
13  17.7  24.9   14:00  11.7   23:30   1.8   1.2   8.4   0.4   4.5   10:30   ESE
14  14.3  20.3   16:30   9.4    6:00   4.2   0.2   0.0   0.2   4.0   10:00   ESE
15  14.4  21.3   17:30   6.5    5:00   4.3   0.4   1.2   0.4   6.3   19:30   ESE
16  16.1  23.8   15:00   9.4    1:30   3.0   0.9   0.0   0.1   4.0   13:00   ESE
17  18.3  24.2   13:30   9.6    6:00   2.3   2.2   2.6   0.4   4.5   14:00    NW
18  24.2  32.6   16:30  15.5    6:00   0.4   6.3   0.2   0.2   3.6   14:30    NW
19  23.4  32.2   14:30  17.1    4:30   0.1   5.3   2.8   0.3   4.9   13:00    NW
20  20.6  25.9   18:30  16.9   00:00   0.0   2.4  20.6   0.1   4.0   11:00   ESE
21  16.7  21.1   16:00  13.5   23:30   1.7   0.1   8.2   0.4   5.8   16:00   ESE
22  17.1  21.8   14:00  13.7    0:30   1.8   0.6   4.8   0.4   5.8   15:00   WNW
23  14.4  18.2   17:30  12.3    2:30   3.8   0.0   6.0   0.5   4.9   18:30   ESE
24  13.7  16.1   17:00  11.8   00:00   4.6   0.0   6.0   0.2   5.4    0:30   ESE
25  14.1  19.7   16:00   9.9   00:00   4.2   0.1   0.0   0.2   3.6   14:00   NNE
26  12.2  17.8   14:30   4.9    5:00   6.1   0.0   0.0   0.0   2.7   14:30     N
27  13.1  17.6   15:30   8.4   00:00   5.2   0.0   8.6   0.1   2.2   14:00   ESE
28  13.2  17.6   16:30   8.2    1:00   5.1   0.0   6.2   0.1   4.0   16:00   ESE
29  15.3  20.3   17:00  10.8   00:00   3.1   0.1   8.8   0.2   3.6   14:00   NNE
30  14.8  22.9   17:00   5.6    6:00   4.5   1.1   0.0   0.1   3.1   12:00   ESE
-------------------------------------------------------------------------------------
    16.0  32.6    18     3.6     3   105.1  35.6  84.4   0.3   6.3    15     ESE

Max >=  32.0:  2
Max <=   0.0:  0
Min <=   0.0:  0
Min <= -18.0:  0
Max Rain: 20.60 ON 20-06-13
Days of Rain: 13 (> .2 mm) 11 (> 2 mm) 1 (> 20 mm)
Heat Base:  18.3  Cool Base:  18.3  Method: Integration