NOAA-Stijl Klimaat Rapport

Kies een jaar- of maandrapport
2018: jan feb maa apr mei jun jul aug sep okt nov dec
2017: jan feb maa apr mei jun jul aug sep okt nov dec
2016: jan feb maa apr mei jun jul aug sep okt nov dec
2015: jan feb maa apr mei jun jul aug sep okt nov dec
2014: jan feb maa apr mei jun jul aug sep okt nov dec
2013: jan feb maa apr mei jun jul aug sep okt nov dec
2012: jan feb maa apr mei jun jul aug sep okt nov dec
2011: jan feb maa apr mei jun jul aug sep okt nov dec

Rapport voor 2013 juli
                   MONTHLY CLIMATOLOGICAL SUMMARY for JUL. 2013

NAME: Weerstation Schinnen   CITY: Schinnen   STATE: The Netherlands 
ELEV:    75 m  LAT:  50° 56' 32" N  LONG:   5° 53' 16" E

                   TEMPERATURE (°C), RAIN  (mm), WIND SPEED (m/s)

                                      HEAT  COOL        AVG
    MEAN                              DEG   DEG         WIND                 DOM
DAY TEMP  HIGH   TIME   LOW    TIME   DAYS  DAYS  RAIN  SPEED HIGH   TIME    DIR
------------------------------------------------------------------------------------
 1  17.3  23.6   16:00  12.5    4:00   2.3   1.3   0.0   0.2   3.1   13:00   ESE
 2  17.5  26.1   17:30   8.6    6:00   2.9   2.1   0.0   0.1   3.6   12:00   ESE
 3  17.0  19.2   19:00  13.9   00:00   1.3   0.1  17.0   0.0   2.7   13:30    SE
 4  17.9  23.8   16:30  13.3    3:30   1.7   1.3   0.0   0.2   3.6   15:00   ESE
 5  18.9  24.6   15:30  13.3    6:00   1.1   1.7   0.0   0.1   3.1   18:00   ESE
 6  19.9  27.8   17:30  11.7    6:00   1.9   3.6   0.0   0.3   3.1   13:30    NW
 7  20.4  28.3   17:00  11.9    6:00   1.8   3.9   0.0   0.3   3.6   13:30    NW
 8  20.9  28.7   16:30  11.9    6:30   1.8   4.3   0.0   0.4   4.5   15:30    NW
 9  20.4  28.1   16:30  13.1    6:30   1.3   3.5   0.0   0.3   3.6   18:30    NW
10  18.2  24.7   14:00  12.8    7:00   1.9   1.9   0.0   0.4   4.0   13:00    NW
11  15.7  20.3   17:30  10.8   00:00   2.7   0.1   0.0   0.2   3.1   12:00    NW
12  14.8  21.1   16:00   7.3    6:00   3.9   0.4   0.0   0.2   2.7   12:00    NW
13  17.6  23.6   15:00  12.4    5:30   2.1   1.4   0.0   0.2   2.7   13:30     N
14  17.6  24.6   14:00   9.5    5:30   2.8   2.1   0.0   0.2   2.7   12:30   NNE
15  19.9  28.3   15:30  12.4    4:00   1.9   3.5   0.0   0.0   1.8   14:30     N
16  19.9  28.8   16:30  10.2    6:00   2.4   4.1   0.0   0.1   2.2   12:30     N
17  20.7  27.6   14:00  11.8    6:30   1.6   3.9   0.0   0.2   2.7   12:00   WNW
18  22.7  30.4   17:00  13.8    6:30   0.9   5.2   0.0   0.3   4.0   16:00    NW
19  21.8  29.0   17:30  13.4    6:30   0.8   4.4   0.0   0.4   4.5   11:30    NW
20  18.7  23.6   18:00  12.9    7:00   1.3   1.7   0.0   0.2   3.6   19:00   WNW
21  22.3  32.7   17:30  12.1    5:00   1.7   5.8   0.0   0.2   3.1   14:30    NW
22  24.3  34.9   17:00  14.7    6:30   0.7   6.8   0.6   0.0   2.7   19:30   ESE
23  23.9  33.7   17:30  16.6    6:00   0.3   5.9   2.6   0.0   1.8   14:00   NNE
24  21.1  28.7   15:00  17.2    6:00   0.2   3.0   0.2   0.1   2.2   13:30   ESE
25  21.6  28.9   17:00  14.5    6:00   0.9   4.1   5.8   0.0   4.0   13:00   WNW
26  22.2  29.9   18:00  17.3    4:30   0.1   4.0   1.6   0.0   4.0   12:30   WNW
27  22.5  30.3   18:30  17.2    6:30   0.1   4.3   7.8   0.0   5.8   11:00   WNW
28  20.9  24.1   18:00  16.1   00:00   0.1   2.8   0.4   0.1   4.0    7:00   ESE
29  20.4  25.7   18:30  15.3    3:00   0.8   2.9   0.4   0.2   4.0   16:00   ESE
30  18.0  23.1   13:30  14.2    6:30   1.3   1.0   5.4   0.3   4.5   19:00   ESE
31  20.5  25.6   17:30  16.2   00:00   0.2   2.2   0.0   0.3   5.4    0:30   ESE
-------------------------------------------------------------------------------------
    19.9  34.9    22     7.3    12    44.8  93.3  41.8   0.2   5.8    27     ESE

Max >=  32.0:  3
Max <=   0.0:  0
Min <=   0.0:  0
Min <= -18.0:  0
Max Rain: 16.99 ON 03-07-13
Days of Rain: 10 (> .2 mm) 5 (> 2 mm) 0 (> 20 mm)
Heat Base:  18.3  Cool Base:  18.3  Method: Integration