NOAA-Stijl Klimaat Rapport

Kies een jaar- of maandrapport
2018: jan feb maa apr mei jun jul aug sep okt nov dec
2017: jan feb maa apr mei jun jul aug sep okt nov dec
2016: jan feb maa apr mei jun jul aug sep okt nov dec
2015: jan feb maa apr mei jun jul aug sep okt nov dec
2014: jan feb maa apr mei jun jul aug sep okt nov dec
2013: jan feb maa apr mei jun jul aug sep okt nov dec
2012: jan feb maa apr mei jun jul aug sep okt nov dec
2011: jan feb maa apr mei jun jul aug sep okt nov dec

Rapport voor 2013 augustus
                   MONTHLY CLIMATOLOGICAL SUMMARY for AUG. 2013

NAME: Weerstation Schinnen   CITY: Schinnen   STATE: The Netherlands 
ELEV:    75 m  LAT:  50° 56' 32" N  LONG:   5° 53' 16" E

                   TEMPERATURE (°C), RAIN  (mm), WIND SPEED (m/s)

                                      HEAT  COOL        AVG
    MEAN                              DEG   DEG         WIND                 DOM
DAY TEMP  HIGH   TIME   LOW    TIME   DAYS  DAYS  RAIN  SPEED HIGH   TIME    DIR
------------------------------------------------------------------------------------
 1  22.7  33.2   17:30  13.8    7:00   1.2   5.6   0.0   0.1   2.7   11:00   WNW
 2  25.3  35.6   17:00  15.6    4:30   0.6   7.6   0.0   0.1   3.6   15:00   WNW
 3  21.9  27.3   16:00  14.3   00:00   0.3   3.9   2.4   0.2   3.6    9:00   ESE
 4  19.7  28.7   17:00  11.4    6:30   2.2   3.5   0.0   0.0   1.8   14:30   WNW
 5  21.9  31.4   18:30  12.8    4:00   1.7   5.3   0.0   0.1   2.7   14:00   WNW
 6  20.0  25.5   15:00  14.7    7:00   0.8   2.5   0.0   0.1   3.1    9:00   ESE
 7  16.4  21.1   17:30  13.8    5:30   2.1   0.3   6.0   0.1   2.7   13:30   ESE
 8  17.3  23.6   17:00  13.3   00:00   1.9   0.9   0.6   0.0   2.2   11:00   ESE
 9  17.1  25.0   14:30  10.6    7:30   2.7   1.5   0.2   0.0   2.2   13:30   ESE
10  16.7  22.6   17:00  12.4   00:00   2.4   0.8   0.2   0.1   2.7   16:00   ESE
11  16.3  24.0   16:30   7.9    5:30   3.4   1.4   0.0   0.2   4.5   12:00   ESE
12  17.1  23.1   18:30  11.6    6:30   2.3   1.1   0.0   0.1   3.1   10:00   ESE
13  15.8  22.1   17:30   9.3   00:00   3.0   0.5   0.4   0.2   3.1   16:30   ESE
14  14.1  22.8   14:30   6.1    6:30   4.9   0.7   0.0   0.1   2.7   11:30   ESE
15  15.5  23.1   17:30   8.4    5:00   3.7   0.9   0.0   0.0   2.7   10:00   WNW
16  19.7  29.4   17:00  10.5    5:00   2.5   3.9   0.0   0.1   3.1   14:00   ESE
17  19.8  26.6   17:30  14.6    8:00   1.0   2.5   0.4   0.2   5.4   15:30   ESE
18  19.2  22.2   18:30  16.2   00:00   0.2   1.2  12.8   0.2   4.5   10:30   WNW
19  17.1  22.2   14:00  11.6   00:00   1.8   0.6   2.6   0.2   4.9   10:00   ESE
20  14.8  23.4   15:00   7.7    6:00   4.4   0.9   0.2   0.0   1.3   12:30     N
21  15.9  24.8   17:00   7.7    6:30   4.2   1.9   0.0   0.1   2.2   12:30    NW
22  17.3  26.3   15:00   8.6    6:30   3.4   2.4   0.0   0.1   2.2   20:00   ESE
23  19.1  28.5   17:30  10.8    7:00   2.4   3.2   0.0   0.0   3.1   12:30   ESE
24  16.7  19.8   16:30  13.2    3:00   1.9   0.2   2.4   0.0   2.2    9:00   WNW
25  15.9  18.8   13:30  12.1    7:00   2.4   0.0   2.2   0.0   1.3   14:00    NW
26  15.9  22.1   15:30  10.2    7:30   3.0   0.6   0.2   0.1   3.1   14:30   WNW
27  17.2  24.6   15:30  11.7    5:00   2.9   1.8   0.0   0.2   3.1   12:30    NW
28  15.3  24.3   18:00   7.7    6:30   4.3   1.4   0.0   0.1   2.7   15:00   WNW
29  15.8  25.4   15:30   7.7    6:30   4.3   1.8   0.0   0.0   1.8   14:00    SE
30  15.8  24.7   14:30   8.2    7:00   4.0   1.5   0.0   0.1   2.7   16:00   ESE
31  16.6  23.3   15:30  11.8    2:30   2.5   0.8   0.6   0.1   3.1   17:30   ESE
-------------------------------------------------------------------------------------
    17.7  35.6     2     6.1    14    78.6  61.2  31.2   0.1   5.4    17     ESE

Max >=  32.0:  2
Max <=   0.0:  0
Min <=   0.0:  0
Min <= -18.0:  0
Max Rain: 12.80 ON 18-08-13
Days of Rain: 14 (> .2 mm) 6 (> 2 mm) 0 (> 20 mm)
Heat Base:  18.3  Cool Base:  18.3  Method: Integration