NOAA-Stijl Klimaat Rapport

Kies een jaar- of maandrapport
2018: jan feb maa apr mei jun jul aug sep okt nov dec
2017: jan feb maa apr mei jun jul aug sep okt nov dec
2016: jan feb maa apr mei jun jul aug sep okt nov dec
2015: jan feb maa apr mei jun jul aug sep okt nov dec
2014: jan feb maa apr mei jun jul aug sep okt nov dec
2013: jan feb maa apr mei jun jul aug sep okt nov dec
2012: jan feb maa apr mei jun jul aug sep okt nov dec
2011: jan feb maa apr mei jun jul aug sep okt nov dec

Rapport voor 2013 oktober
                   MONTHLY CLIMATOLOGICAL SUMMARY for OCT. 2013

NAME: Weerstation Schinnen   CITY: Schinnen   STATE: The Netherlands 
ELEV:    75 m  LAT:  50° 56' 32" N  LONG:   5° 53' 16" E

                   TEMPERATURE (°C), RAIN  (mm), WIND SPEED (m/s)

                                      HEAT  COOL        AVG
    MEAN                              DEG   DEG         WIND                 DOM
DAY TEMP  HIGH   TIME   LOW    TIME   DAYS  DAYS  RAIN  SPEED HIGH   TIME    DIR
------------------------------------------------------------------------------------
 1  10.6  18.2   16:00   3.1    5:30   7.7   0.0   0.0   0.2   3.6   15:00    NW
 2  11.2  17.6   16:00   5.2    8:00   7.1   0.0   0.0   0.3   4.5   14:00   WNW
 3  12.3  20.6   17:00   6.7    6:30   6.2   0.2   0.0   0.1   4.5   14:30   WNW
 4  15.9  22.1   14:30  11.4    0:30   3.1   0.7   3.8   0.1   3.6   17:00   WNW
 5  15.2  18.7   15:30  10.5   00:00   3.1   0.0   2.0   0.0   2.7   19:00   ESE
 6  13.7  17.4   13:30   9.8   00:00   4.6   0.0   0.0   0.0   0.9   12:00     N
 7  11.8  19.5   16:00   5.8    8:30   6.6   0.1   0.0   0.0   0.9   12:30    SW
 8  13.4  18.2   14:30   9.2    0:30   4.8   0.0   0.0   0.0   1.3   15:00   ESE
 9  13.4  15.7   14:30  10.3   20:00   4.9   0.0   7.0   0.0   3.1   12:30    SE
10   8.6  13.2   16:30   5.3   22:30   9.8   0.0   8.0   0.0   4.0    9:00   ESE
11   7.2   9.3   16:30   5.0    1:00  11.1   0.0   4.8   0.0   1.8    6:00   NNW
12   6.1   9.2   15:00   2.1    6:30  12.2   0.0   0.2   0.0   2.2    8:30    NW
13   8.8  10.9   13:30   6.8    1:30   9.5   0.0   4.0   0.4   5.4   16:30   WNW
14  10.6  14.1   15:00   7.3    8:00   7.7   0.0   0.6   0.2   6.3   12:00   WNW
15  10.2  12.7   14:30   8.5    3:00   8.1   0.0   3.4   0.2   4.5   12:30   ESE
16  10.2  13.5   16:00   7.2    6:00   8.1   0.0   0.6   0.0   4.5   22:00     W
17  12.3  15.4   12:30   7.2   00:00   6.0   0.0   2.8   0.4   6.3   10:30   ESE
18  11.4  17.2   15:00   6.7    8:30   6.8   0.0   0.2   0.0   2.2   15:00    NW
19  12.9  20.3   16:00   4.8    8:00   5.5   0.1   0.2   0.0   3.6   12:30     W
20  15.5  18.6   16:30  13.0    5:00   2.8   0.0   0.6   0.2   5.4   21:00   WNW
21  14.9  19.2   16:30  12.1    5:00   3.4   0.1   0.2   0.2   4.0    2:30   WNW
22  16.3  22.7   15:00  11.9    6:00   2.8   0.8  17.4   0.1   7.2   22:00   WNW
23  16.4  19.4   15:30  14.0    6:30   2.0   0.1   1.2   0.4   5.8   12:00     W
24  12.6  17.4   15:30   8.2   23:30   5.7   0.0   0.0   0.0   2.2    1:30   ESE
25  14.8  20.3   15:00   8.2    0:30   3.8   0.3   6.0   0.1   4.9   15:30   WNW
26  16.6  20.7   15:00  14.1    4:30   2.0   0.3   0.2   0.3   4.5   13:00     W
27  14.9  16.8   11:00  13.0   19:30   3.4   0.0   2.8   1.0  10.7   12:00     W
28  14.0  16.9   14:00  10.8   00:00   4.3   0.0   8.4   1.3   9.8    5:00     W
29  10.3  13.7   14:00   7.0   00:00   8.0   0.0   1.8   0.7   8.9    9:30   ESE
30   7.2  12.6   14:30   3.3   23:00  11.1   0.0   0.2   0.1   4.0   11:00   ESE
31   8.3  13.6   14:00   1.8    6:30  10.0   0.0   0.2   0.4   4.9   13:30     W
-------------------------------------------------------------------------------------
    12.2  22.7    22     1.8    31   192.4   2.6  76.7   0.2  10.7    27     WNW

Max >=  32.0:  0
Max <=   0.0:  0
Min <=   0.0:  0
Min <= -18.0:  0
Max Rain: 17.40 ON 22-10-13
Days of Rain: 24 (> .2 mm) 12 (> 2 mm) 0 (> 20 mm)
Heat Base:  18.3  Cool Base:  18.3  Method: Integration