NOAA-Stijl Klimaat Rapport

Kies een jaar- of maandrapport
2018: jan feb maa apr mei jun jul aug sep okt nov dec
2017: jan feb maa apr mei jun jul aug sep okt nov dec
2016: jan feb maa apr mei jun jul aug sep okt nov dec
2015: jan feb maa apr mei jun jul aug sep okt nov dec
2014: jan feb maa apr mei jun jul aug sep okt nov dec
2013: jan feb maa apr mei jun jul aug sep okt nov dec
2012: jan feb maa apr mei jun jul aug sep okt nov dec
2011: jan feb maa apr mei jun jul aug sep okt nov dec

Rapport voor 2013 november
                   MONTHLY CLIMATOLOGICAL SUMMARY for NOV. 2013

NAME: Weerstation Schinnen   CITY: Schinnen   STATE: The Netherlands 
ELEV:    75 m  LAT:  50° 56' 32" N  LONG:   5° 53' 16" E

                   TEMPERATURE (°C), RAIN  (mm), WIND SPEED (m/s)

                                      HEAT  COOL        AVG
    MEAN                              DEG   DEG         WIND                 DOM
DAY TEMP  HIGH   TIME   LOW    TIME   DAYS  DAYS  RAIN  SPEED HIGH   TIME    DIR
------------------------------------------------------------------------------------
 1  10.4  12.1   14:30   8.7   22:30   7.9   0.0   2.2   0.2   4.0    9:30     W
 2  11.6  14.3   15:30   8.8    0:30   6.7   0.0   9.6   0.3   5.4   23:00     W
 3   8.6  10.7    0:30   7.4    6:00   9.7   0.0   6.8   0.8   8.5   16:30     W
 4   9.3  14.3   12:00   5.2   19:30   9.0   0.0   9.4   0.7   8.0    7:30     W
 5   6.4   8.9   21:30   3.2    8:00  11.9   0.0   9.4   0.4   5.8   13:30   WNW
 6  10.5  14.2   00:00   7.5    0:30   7.8   0.0   7.4   0.4   5.4   10:30     W
 7  12.7  14.5    1:00  10.2   23:30   5.6   0.0  20.6   0.5   7.6    4:30     W
 8  10.2  12.0   14:00   8.8    7:00   8.1   0.0  12.0   0.0   4.9   00:00     W
 9   8.9  11.1   14:00   7.1    8:30   9.4   0.0   1.4   0.8   7.2   13:00     W
10   5.7   8.6    0:30   1.1   00:00  12.7   0.0   4.0   0.0   5.4    0:30   ESE
11   4.1  10.7   14:30  -1.4    8:00  14.3   0.0   0.2   0.0   3.1   13:30     W
12   7.4   8.8   12:30   4.7    0:30  10.9   0.0   2.6   0.1   4.0   13:00   WNW
13   3.8   8.7    0:30  -1.2   00:00  14.5   0.0   0.2   0.0   1.3   13:30     W
14   3.7   7.2   23:00  -1.6    2:00  14.6   0.0   7.2   0.1   3.1   12:00     W
15   5.8   8.9   14:30  -0.9   00:00  12.4   0.0   0.2   0.2   2.7   10:30    NW
16   1.2   2.9   14:00  -0.8    0:30  17.1   0.0   0.4   0.0   0.9   13:30     W
17   3.8   6.4   14:00   1.9    0:30  14.5   0.0   0.0   0.1   3.1   12:00   NNW
18   4.6   5.7   13:00   3.4   21:30  13.7   0.0   0.0   0.0   2.7   14:30     W
19   5.4   7.7   15:30   2.8    3:30  12.9   0.0   0.0   0.0   2.7    9:00     W
20   2.8   5.8   14:00  -1.7    8:30  15.5   0.0   0.2   0.2   4.9   20:00   WNW
21   3.7   5.9   15:30   2.1    8:30  14.6   0.0   0.6   0.3   4.0   23:30    NW
22   3.7   5.0   22:00   2.3    1:30  14.6   0.0   0.0   0.5   4.0   17:30    NW
23   4.6   6.0   16:00  -0.7   00:00  13.7   0.0   0.4   0.3   2.7    1:00   WNW
24   3.1   7.0   14:00  -2.6    4:00  15.2   0.0   0.2   0.1   5.8   14:30    NW
25   3.9   6.9   13:30  -2.4   00:00  14.4   0.0   0.2   0.0   3.6   18:30     N
26   1.7   4.3   15:30  -3.2    2:00  16.6   0.0   0.2   0.0   1.3   12:30     W
27   5.3   7.5   15:00   3.7    1:00  13.0   0.0   0.0   0.0   1.8   12:00     W
28   6.2   7.8   15:00   5.3    7:00  12.1   0.0   1.6   0.0   1.8    3:00   ESE
29   5.9   8.3   14:30   2.7   22:30  12.4   0.0   4.6   0.2   4.9   13:30     W
30   4.7   8.0   14:30   1.3   00:00  13.6   0.0   0.8   0.0   2.2    1:00   ESE
-------------------------------------------------------------------------------------
     6.0  14.5     7    -3.2    26   369.3   0.0 102.4   0.2   8.5     3       W

Max >=  32.0:  0
Max <=   0.0:  0
Min <=   0.0: 10
Min <= -18.0:  0
Max Rain: 20.60 ON 07-11-13
Days of Rain: 25 (> .2 mm) 12 (> 2 mm) 1 (> 20 mm)
Heat Base:  18.3  Cool Base:  18.3  Method: Integration