NOAA-Stijl Klimaat Rapport

Kies een jaar- of maandrapport
2018: jan feb maa apr mei jun jul aug sep okt nov dec
2017: jan feb maa apr mei jun jul aug sep okt nov dec
2016: jan feb maa apr mei jun jul aug sep okt nov dec
2015: jan feb maa apr mei jun jul aug sep okt nov dec
2014: jan feb maa apr mei jun jul aug sep okt nov dec
2013: jan feb maa apr mei jun jul aug sep okt nov dec
2012: jan feb maa apr mei jun jul aug sep okt nov dec
2011: jan feb maa apr mei jun jul aug sep okt nov dec

Rapport voor 2013 december
                   MONTHLY CLIMATOLOGICAL SUMMARY for DEC. 2013

NAME: Weerstation Schinnen   CITY: Schinnen   STATE: The Netherlands 
ELEV:    75 m  LAT:  50° 56' 32" N  LONG:   5° 53' 16" E

                   TEMPERATURE (°C), RAIN  (mm), WIND SPEED (m/s)

                                      HEAT  COOL        AVG
    MEAN                              DEG   DEG         WIND                 DOM
DAY TEMP  HIGH   TIME   LOW    TIME   DAYS  DAYS  RAIN  SPEED HIGH   TIME    DIR
------------------------------------------------------------------------------------
 1   5.1   8.2   15:00   1.3    1:00  13.2   0.0   0.0   0.0   1.8   12:00    SE
 2   4.4   8.3   14:00  -1.7   23:00  13.9   0.0   0.2   0.1   4.0   13:00   NNW
 3  -1.0   4.3   14:30  -3.9    9:00  19.3   0.0   0.0   0.0   1.3   12:30   ESE
 4   3.5   6.7   19:30  -2.7    0:30  14.8   0.0   0.6   0.1   3.6   15:00     W
 5   3.1   7.3   18:30  -1.6    3:30  15.2   0.0   1.4   0.7   8.9   19:00     W
 6   3.6   5.7   13:30   2.1    1:00  14.8   0.0   0.4   0.4   5.4    4:00   ESE
 7   5.0   7.6   15:30   2.3    4:30  13.3   0.0   0.8   0.1   3.6   21:00     W
 8   7.3   9.1   14:30   5.9    3:00  10.9   0.0   0.4   0.4   6.3   23:00     W
 9   6.0   9.4   15:00  -0.1   00:00  12.3   0.0   0.0   0.4   4.5    3:00     W
10   0.6   8.2   14:30  -2.4    8:30  17.7   0.0   0.0   0.0   1.3   15:00     N
11   0.3   5.1   15:00  -4.2    9:00  18.0   0.0   0.2   0.1   2.2   15:30   NNW
12   0.1   3.6   14:00  -3.7   00:00  18.2   0.0   0.0   0.0   1.3   13:30     W
13  -2.1   5.2   14:00  -5.4    7:30  20.3   0.0   0.4   0.0   2.2   14:00    SE
14   3.9   6.6   14:00  -3.3    0:30  14.4   0.0   4.8   0.1   4.0   23:30     W
15   6.9   9.4   15:30   3.2   20:00  11.4   0.0   0.6   0.4   6.7    5:30     W
16   8.7  13.2   13:30   5.7    8:00   9.6   0.0   0.0   0.3   4.9   11:30    SE
17   5.3  10.6   14:00   1.1    5:30  13.0   0.0   0.0   0.0   4.0   11:30     W
18   7.5   9.9   12:30   2.6    1:00  10.8   0.0   0.0   0.3   4.5   22:30     W
19   6.3  11.4    3:00  -1.1   00:00  12.0   0.0   8.0   0.4   7.6    8:00    SE
20   3.9   7.6   14:00  -1.2    0:30  14.4   0.0   0.0   0.2   5.4   13:30     W
21   6.3   7.9   22:00   3.9    1:00  12.0   0.0   0.6   0.8   7.2   22:00    SE
22   7.7   9.7   16:30   5.4    1:00  10.6   0.0  10.2   0.8   8.5   15:00    SE
23   8.3  11.8   00:00   4.2    7:30  10.0   0.0   0.8   0.6   8.0   21:00    SE
24  10.8  12.3   16:00   7.6   23:30   7.5   0.0  11.4   1.3   9.4    6:30    SE
25   5.7  10.1    3:00  -0.7   23:00  12.6   0.0  11.8   0.1   4.9    3:00     W
26   3.5   7.8   14:30  -0.6    0:30  14.8   0.0   1.2   0.0   5.4   22:00     W
27   8.0  11.4   00:00   0.7    0:30  10.3   0.0   1.0   0.7   7.2    9:30    SE
28   7.2  12.0    2:00   4.9   20:00  11.2   0.0  15.6   0.1   4.9    2:00    SE
29   4.2   6.9   14:00   0.1   19:30  14.1   0.0   1.6   0.1   4.0   14:30     W
30   4.4   6.8   22:00   0.7    5:00  13.8   0.0   0.4   0.3   5.4   23:00    SE
31   6.7  10.2   15:00   3.2    9:30  11.6   0.0   0.4   0.1   4.0   00:00   WNW
-------------------------------------------------------------------------------------
     4.9  13.2    16    -5.4    13   415.8   0.0  72.8   0.3   9.4    24       W

Max >=  32.0:  0
Max <=   0.0:  0
Min <=   0.0: 14
Min <= -18.0:  0
Max Rain: 15.60 ON 28-12-13
Days of Rain: 22 (> .2 mm) 6 (> 2 mm) 0 (> 20 mm)
Heat Base:  18.3  Cool Base:  18.3  Method: Integration