NOAA-Stijl Klimaat Rapport

Kies een jaar- of maandrapport
2018: jan feb maa apr mei jun jul aug sep okt nov dec
2017: jan feb maa apr mei jun jul aug sep okt nov dec
2016: jan feb maa apr mei jun jul aug sep okt nov dec
2015: jan feb maa apr mei jun jul aug sep okt nov dec
2014: jan feb maa apr mei jun jul aug sep okt nov dec
2013: jan feb maa apr mei jun jul aug sep okt nov dec
2012: jan feb maa apr mei jun jul aug sep okt nov dec
2011: jan feb maa apr mei jun jul aug sep okt nov dec

Rapport voor 2014 januari
                   MONTHLY CLIMATOLOGICAL SUMMARY for JAN. 2014

NAME: Weerstation Schinnen   CITY: Schinnen   STATE: The Netherlands 
ELEV:    75 m  LAT:  50° 56' 32" N  LONG:   5° 53' 16" E

                   TEMPERATURE (°C), RAIN  (mm), WIND SPEED (m/s)

                                      HEAT  COOL        AVG
    MEAN                              DEG   DEG         WIND                 DOM
DAY TEMP  HIGH   TIME   LOW    TIME   DAYS  DAYS  RAIN  SPEED HIGH   TIME    DIR
------------------------------------------------------------------------------------
 1   7.3  10.3   23:00   3.7    9:30  11.0   0.0   1.2   0.4   6.3   12:00    SE
 2   8.9  10.7   11:00   4.3   00:00   9.3   0.0   0.6   0.4   7.2   13:30     W
 3   8.7  12.7   13:30   3.3    1:30   9.6   0.0   5.4   0.4   6.7   10:00    SE
 4   7.3  10.8   15:00   3.3    8:30  11.0   0.0   0.4   0.2   4.9    3:00   ESE
 5   5.7   8.4    0:30   2.5    9:00  12.6   0.0   1.8   0.3   4.9   14:00     W
 6  11.5  13.8   14:00   5.2    0:30   6.8   0.0   0.2   0.8   8.0   15:30    SE
 7  10.8  13.9   15:00   9.0    9:30   7.5   0.0   0.2   0.5   6.3    0:30     W
 8   8.8  13.1   14:00   4.2   19:30   9.5   0.0   0.2   0.4   7.6    6:00     W
 9   9.3  12.3   10:30   4.8    1:00   9.0   0.0   4.2   0.6   6.7   10:30     W
10   5.2   8.7   14:30   2.3   20:30  13.1   0.0   0.2   0.3   4.5    8:00     W
11   3.1   9.3   13:00  -1.5    5:30  15.2   0.0   0.6   0.1   4.9   13:30     W
12   0.2   6.3   15:00  -2.8    9:00  18.1   0.0   0.2   0.0   2.2   13:30     E
13   4.4   9.6   13:30  -2.4    0:30  13.9   0.0   0.0   0.2   3.6    4:00    SE
14   2.6   7.4   13:30  -2.4    7:00  15.7   0.0   0.6   0.0   3.1   13:00     W
15   4.0   6.4   00:00   0.2    6:30  14.3   0.0   1.4   0.2   4.9   15:30    SE
16   7.4   9.6   11:30   4.7   22:30  10.9   0.0   0.6   0.1   4.5   15:00    SE
17   8.3  10.8   14:00   6.0    3:30  10.0   0.0   0.0   0.3   4.9   13:30   WNW
18   5.7  11.2   15:30   0.4    9:00  12.6   0.0   0.0   0.0   2.7   14:30     W
19   5.9  10.2   14:30   2.0   00:00  12.4   0.0   0.0   0.0   2.2    4:30    NW
20   4.2   5.4   12:30   1.9    0:30  14.1   0.0   1.8   0.0   2.2   21:00    NW
21   3.7   6.2   16:00   2.2   22:00  14.7   0.0   0.2   0.0   1.8   14:30   ESE
22   1.9   5.7   15:00  -2.6   00:00  16.4   0.0   0.0   0.0   1.8    8:30     W
23  -0.1   4.7   21:30  -3.2    3:30  11.8   0.0   3.2   0.0   3.6   21:30   WNW
24   2.9   5.2   14:30   0.4    5:00  12.2   0.0   0.2   0.0   1.8    1:30   ESE
25   2.4   6.2   15:00  -2.0    4:30  15.9   0.0   8.6   0.2   6.7   22:00    SE
26   4.9   6.6   00:00   3.2    7:00  13.3   0.0   8.2   0.4   6.3    3:00    SE
27   4.0   6.8    0:30   1.4    7:00  14.3   0.0   0.4   0.4   6.3   13:30     W
28   3.7   6.4   13:30   0.2    5:30  14.6   0.0   0.0   0.2   5.4   11:30   WNW
29   2.2   4.8   14:30   0.4    7:00  16.1   0.0   0.0   0.4   5.4   13:00    NW
30   2.1   6.4   16:30  -2.6   00:00  16.2   0.0   0.0   0.1   2.7   12:30   NNW
31   1.8   8.6   15:00  -3.7    7:30  16.5   0.0   0.0   0.1   4.9   23:00     W
-------------------------------------------------------------------------------------
     5.1  13.9     7    -3.7    31   398.8   0.0  40.5   0.2   8.0     6      SE

Max >=  32.0:  0
Max <=   0.0:  0
Min <=   0.0:  9
Min <= -18.0:  0
Max Rain: 8.61 ON 25-01-14
Days of Rain: 22 (> .2 mm) 5 (> 2 mm) 0 (> 20 mm)
Heat Base:  18.3  Cool Base:  18.3  Method: Integration