NOAA-Stijl Klimaat Rapport

Kies een jaar- of maandrapport
2018: jan feb maa apr mei jun jul aug sep okt nov dec
2017: jan feb maa apr mei jun jul aug sep okt nov dec
2016: jan feb maa apr mei jun jul aug sep okt nov dec
2015: jan feb maa apr mei jun jul aug sep okt nov dec
2014: jan feb maa apr mei jun jul aug sep okt nov dec
2013: jan feb maa apr mei jun jul aug sep okt nov dec
2012: jan feb maa apr mei jun jul aug sep okt nov dec
2011: jan feb maa apr mei jun jul aug sep okt nov dec

Rapport voor 2014 februari
                   MONTHLY CLIMATOLOGICAL SUMMARY for FEB. 2014

NAME: Weerstation Schinnen   CITY: Schinnen   STATE: The Netherlands 
ELEV:    75 m  LAT:  50° 56' 32" N  LONG:   5° 53' 16" E

                   TEMPERATURE (°C), RAIN  (mm), WIND SPEED (m/s)

                                      HEAT  COOL        AVG
    MEAN                              DEG   DEG         WIND                 DOM
DAY TEMP  HIGH   TIME   LOW    TIME   DAYS  DAYS  RAIN  SPEED HIGH   TIME    DIR
------------------------------------------------------------------------------------
 1   6.1   7.9   15:30   3.4   19:30  12.2   0.0   1.6   0.4   6.7    9:30    SE
 2   3.6   9.3   14:00  -2.1   23:30  14.7   0.0   0.2   0.1   5.4   12:30    SE
 3   1.4   7.2   14:30  -4.1    8:30  16.9   0.0   0.0   0.2   4.0   16:00   NNW
 4   4.9  10.3   14:30  -1.0   00:00  13.4   0.0   0.0   0.2   4.5    9:30   WNW
 5   6.8  10.2   13:30  -1.3    1:00  11.5   0.0   0.0   0.5   7.6   22:00    SE
 6   7.7  10.6   14:00   5.0    5:00  10.7   0.0   4.6   0.4   4.9    1:00    SE
 7   7.8  11.9    9:00   3.1   00:00  10.5   0.0   6.0   0.8  10.7   12:00    SE
 8   6.6   9.2   14:00   1.5    1:30  11.8   0.0   1.6   0.7  10.3   22:30    SE
 9   6.1   8.6   14:30   4.4   22:00  12.2   0.0   0.0   0.9   7.6   12:00    SE
10   3.8   7.4   14:30   0.1    4:30  14.5   0.0   2.2   0.0   3.1    0:30     W
11   6.2   9.5   14:30   4.1    0:30  12.1   0.0   2.4   0.6   7.2   19:00     W
12   5.6   9.9   15:00   1.5    8:30  12.7   0.0   0.4   0.6   9.4   20:30    SE
13   5.3   6.9   10:30   3.2   00:00  13.0   0.0   3.8   0.3   5.8   10:00     W
14   5.7  11.2   00:00   1.7    7:30  12.7   0.0   6.2   0.4   6.3   22:30    SE
15  10.8  12.5    1:30   7.8   22:30   7.6   0.0   0.0   0.9   8.5    1:30    SE
16   6.6  10.2   13:00   0.9   22:00  11.8   0.0   1.4   0.6   7.2    1:00     W
17   5.0  10.8   15:30  -0.9   00:00  13.3   0.0   0.0   0.2   4.5   12:00     W
18   4.2   9.7   13:30  -1.1    1:00  14.1   0.0   0.4   0.0   2.7   22:00     W
19   7.6   9.8   14:00   6.1    0:30  10.7   0.0   1.0   0.2   4.0   14:00     W
20   8.1  12.9   13:00   1.9    6:30  10.2   0.0   1.0   0.4   6.3   12:30    SE
21   6.4   9.5   15:30   2.5   23:00  11.8   0.0   2.8   0.3   7.2   10:30     W
22   4.4   8.7   13:00  -1.2   00:00  13.8   0.0   0.6   0.3   4.9   13:00    SE
23   4.3  12.4   15:00  -1.8    5:30  14.0   0.0   0.2   0.2   4.9   12:00    SE
24   4.8  14.8   15:00  -2.5    7:00  13.5   0.0   0.0   0.1   4.5   14:00   ESE
25   7.9  12.9   14:30   1.6    1:00  10.4   0.0   2.0   0.2   5.4   11:30   WNW
26   6.8  12.1   15:00   0.1   00:00  11.4   0.0   1.0   0.1   3.6   11:00     W
27   3.4   9.9   13:30  -1.9    4:30  14.9   0.0   4.2   0.3   5.8   14:00    SE
28   5.5  10.2   13:30  -0.2    8:00  12.8   0.0   1.8   0.1   4.0   11:30   WNW
-------------------------------------------------------------------------------------
     5.8  14.8    24    -4.1     3   349.1   0.0  45.4   0.4  10.7     7      SE

Max >=  32.0:  0
Max <=   0.0:  0
Min <=   0.0: 11
Min <= -18.0:  0
Max Rain: 6.20 ON 14-02-14
Days of Rain: 21 (> .2 mm) 9 (> 2 mm) 0 (> 20 mm)
Heat Base:  18.3  Cool Base:  18.3  Method: Integration