NOAA-Stijl Klimaat Rapport

Kies een jaar- of maandrapport
2018: jan feb maa apr mei jun jul aug sep okt nov dec
2017: jan feb maa apr mei jun jul aug sep okt nov dec
2016: jan feb maa apr mei jun jul aug sep okt nov dec
2015: jan feb maa apr mei jun jul aug sep okt nov dec
2014: jan feb maa apr mei jun jul aug sep okt nov dec
2013: jan feb maa apr mei jun jul aug sep okt nov dec
2012: jan feb maa apr mei jun jul aug sep okt nov dec
2011: jan feb maa apr mei jun jul aug sep okt nov dec

Rapport voor 2014 maart
                   MONTHLY CLIMATOLOGICAL SUMMARY for MAR. 2014

NAME: Weerstation Schinnen   CITY: Schinnen   STATE: The Netherlands 
ELEV:    75 m  LAT:  50° 56' 32" N  LONG:   5° 53' 16" E

                   TEMPERATURE (°C), RAIN  (mm), WIND SPEED (m/s)

                                      HEAT  COOL        AVG
    MEAN                              DEG   DEG         WIND                 DOM
DAY TEMP  HIGH   TIME   LOW    TIME   DAYS  DAYS  RAIN  SPEED HIGH   TIME    DIR
------------------------------------------------------------------------------------
 1   3.9   8.9   12:30  -1.4    6:00  14.4   0.0   0.6   0.0   3.1   23:30   WSW
 2   4.9  10.6   14:00   0.7    8:00  13.3   0.0   0.0   0.1   4.5   14:00     W
 3   5.8  10.8   15:30   1.3   00:00  12.5   0.0   0.2   0.1   4.9   13:00   WNW
 4   4.1  11.7   14:30  -2.7    7:30  14.3   0.0   0.0   0.0   3.1   12:30     W
 5   3.2  12.2   15:30  -3.0    7:30  15.1   0.0   0.0   0.1   2.7   12:00    NW
 6   4.1  14.3   16:30  -3.6    7:30  14.3   0.0   0.0   0.0   3.1   14:30     W
 7   5.9  15.4   15:00  -2.7    7:30  12.4   0.0   0.2   0.1   4.5   13:00     W
 8   9.9  20.3   17:30   1.3    8:00   8.6   0.2   0.0   0.1   2.2   10:30   ESE
 9   8.5  22.8   16:30  -2.1    8:00  10.6   0.8   0.0   0.0   2.7   13:30     W
10   7.8  19.3   15:30  -2.3    7:30  10.5   0.1   0.0   0.2   4.0   16:00    NW
11   8.7  15.5   17:00   3.8    3:30   9.6   0.0   0.0   0.3   3.6    5:30    NW
12   7.8  18.1   17:00  -0.2    7:30  10.5   0.0   0.0   0.2   3.1   14:00   NNW
13   7.6  19.2   16:00  -1.9    7:00  10.8   0.1   0.0   0.1   2.7   15:00    NW
14   7.0  17.3   15:30  -1.8    7:30  11.3   0.0   0.2   0.0   2.7   16:30   ESE
15   9.3  12.6   15:30   6.7    3:00   9.0   0.0   0.2   0.4   4.9   15:00     W
16  10.8  16.4   17:30   4.9   23:00   7.4   0.0   0.0   0.4   5.8   14:30     W
17   9.9  13.0   15:00   5.0    0:30   8.4   0.0   0.0   0.1   4.5   13:00   WSW
18   9.6  10.5   14:00   8.2    0:30   8.7   0.0   0.0   0.5   7.2   21:30     W
19  12.0  17.2   15:00   8.4   00:00   6.3   0.0   0.2   0.5   6.3   12:00     W
20  13.8  23.4   15:00   1.8    7:30   5.5   1.0   0.0   0.3   6.7   18:00    SE
21   9.7  14.3    0:30   2.3   22:00   8.6   0.0   1.6   0.4   8.0   13:00     W
22   6.3  11.7   10:30   1.8   21:30  12.0   0.0   5.2   0.3   5.8   11:00     W
23   4.6  10.7   14:30   0.7    4:00  13.7   0.0   0.8   0.2   4.0   11:30   WSW
24   4.8  10.9   15:00  -0.6   00:00  13.5   0.0   4.2   0.1   2.7   10:30    NW
25   4.2  11.6   15:30  -2.9    6:30  14.1   0.0   0.0   0.1   3.1   16:00   NNW
26   3.5  11.9   14:00  -3.1    5:30  14.8   0.0   0.0   0.1   2.7   13:30    NW
27   7.4  16.3   16:30  -1.8    4:00  10.9   0.0   0.2   0.3   4.9   15:00   NNW
28  10.3  19.1   13:30   0.2    7:00   8.0   0.1   0.0   0.3   5.8   12:30   NNW
29  10.9  21.2   14:30   0.5    6:30   7.8   0.5   0.0   0.3   4.9   14:00   NNW
30  11.7  21.6   14:30   1.2    7:30   7.1   0.7   0.0   0.1   2.2   12:30   NNW
31  14.1  23.1   16:30   6.9    6:00   5.2   0.9   0.0   0.1   2.2   15:00   NNW
-------------------------------------------------------------------------------------
     7.8  23.4    20    -3.6     6   329.3   4.4  13.6   0.2   8.0    21       W

Max >=  32.0:  0
Max <=   0.0:  0
Min <=   0.0: 14
Min <= -18.0:  0
Max Rain: 5.21 ON 22-03-14
Days of Rain: 11 (> .2 mm) 2 (> 2 mm) 0 (> 20 mm)
Heat Base:  18.3  Cool Base:  18.3  Method: Integration