NOAA-Stijl Klimaat Rapport

Kies een jaar- of maandrapport
2018: jan feb maa apr mei jun jul aug sep okt nov dec
2017: jan feb maa apr mei jun jul aug sep okt nov dec
2016: jan feb maa apr mei jun jul aug sep okt nov dec
2015: jan feb maa apr mei jun jul aug sep okt nov dec
2014: jan feb maa apr mei jun jul aug sep okt nov dec
2013: jan feb maa apr mei jun jul aug sep okt nov dec
2012: jan feb maa apr mei jun jul aug sep okt nov dec
2011: jan feb maa apr mei jun jul aug sep okt nov dec

Rapport voor 2014 april
                   MONTHLY CLIMATOLOGICAL SUMMARY for APR. 2014

NAME: Weerstation Schinnen   CITY: Schinnen   STATE: The Netherlands 
ELEV:    75 m  LAT:  50° 56' 32" N  LONG:   5° 53' 16" E

                   TEMPERATURE (°C), RAIN  (mm), WIND SPEED (m/s)

                                      HEAT  COOL        AVG
    MEAN                              DEG   DEG         WIND                 DOM
DAY TEMP  HIGH   TIME   LOW    TIME   DAYS  DAYS  RAIN  SPEED HIGH   TIME    DIR
------------------------------------------------------------------------------------
 1  14.0  22.8   18:00   5.3    7:30   5.3   1.0   0.0   0.1   2.7   14:00   WSW
 2  13.6  24.7   17:30   3.4    7:30   6.1   1.4   0.0   0.1   4.5   14:00   WNW
 3  13.9  22.2   13:30   6.2    7:00   5.2   0.9   0.0   0.1   3.6   11:30     W
 4  13.4  17.4   15:30  10.2    8:00   4.9   0.0   0.0   0.0   2.7   17:30   NNW
 5  12.7  19.0   18:00   5.3   00:00   5.6   0.0   0.0   0.1   2.7   15:00   WSW
 6  12.1  19.9   16:00   3.1    7:00   6.3   0.1   0.0   0.2   4.9   13:30     W
 7  17.6  24.1   15:30  13.0    5:00   2.2   1.4   3.8   0.2   4.0   15:30     W
 8  10.5  14.0   15:30   6.6   00:00   7.8   0.0   4.8   0.6   8.0    4:00     W
 9   8.9  17.3   17:00   2.4    7:00   9.3   0.0   0.2   0.2   4.0   12:30   ESE
10  10.9  20.0   16:30   2.8    3:30   7.5   0.2   0.0   0.1   3.1   17:00   WSW
11  10.2  16.1   16:00   4.7   00:00   8.1   0.0   0.0   0.3   4.0   17:00    NW
12   9.4  18.2   15:00   0.8    6:00   8.9   0.0   0.0   0.0   2.7   18:00   ESE
13   9.9  16.8   18:00   3.1    6:00   8.3   0.0   0.0   0.1   3.1   16:30   ESE
14   9.3  15.2   14:30   3.6    2:00   9.0   0.0   0.8   0.4   5.4   13:30   ESE
15   6.7  12.2   17:30   1.6    7:00  11.6   0.0   0.0   0.3   4.5   19:30     N
16   7.4  16.9   17:00  -2.0    7:00  10.9   0.0   0.0   0.2   4.5   15:00    NW
17  10.5  20.2   17:00  -1.0    7:00   8.0   0.2   0.0   0.2   5.4   14:00     W
18   9.8  14.6   15:30   3.8   00:00   8.5   0.0   0.6   0.4   4.9    9:30    NW
19  10.7  18.2   18:00   2.3    1:00   7.6   0.0   0.0   0.6   5.8   17:30    NW
20  15.1  22.3   16:00   8.0    5:30   4.1   0.9   0.0   0.3   5.4   12:30   WNW
21  12.5  20.5   14:00   5.2    7:00   5.9   0.1   0.0   0.2   4.5   12:30   NNW
22  12.6  20.5   16:00   6.5    7:00   5.9   0.2   0.2   0.1   3.1    9:30     W
23  14.1  23.6   18:00   6.4    4:00   5.4   1.1   0.8   0.1   3.1   16:00   ESE
24  14.0  22.9   15:00   5.9    4:30   5.2   0.9   1.2   0.1   3.6   17:00    NW
25  16.5  25.2   16:30   9.7    2:00   3.3   1.5   1.4   0.3   4.9   14:30   NNW
26  14.1  19.9   14:00   8.4    7:30   4.3   0.1   0.0   0.0   4.5   13:30     W
27  13.1  19.3   14:30   7.6   00:00   5.2   0.0   0.2   0.0   3.6   14:30     W
28  12.9  19.8   13:00   5.7    7:00   5.5   0.1   0.0   0.0   1.8   12:30   NNW
29  13.3  17.1   17:30  10.7    5:00   5.0   0.0   0.8   0.0   2.2   13:00     N
30  14.1  19.7   17:00  10.0    5:00   4.3   0.1   0.0   0.0   2.2   19:00     N
-------------------------------------------------------------------------------------
    12.1  25.2    25    -2.0    16   195.2  10.1  14.8   0.2   8.0     8       W

Max >=  32.0:  0
Max <=   0.0:  0
Min <=   0.0:  2
Min <= -18.0:  0
Max Rain: 4.80 ON 08-04-14
Days of Rain: 11 (> .2 mm) 2 (> 2 mm) 0 (> 20 mm)
Heat Base:  18.3  Cool Base:  18.3  Method: Integration