NOAA-Stijl Klimaat Rapport

Kies een jaar- of maandrapport
2018: jan feb maa apr mei jun jul aug sep okt nov dec
2017: jan feb maa apr mei jun jul aug sep okt nov dec
2016: jan feb maa apr mei jun jul aug sep okt nov dec
2015: jan feb maa apr mei jun jul aug sep okt nov dec
2014: jan feb maa apr mei jun jul aug sep okt nov dec
2013: jan feb maa apr mei jun jul aug sep okt nov dec
2012: jan feb maa apr mei jun jul aug sep okt nov dec
2011: jan feb maa apr mei jun jul aug sep okt nov dec

Rapport voor 2014 mei
                   MONTHLY CLIMATOLOGICAL SUMMARY for MAY. 2014

NAME: Weerstation Schinnen   CITY: Schinnen   STATE: The Netherlands 
ELEV:    75 m  LAT:  50° 56' 32" N  LONG:   5° 53' 16" E

                   TEMPERATURE (°C), RAIN  (mm), WIND SPEED (m/s)

                                      HEAT  COOL        AVG
    MEAN                              DEG   DEG         WIND                 DOM
DAY TEMP  HIGH   TIME   LOW    TIME   DAYS  DAYS  RAIN  SPEED HIGH   TIME    DIR
------------------------------------------------------------------------------------
 1  13.4  21.8   15:00   5.7    6:30   5.2   0.3   9.2   0.1   4.5   18:30   NNE
 2  11.0  13.6   12:00   8.6   00:00   7.3   0.0   0.4   0.4   4.0    9:30    NW
 3   9.8  15.1   13:30   3.5   00:00   8.5   0.0   0.0   0.4   4.9   12:00    NW
 4   8.9  16.7   16:30  -0.1    6:00   9.4   0.0   0.0   0.2   3.1   13:30   NNW
 5  12.4  23.8   17:00   1.7    6:00   6.8   0.9   0.0   0.0   3.1   18:00    NW
 6  13.8  22.2   17:30   6.2    3:00   4.8   0.3   8.4   0.2   4.9   14:30     W
 7  12.8  17.7   13:30   9.6    6:30   5.5   0.0   3.8   0.3   4.5   10:30   ESE
 8  12.1  15.8   14:30   9.8    0:30   6.2   0.0   5.0   0.6   6.3   23:00     W
 9  14.0  17.3   15:00  10.8   00:00   4.3   0.0   0.8   0.8   6.7   13:30   ESE
10  11.7  14.9   15:30   9.1    3:00   6.7   0.0   8.6   0.4   7.2   16:00     W
11  11.8  16.8   14:30   9.1    5:30   6.5   0.0   1.4   0.9   8.0   11:30   ESE
12  10.6  15.1   18:00   8.3   00:00   7.7   0.0  15.0   0.4   4.9   11:30   WSW
13   9.7  14.4   17:30   4.1   00:00   8.6   0.0   6.6   0.0   3.6    3:30   ESE
14   8.6  18.2   14:30   0.3    6:30   9.7   0.0   2.2   0.1   5.8   20:00   ESE
15   8.1  14.9   16:30   0.4    6:00  10.2   0.0   0.2   0.2   2.7   10:00    NW
16  10.8  19.4   17:00   0.9    6:30   7.5   0.1   0.0   0.3   3.6   11:00    NW
17  12.6  21.2   18:00   3.5    6:00   6.1   0.3   0.0   0.2   3.6   14:00    NW
18  15.0  24.7   17:00   4.7    6:30   5.0   1.7   0.0   0.2   3.1   13:30    NW
19  17.8  28.7   17:30   7.3    5:30   3.8   3.3   0.0   0.1   5.4   20:30   WNW
20  19.2  28.8   14:00  10.1    2:30   2.6   3.5   0.0   0.2   4.9   16:00   WNW
21  18.2  25.1   18:00  11.7    6:00   1.6   1.5   0.2   0.0   3.6   18:00    NW
22  18.1  24.6   16:00  14.2   00:00   1.5   1.3   1.6   0.2   4.9   20:00   WNW
23  16.1  24.2   17:00  10.6   00:00   2.9   0.7   0.2   0.0   3.1   19:00   WSW
24  14.3  20.3   13:30   7.9   00:00   4.2   0.3   0.0   0.3   5.4   15:00   WSW
25  15.7  24.3   18:00   6.2    5:30   4.3   1.7   0.0   0.1   3.1    9:30    NW
26  15.6  22.6   17:00  10.9    1:30   3.2   0.4  10.2   0.0   2.7   15:00   NNW
27  14.6  17.5   16:30  12.8    3:00   3.8   0.0  15.2   0.0   3.6   19:30   WSW
28  15.0  18.4   14:00  11.9   00:00   3.3   0.0   0.0   0.1   3.6    9:00   ESE
29  13.7  21.0   13:00   8.1    5:00   4.8   0.2   0.0   0.2   3.1   17:30    NW
30  14.3  19.5   16:30   7.7   00:00   4.2   0.1   0.0   0.3   3.6   11:00    NW
31  14.1  23.1   16:30   3.7    6:00   5.1   0.9   0.0   0.1   2.7   15:30    NW
-------------------------------------------------------------------------------------
    13.3  28.8    20    -0.1     4   171.3  17.6  89.1   0.2   8.0    11      NW

Max >=  32.0:  0
Max <=   0.0:  0
Min <=   0.0:  1
Min <= -18.0:  0
Max Rain: 15.19 ON 27-05-14
Days of Rain: 17 (> .2 mm) 10 (> 2 mm) 0 (> 20 mm)
Heat Base:  18.3  Cool Base:  18.3  Method: Integration