NOAA-Stijl Klimaat Rapport

Kies een jaar- of maandrapport
2018: jan feb maa apr mei jun jul aug sep okt nov dec
2017: jan feb maa apr mei jun jul aug sep okt nov dec
2016: jan feb maa apr mei jun jul aug sep okt nov dec
2015: jan feb maa apr mei jun jul aug sep okt nov dec
2014: jan feb maa apr mei jun jul aug sep okt nov dec
2013: jan feb maa apr mei jun jul aug sep okt nov dec
2012: jan feb maa apr mei jun jul aug sep okt nov dec
2011: jan feb maa apr mei jun jul aug sep okt nov dec

Rapport voor 2014 juni
                   MONTHLY CLIMATOLOGICAL SUMMARY for JUN. 2014

NAME: Weerstation Schinnen   CITY: Schinnen   STATE: The Netherlands 
ELEV:    75 m  LAT:  50° 56' 32" N  LONG:   5° 53' 16" E

                   TEMPERATURE (°C), RAIN  (mm), WIND SPEED (m/s)

                                      HEAT  COOL        AVG
    MEAN                              DEG   DEG         WIND                 DOM
DAY TEMP  HIGH   TIME   LOW    TIME   DAYS  DAYS  RAIN  SPEED HIGH   TIME    DIR
------------------------------------------------------------------------------------
 1  14.2  20.2   17:00   7.8   00:00   4.2   0.1   0.0   0.1   3.1   13:30     N
 2  14.6  24.0   15:00   4.6    6:00   5.1   1.4   0.0   0.0   2.7   16:00    NW
 3  15.4  25.6   13:30   6.1    6:00   4.7   1.8   5.0   0.0   4.5   19:30    SE
 4  14.8  20.7   16:00   9.6    5:30   3.7   0.2   7.4   0.1   4.5   15:30   WNW
 5  12.6  19.2   16:30   7.7    5:00   5.8   0.0   0.8   0.4   5.8    9:00   WSW
 6  16.5  26.8   18:00   4.5    6:00   4.7   2.9   0.0   0.1   2.2   16:00    NW
 7  21.2  32.5   13:30  10.0    6:00   2.3   5.2   0.0   0.0   3.1   15:30    NW
 8  21.9  28.6   18:00  15.9    6:00   0.3   3.9   5.2   0.1   6.7   10:30     N
 9  23.3  31.2   17:30  17.2   00:00   0.1   5.1  16.6   0.2   5.8   21:30    NW
10  22.2  30.4   15:00  15.6    3:00   0.5   4.4   9.2   0.0   3.6    4:30   ESE
11  19.0  25.7   16:30  12.4   00:00   1.2   1.9   9.6   0.0   2.7   17:30   ESE
12  17.1  24.5   14:30   8.6    6:00   3.2   2.0   0.0   0.2   2.7    9:30    NW
13  17.6  24.2   15:30   9.6    6:00   2.7   2.0   0.0   0.1   3.1   16:00   ESE
14  15.9  19.7   18:30  11.9   23:00   2.5   0.1   0.2   0.1   3.6   19:30    NW
15  16.3  22.7   17:30  10.9    5:30   2.7   0.7   0.0   0.2   2.7    1:00    NW
16  14.8  19.8   13:00   8.3    6:00   3.6   0.1   0.0   0.1   2.7   19:00   WNW
17  16.4  21.4   17:00  10.1    5:30   2.5   0.6   0.0   0.2   2.7    2:00   ESE
18  16.9  23.3   17:30   9.8    5:30   2.5   1.1   0.0   0.2   4.9   15:30   ESE
19  15.5  21.0   17:00   9.7    5:00   3.1   0.3   0.4   0.0   2.7   10:00   ESE
20  14.8  19.8   17:30  10.4   00:00   3.5   0.0   0.4   0.0   2.2   10:30   ESE
21  15.2  23.3   16:00   6.3    6:00   4.1   1.0   0.0   0.0   1.8   13:00   ESE
22  16.8  24.3   14:00   8.9    5:00   3.0   1.6   0.0   0.1   2.7   13:00   WNW
23  15.4  22.9   17:30   6.4    5:30   4.1   1.2   0.0   0.2   4.0   16:00    NW
24  16.7  24.4   18:00   7.8    6:00   3.3   1.6   0.0   0.0   3.6   23:00   ESE
25  15.4  20.9   16:00   9.1   00:00   3.3   0.4   0.0   0.2   3.6   10:30    NW
26  15.9  24.6   18:00   7.7    4:30   4.2   1.9   0.0   0.0   2.7   12:30    NW
27  16.4  25.3   15:00   9.4    4:30   3.5   1.6  19.0   0.0   4.0   13:30   WSW
28  14.9  19.4   12:30  10.9    3:30   3.4   0.0   6.2   0.0   1.3   10:30   ESE
29  14.8  20.3   14:30  10.9   00:00   3.5   0.1   4.4   0.0   2.7   14:00   ESE
30  15.1  21.4   15:00  10.0    1:30   3.4   0.2   0.6   0.0   2.7   13:00   ESE
-------------------------------------------------------------------------------------
    16.6  32.5     7     4.5     6    94.6  43.5  85.0   0.1   6.7     8     ESE

Max >=  32.0:  1
Max <=   0.0:  0
Min <=   0.0:  0
Min <= -18.0:  0
Max Rain: 19.00 ON 27-06-14
Days of Rain: 14 (> .2 mm) 9 (> 2 mm) 0 (> 20 mm)
Heat Base:  18.3  Cool Base:  18.3  Method: Integration