NOAA-Stijl Klimaat Rapport

Kies een jaar- of maandrapport
2018: jan feb maa apr mei jun jul aug sep okt nov dec
2017: jan feb maa apr mei jun jul aug sep okt nov dec
2016: jan feb maa apr mei jun jul aug sep okt nov dec
2015: jan feb maa apr mei jun jul aug sep okt nov dec
2014: jan feb maa apr mei jun jul aug sep okt nov dec
2013: jan feb maa apr mei jun jul aug sep okt nov dec
2012: jan feb maa apr mei jun jul aug sep okt nov dec
2011: jan feb maa apr mei jun jul aug sep okt nov dec

Rapport voor 2014 juli
                   MONTHLY CLIMATOLOGICAL SUMMARY for JUL. 2014

NAME: Weerstation Schinnen   CITY: Schinnen   STATE: The Netherlands 
ELEV:    75 m  LAT:  50° 56' 32" N  LONG:   5° 53' 16" E

                   TEMPERATURE (°C), RAIN  (mm), WIND SPEED (m/s)

                                      HEAT  COOL        AVG
    MEAN                              DEG   DEG         WIND                 DOM
DAY TEMP  HIGH   TIME   LOW    TIME   DAYS  DAYS  RAIN  SPEED HIGH   TIME    DIR
------------------------------------------------------------------------------------
 1  14.5  22.4   18:00   5.3    6:00   4.7   0.9   0.0   0.1   3.1   11:00   ESE
 2  15.8  24.3   18:00   6.4    6:00   4.1   1.6   0.0   0.1   1.8   10:00   ESE
 3  18.7  28.7   18:00   7.6    6:00   3.3   3.7   0.0   0.1   3.1   11:00   ESE
 4  20.9  30.5   13:30  10.8    6:00   2.0   4.6   0.0   0.0   3.1   13:30     W
 5  19.7  23.1   17:30  17.1    3:30   0.1   1.5   5.2   0.2   4.9   12:30     W
 6  20.3  27.3   18:30  15.3    6:00   0.8   2.9   2.6   0.2   5.8   10:30     W
 7  18.1  25.2   17:00  10.6    7:00   2.2   2.0   0.0   0.0   2.7   19:00   ESE
 8  14.8  15.9    0:30  13.5   00:00   3.5   0.0  41.6   0.0   2.7   11:30   ESE
 9  14.1  16.7   00:00  12.1    6:00   4.2   0.0  55.2   0.0   3.6   14:00   ESE
10  20.8  28.9   17:00  16.7    0:30   0.2   2.8   5.0   0.0   2.7   18:30   ESE
11  18.9  22.7   17:00  16.5    4:30   0.6   1.2   0.6   0.0   1.8    2:00   ESE
12  17.4  19.1   19:30  16.2    1:00   0.9   0.1   0.0   0.0   1.8   10:30    SE
13  17.9  22.8   15:00  15.7    4:30   1.0   0.6  19.0   0.0   6.3   15:30   WSW
14  17.7  25.2   17:30  13.3   00:00   2.0   1.4   6.4   0.0   3.6   10:00   WSW
15  16.8  22.2   15:30   9.3    6:00   2.6   1.1   0.0   0.0   4.0   12:00   WSW
16  20.7  28.8   18:30  12.8    6:30   1.3   3.7   0.0   0.0   2.2   13:30   WSW
17  22.2  30.7   13:30  13.0    5:30   1.4   5.2   0.0   0.0   2.2   18:30    NW
18  24.4  34.8   17:30  14.9    6:30   0.7   6.8   0.0   0.0   1.8   13:00   WNW
19  25.3  34.6   17:30  16.5    6:30   0.2   7.2   0.0   0.0   2.7   12:30   WNW
20  22.1  29.9   14:00  18.8   00:00   0.0   3.8  14.0   0.0   2.2   15:00   ESE
21  19.5  22.3   14:30  17.2    3:00   0.1   1.3   7.6   0.0   1.8   18:00   ESE
22  22.3  27.8   14:30  17.3   00:00   0.0   4.1   1.4   0.1   3.1   15:30   ESE
23  22.7  30.6   16:30  14.8    6:00   0.7   5.1   0.0   0.2   4.5   13:30    NW
24  20.1  28.4   15:30  14.0    6:30   1.2   2.9   5.0   0.1   3.6   17:00    NW
25  18.6  24.5   15:30  12.7    7:00   1.7   1.9   0.2   0.2   3.1   17:00    NW
26  20.5  28.3   17:30  14.4    4:00   0.9   3.1   0.0   0.0   1.3   13:30   ESE
27  21.4  28.3   16:30  15.3    3:30   0.4   3.5   0.0   0.0   2.2   22:30   ESE
28  20.7  25.9   12:00  16.2    5:30   0.4   2.8   1.0   0.0   1.8   15:30   ESE
29  20.1  28.1   15:30  17.3    6:30   0.1   1.9  46.6   0.0   2.7   16:00   ESE
30  20.0  25.2   17:30  14.4   00:00   0.5   2.2   0.0   0.0   3.1   13:30   ESE
31  18.6  28.5   18:30  10.0    6:00   2.6   2.9   0.0   0.0   2.2   14:00   WSW
-------------------------------------------------------------------------------------
    19.5  34.8    18     5.3     1    44.6  82.8 211.4   0.1   6.3    13     ESE

Max >=  32.0:  2
Max <=   0.0:  0
Min <=   0.0:  0
Min <= -18.0:  0
Max Rain: 55.19 ON 09-07-14
Days of Rain: 15 (> .2 mm) 11 (> 2 mm) 3 (> 20 mm)
Heat Base:  18.3  Cool Base:  18.3  Method: Integration