NOAA-Stijl Klimaat Rapport

Kies een jaar- of maandrapport
2018: jan feb maa apr mei jun jul aug sep okt nov dec
2017: jan feb maa apr mei jun jul aug sep okt nov dec
2016: jan feb maa apr mei jun jul aug sep okt nov dec
2015: jan feb maa apr mei jun jul aug sep okt nov dec
2014: jan feb maa apr mei jun jul aug sep okt nov dec
2013: jan feb maa apr mei jun jul aug sep okt nov dec
2012: jan feb maa apr mei jun jul aug sep okt nov dec
2011: jan feb maa apr mei jun jul aug sep okt nov dec

Rapport voor 2014 augustus
                   MONTHLY CLIMATOLOGICAL SUMMARY for AUG. 2014

NAME: Weerstation Schinnen   CITY: Schinnen   STATE: The Netherlands 
ELEV:    75 m  LAT:  50° 56' 32" N  LONG:   5° 53' 16" E

                   TEMPERATURE (°C), RAIN  (mm), WIND SPEED (m/s)

                                      HEAT  COOL        AVG
    MEAN                              DEG   DEG         WIND                 DOM
DAY TEMP  HIGH   TIME   LOW    TIME   DAYS  DAYS  RAIN  SPEED HIGH   TIME    DIR
------------------------------------------------------------------------------------
 1  20.4  29.3   17:30  12.5    6:30   1.6   3.8   0.0   0.0   2.2   12:30   WNW
 2  20.4  29.6   13:00  14.3    4:00   1.1   3.2   4.6   0.0   4.0   14:00     W
 3  19.7  27.6   14:30  13.6    6:30   1.4   2.8  63.4   0.0   3.6   19:30    NW
 4  19.3  25.3   16:30  15.1   00:00   0.8   1.8   0.4   0.0   1.8   13:30     E
 5  18.6  26.2   14:30  13.0   00:00   1.9   2.2   0.0   0.0   1.8   15:00   ESE
 6  17.1  26.2   12:30  10.8    6:30   2.6   1.4   6.2   0.0   3.1   12:30   WSW
 7  19.8  26.8   17:30  13.6    7:00   1.1   2.5   0.0   0.0   2.2   11:00   ESE
 8  19.2  24.9   12:30  14.4    5:30   0.9   1.8  21.0   0.0   1.8   15:00    NW
 9  19.1  23.3   18:00  15.0   00:00   0.6   1.4   3.2   0.3   5.8   11:30   ESE
10  18.6  25.1   17:30  13.2    3:00   1.6   1.9   2.2   0.2   4.9   13:30   WNW
11  16.0  21.1   16:00  12.9    7:00   2.6   0.3   4.0   0.3   4.9   16:30   WSW
12  15.4  21.3   16:00  11.8   23:00   3.2   0.3   7.0   0.2   7.6   13:00   WSW
13  16.4  23.2   18:00  11.2    7:00   2.9   1.0   0.2   0.0   2.7   18:00    SE
14  15.1  20.0   14:30  12.5    3:30   3.3   0.1   4.6   0.0   4.5   12:30   WSW
15  14.6  20.6   14:30  10.3    2:30   3.9   0.1   8.4   0.0   2.2   13:00   ESE
16  15.1  20.2   15:00  11.0   00:00   3.4   0.2   3.0   0.0   3.6   15:30   ESE
17  14.9  18.8   17:30  10.8    0:30   3.4   0.0   4.6   0.5   6.7   14:30   WSW
18  15.2  20.2   14:30  11.5   00:00   3.2   0.1   1.4   0.4   4.9    3:30   ESE
19  12.9  17.8   16:00   8.6   22:30   5.4   0.0   0.6   0.1   3.6   10:30   ESE
20  12.4  20.4   16:00   5.8    7:00   6.0   0.1   0.8   0.0   3.1   17:00   ESE
21  12.9  20.7   18:00   6.2    7:00   5.6   0.2   0.0   0.0   3.1   12:30   WSW
22  13.4  20.3   14:30   7.6    6:30   5.0   0.2   3.4   0.1   4.9   17:00   ESE
23  13.3  20.3   14:30   8.6   23:30   5.1   0.1   3.4   0.0   3.1   14:30   ESE
24  12.4  19.9   16:30   6.8    6:30   6.0   0.1   0.2   0.0   2.7   12:00   ESE
25  13.8  20.6   14:00   7.7    7:30   4.8   0.2  13.8   0.0   2.7   16:00     W
26  14.2  15.9   16:30  13.3    4:00   4.1   0.0  45.8   0.0   2.7   17:30    NW
27  15.1  20.5   17:30  11.0    6:30   3.5   0.2   0.2   0.0   2.7   14:00   WNW
28  17.0  24.3   18:00   9.6    6:30   2.7   1.4   0.4   0.1   3.1   11:00     W
29  16.2  21.1   18:00  12.9    5:30   2.3   0.2   0.4   0.0   4.0   15:30     W
30  16.3  19.4   15:30  13.6    2:00   2.1   0.1   4.6   0.2   5.4   16:00   WSW
31  14.9  20.1   15:30  11.0   00:00   3.5   0.1   1.6   0.0   2.7   10:30   ESE
-------------------------------------------------------------------------------------
    16.1  29.6     2     5.8    20    95.6  27.7 209.4   0.1   7.6    12     ESE

Max >=  32.0:  0
Max <=   0.0:  0
Min <=   0.0:  0
Min <= -18.0:  0
Max Rain: 63.40 ON 03-08-14
Days of Rain: 27 (> .2 mm) 17 (> 2 mm) 3 (> 20 mm)
Heat Base:  18.3  Cool Base:  18.3  Method: Integration