NOAA-Stijl Klimaat Rapport

Kies een jaar- of maandrapport
2018: jan feb maa apr mei jun jul aug sep okt nov dec
2017: jan feb maa apr mei jun jul aug sep okt nov dec
2016: jan feb maa apr mei jun jul aug sep okt nov dec
2015: jan feb maa apr mei jun jul aug sep okt nov dec
2014: jan feb maa apr mei jun jul aug sep okt nov dec
2013: jan feb maa apr mei jun jul aug sep okt nov dec
2012: jan feb maa apr mei jun jul aug sep okt nov dec
2011: jan feb maa apr mei jun jul aug sep okt nov dec

Rapport voor 2014 september
                   MONTHLY CLIMATOLOGICAL SUMMARY for SEP. 2014

NAME: Weerstation Schinnen   CITY: Schinnen   STATE: The Netherlands 
ELEV:    75 m  LAT:  50° 56' 32" N  LONG:   5° 53' 16" E

                   TEMPERATURE (°C), RAIN  (mm), WIND SPEED (m/s)

                                      HEAT  COOL        AVG
    MEAN                              DEG   DEG         WIND                 DOM
DAY TEMP  HIGH   TIME   LOW    TIME   DAYS  DAYS  RAIN  SPEED HIGH   TIME    DIR
------------------------------------------------------------------------------------
 1  14.4  21.5   18:00   7.8    5:30   4.3   0.4   0.2   0.0   1.3   13:30    SE
 2  16.8  22.9   17:30  11.3    2:00   2.6   1.1   0.0   0.0   2.2   16:00   ESE
 3  16.3  22.4   16:00  11.7    3:30   2.8   0.8   0.0   0.2   4.0   14:30    NW
 4  17.7  23.4   17:00  11.7    6:30   1.9   1.3   0.0   0.1   3.1   15:30    NW
 5  18.8  25.4   17:00  14.8    8:00   1.3   1.8   0.0   0.0   1.8   11:00   WSW
 6  17.9  23.7   15:00  12.3    6:30   1.7   1.3   0.0   0.0   1.8   11:30   WSW
 7  17.3  24.4   14:30  12.5    7:30   2.1   1.1   0.0   0.0   1.3   17:00     W
 8  14.7  22.1   17:00   9.8   00:00   4.2   0.5   0.0   0.0   1.8   14:30    NW
 9  13.7  20.7   15:00   7.4    6:00   4.8   0.2   0.0   0.0   2.2   13:30    NW
10  15.2  19.1   14:00  12.8    7:00   3.2   0.0   0.0   0.1   2.7   12:30    NW
11  15.1  21.5   17:00   9.2   00:00   3.7   0.4   0.0   0.1   3.1   16:30    NW
12  13.4  21.7   14:30   5.8    7:00   5.5   0.6   0.0   0.1   3.6   15:00    NW
13  14.8  21.1   17:30  10.2   23:30   3.9   0.4   0.0   0.1   2.7   13:30    NW
14  14.1  21.8   15:00   8.2    4:00   4.7   0.5   0.0   0.0   2.2   15:00    NW
15  15.3  23.3   18:00   8.6    7:30   3.9   0.9   0.0   0.1   3.1   13:30    NW
16  16.3  24.5   15:30  10.2    7:30   3.3   1.3   0.0   0.0   3.1   15:30    NW
17  16.5  26.2   17:30   8.9    8:00   3.8   2.0   0.0   0.1   2.7   12:30    NW
18  17.0  23.2   17:30  11.9    5:30   2.0   0.8  19.2   0.0   1.3   16:00    NW
19  18.1  25.0   18:30  12.2    7:30   2.0   1.7   0.0   0.0   2.7   12:30   ESE
20  18.6  25.4   16:00  14.0    6:00   1.6   1.8   0.0   0.0   2.2   16:00   ESE
21  15.8  19.0   16:30  10.4   22:30   2.5   0.0  15.6   0.0   3.1   15:30   ESE
22  12.7  17.9   17:30   6.2   00:00   5.6   0.0   0.0   0.1   3.6   12:00   ESE
23  10.4  18.8   17:00   4.3    5:00   7.9   0.0   0.0   0.0   1.3   11:30   WSW
24  11.2  16.1   15:00   6.2    5:00   7.1   0.0   5.0   0.1   3.6   16:30     W
25  13.6  17.8   14:00  10.2    5:00   4.3   0.0   0.2   0.0   3.1   17:00   ESE
26  15.3  19.0   15:00  11.3    1:30   2.6   0.1   0.0   0.1   3.6   13:00     W
27  16.3  21.8   14:30   9.9   00:00   2.2   0.7   0.0   0.0   2.2   15:00    NW
28  14.3  25.1   18:00   6.9    7:30   5.2   1.2   0.0   0.0   1.3   14:00   ESE
29  15.3  20.5   12:30  10.6    3:30   3.4   0.4   0.2   0.0   4.0   15:00     W
30  16.6  21.6   15:30  12.6   22:00   2.2   0.6   0.2   0.0   2.2   13:30   ESE
-------------------------------------------------------------------------------------
    15.4  26.2    17     4.3    23   106.3  22.2  40.6   0.1   4.0     3      NW

Max >=  32.0:  0
Max <=   0.0:  0
Min <=   0.0:  0
Min <= -18.0:  0
Max Rain: 19.20 ON 18-09-14
Days of Rain: 7 (> .2 mm) 3 (> 2 mm) 0 (> 20 mm)
Heat Base:  18.3  Cool Base:  18.3  Method: Integration