NOAA-Stijl Klimaat Rapport

Kies een jaar- of maandrapport
2018: jan feb maa apr mei jun jul aug sep okt nov dec
2017: jan feb maa apr mei jun jul aug sep okt nov dec
2016: jan feb maa apr mei jun jul aug sep okt nov dec
2015: jan feb maa apr mei jun jul aug sep okt nov dec
2014: jan feb maa apr mei jun jul aug sep okt nov dec
2013: jan feb maa apr mei jun jul aug sep okt nov dec
2012: jan feb maa apr mei jun jul aug sep okt nov dec
2011: jan feb maa apr mei jun jul aug sep okt nov dec

Rapport voor 2014 november
                   MONTHLY CLIMATOLOGICAL SUMMARY for NOV. 2014

NAME: Weerstation Schinnen   CITY: Schinnen   STATE: The Netherlands 
ELEV:    75 m  LAT:  50° 56' 32" N  LONG:   5° 53' 16" E

                   TEMPERATURE (°C), RAIN  (mm), WIND SPEED (m/s)

                                      HEAT  COOL        AVG
    MEAN                              DEG   DEG         WIND                 DOM
DAY TEMP  HIGH   TIME   LOW    TIME   DAYS  DAYS  RAIN  SPEED HIGH   TIME    DIR
------------------------------------------------------------------------------------
 1  12.3  22.0   14:30   7.4    7:00   6.5   0.5   0.0   0.0   3.6   12:30     W
 2  14.8  18.7   13:30  10.2    1:00   3.6   0.0   0.4   0.3   5.4   11:30     W
 3  14.2  16.3   15:00   9.9   00:00   4.2   0.0   5.0   0.8   7.2   17:30   WSW
 4   9.4  11.8   13:00   6.8   00:00   8.9   0.0   6.4   0.0   1.8   10:30   WSW
 5   6.8  12.2   13:00   1.2   23:30  11.5   0.0   0.0   0.0   3.6   11:00    SW
 6   5.7   9.5   13:00   1.1   23:00  12.7   0.0   0.4   0.1   3.1   10:30   WSW
 7   6.8  10.6   14:00   0.2    3:30  11.5   0.0   0.6   0.3   6.3   15:00     W
 8   9.7  14.1   15:30   5.7   22:00   8.6   0.0   0.0   0.4   5.8    2:30     W
 9   7.8  13.8   15:00   3.7    8:00  10.6   0.0   0.2   0.0   2.2   15:00   NNE
10   8.0  13.5   14:00   1.8   00:00  10.3   0.0   1.6   0.1   4.0   14:30   WSW
11   8.2  13.1   16:00   0.9    4:00  10.1   0.0   0.2   0.1   4.0   14:30   NNE
12   7.7  11.7   15:00   3.4   00:00  10.6   0.0   1.6   0.0   1.3    6:00   NNE
13   5.3  14.1   14:30   1.0    8:30  13.0   0.0   0.2   0.0   1.3   13:30     W
14   9.8  15.3   14:30   2.1    2:00   8.5   0.0   2.6   0.1   3.1   10:00   NNE
15   9.4  11.8   13:30   6.2   21:00   8.9   0.0   6.2   0.0   3.6   14:00    SW
16   7.8   9.8   16:00   5.2   00:00  10.5   0.0   8.6   0.0   0.4   14:30    SW
17   7.8  11.0   12:30   4.7   00:00  10.5   0.0   0.4   0.0   1.8   13:00     N
18   7.6   9.3   15:30   4.1    2:30  10.7   0.0   0.4   0.0   1.3   10:30   NNE
19   6.9  10.1   13:30   1.6   00:00  11.4   0.0   0.2   0.0   1.8   12:30   NNE
20   3.3   7.0   16:00   0.0   00:00  15.0   0.0   0.2   0.1   3.1   14:00   NNE
21   3.1   9.2   14:30  -1.0    2:30  15.2   0.0   0.2   0.1   3.1   13:00   NNE
22   5.3  15.1   14:30  -0.1    7:30  13.0   0.0   0.2   0.0   1.3   14:30   NNE
23   8.7  16.3   13:30   3.1    8:00   9.6   0.0   0.0   0.0   1.8   12:00   WSW
24   6.3  12.7    1:30  -1.4   00:00  12.0   0.0   2.4   0.0   4.0    2:00    NE
25   3.4   8.2   14:30  -2.2    4:00  14.9   0.0   0.2   0.4   4.9   15:30   NNE
26   5.9   7.1   12:30   4.3    1:00  12.4   0.0   1.0   0.2   3.6    1:00   NNE
27   7.2   8.4   13:30   4.3   00:00  11.1   0.0   5.0   0.0   2.2   15:00   NNE
28   6.3   9.2   14:00   3.9    0:30  12.0   0.0   0.0   0.4   5.8   13:00   NNE
29   4.3   6.1   13:00   3.3    9:00  14.0   0.0   0.0   0.6   5.4   13:00   NNE
30   2.8   3.8    0:30   2.1   18:30  15.5   0.0   0.4   0.1   3.6    4:00   NNE
-------------------------------------------------------------------------------------
     7.4  22.0     1    -2.2    25   326.9   0.5  44.7   0.2   7.2     3     NNE

Max >=  32.0:  0
Max <=   0.0:  0
Min <=   0.0:  5
Min <= -18.0:  0
Max Rain: 8.61 ON 16-11-14
Days of Rain: 24 (> .2 mm) 7 (> 2 mm) 0 (> 20 mm)
Heat Base:  18.3  Cool Base:  18.3  Method: Integration