NOAA-Stijl Klimaat Rapport

Kies een jaar- of maandrapport
2018: jan feb maa apr mei jun jul aug sep okt nov dec
2017: jan feb maa apr mei jun jul aug sep okt nov dec
2016: jan feb maa apr mei jun jul aug sep okt nov dec
2015: jan feb maa apr mei jun jul aug sep okt nov dec
2014: jan feb maa apr mei jun jul aug sep okt nov dec
2013: jan feb maa apr mei jun jul aug sep okt nov dec
2012: jan feb maa apr mei jun jul aug sep okt nov dec
2011: jan feb maa apr mei jun jul aug sep okt nov dec

Rapport voor 2014 december
                   MONTHLY CLIMATOLOGICAL SUMMARY for DEC. 2014

NAME: Weerstation Schinnen   CITY: Schinnen   STATE: The Netherlands 
ELEV:    75 m  LAT:  50° 56' 32" N  LONG:   5° 53' 16" E

                   TEMPERATURE (°C), RAIN  (mm), WIND SPEED (m/s)

                                      HEAT  COOL        AVG
    MEAN                              DEG   DEG         WIND                 DOM
DAY TEMP  HIGH   TIME   LOW    TIME   DAYS  DAYS  RAIN  SPEED HIGH   TIME    DIR
------------------------------------------------------------------------------------
 1   3.3   4.1   12:30   2.7   00:00  15.0   0.0   0.0   0.5   4.5    4:00   NNE
 2   1.8   2.8    0:30   1.0   20:00  16.5   0.0   0.4   0.4   3.6    1:30    NE
 3   0.1   1.4    0:30  -0.7   20:00  18.2   0.0   0.0   0.5   3.1    8:30    NE
 4   1.7   3.6   14:00  -0.7    0:30  16.6   0.0   0.0   0.2   2.7    6:30   NNE
 5   4.1   5.8   14:30   2.7    0:30  14.2   0.0   0.2   0.1   2.7   20:30   WSW
 6   5.0   7.8   14:30   0.9   23:30  13.3   0.0   0.2   0.0   2.7    2:00    SW
 7   4.1   5.9   15:00   1.0    9:00  14.2   0.0   3.2   0.4   4.9   20:00    SW
 8   2.3   5.8   13:30  -0.8    7:30  16.0   0.0   3.2   0.1   4.0   13:00   WSW
 9   3.2   4.9   13:00   0.2    2:30  15.1   0.0   0.8   0.1   4.5   00:00    SW
10   5.4   9.2   14:00   1.7   19:00  12.8   0.0   3.6   0.9   7.6    8:00    SW
11   5.6   8.1   14:00   2.9   18:30   8.5   0.0   3.2   0.7   7.2   11:30    SW
12   8.3   9.5   16:30   6.2   00:00   6.3   0.0  25.4   0.8  10.3   13:30    SW
13   3.8   6.2    0:30   0.2   23:30  14.5   0.0   0.6   0.0   2.7    5:00    SW
14   1.3   5.6   13:30  -2.1   20:00  17.0   0.0   0.0   0.1   4.0   00:00    SW
15   4.1   5.4   15:00   1.2    0:30  14.2   0.0   2.2   0.5   5.8   11:30    SW
16   5.4   7.3   12:30   2.5   00:00  12.8   0.0   0.8   0.2   3.1   12:30    SW
17   6.7  10.3   21:30   2.2    1:00  11.6   0.0   4.4   0.4   6.7   10:00    SW
18  11.5  12.6   16:30   9.9    1:30   6.8   0.0   1.8   0.9   7.2   17:30    SW
19   9.2  12.5    0:30   4.8   19:30   9.1   0.0  20.0   1.0   8.9    3:00    SW
20   6.1   7.8   16:30   4.3    7:30  12.2   0.0   0.4   0.8   6.7   12:30    SW
21   6.2   8.3   00:00   3.1    7:00  12.1   0.0   0.6   0.8   9.4   23:00    SW
22   9.7  11.7   00:00   8.1   10:00   8.6   0.0   0.2   1.9   8.5    1:30    SW
23  10.7  11.6    0:30   9.6   00:00   7.6   0.0   0.4   1.4   8.0    1:30    SW
24   8.2   9.6    0:30   4.4   00:00  10.1   0.0   9.4   1.0   9.8    6:00    SW
25   4.6   7.2   15:30   1.7   00:00  13.7   0.0   5.6   0.4   6.3    5:30    SW
26   2.8   5.1   14:30  -0.1    5:30  15.5   0.0   1.2   0.0   3.1   17:00    SW
27   2.0   3.7    2:30   0.1   00:00  16.3   0.0  11.4   0.9   7.2   23:00   NNE
28  -3.3   0.2    0:30  -6.9   21:00  21.6   0.0   0.0   0.8   6.7    4:00    NE
29   0.3   4.7   15:00  -4.1    0:30  18.0   0.0   0.0   0.2   5.8    5:30    SW
30   2.7   5.9   14:00  -0.5    0:30  15.6   0.0   0.8   0.0   2.2   14:30    SW
31   2.6   6.1   14:30  -1.7   23:00  15.8   0.0   0.2   0.0   2.7   13:00    SW
-------------------------------------------------------------------------------------
     4.5  12.6    18    -6.9    28   419.7   0.0 100.2   0.5  10.3    12      SW

Max >=  32.0:  0
Max <=   0.0:  0
Min <=   0.0:  9
Min <= -18.0:  0
Max Rain: 25.40 ON 12-12-14
Days of Rain: 25 (> .2 mm) 11 (> 2 mm) 1 (> 20 mm)
Heat Base:  18.3  Cool Base:  18.3  Method: Integration