NOAA-Stijl Klimaat Rapport

Kies een jaar- of maandrapport
2018: jan feb maa apr mei jun jul aug sep okt nov dec
2017: jan feb maa apr mei jun jul aug sep okt nov dec
2016: jan feb maa apr mei jun jul aug sep okt nov dec
2015: jan feb maa apr mei jun jul aug sep okt nov dec
2014: jan feb maa apr mei jun jul aug sep okt nov dec
2013: jan feb maa apr mei jun jul aug sep okt nov dec
2012: jan feb maa apr mei jun jul aug sep okt nov dec
2011: jan feb maa apr mei jun jul aug sep okt nov dec

Rapport voor 2015 maart
                   MONTHLY CLIMATOLOGICAL SUMMARY for MAR. 2015

NAME: Weerstation Schinnen   CITY: Schinnen   STATE: The Netherlands 
ELEV:    75 m  LAT:  50° 56' 32" N  LONG:   5° 53' 16" E

                   TEMPERATURE (°C), RAIN  (mm), WIND SPEED (m/s)

                                      HEAT  COOL        AVG
    MEAN                              DEG   DEG         WIND                 DOM
DAY TEMP  HIGH   TIME   LOW    TIME   DAYS  DAYS  RAIN  SPEED HIGH   TIME    DIR
------------------------------------------------------------------------------------
 1   8.3  11.8   13:00   5.4    3:30  10.0   0.0   2.8   1.1   8.0    6:30    SW
 2   5.6   9.6   13:30   2.2   21:30  12.7   0.0   4.4   0.8   7.6    1:30    SW
 3   4.4   9.6   13:30   1.9   23:30  13.9   0.0   7.0   0.7   7.2   12:30    SW
 4   4.6   9.4   14:30   1.5    6:30  13.7   0.0   0.8   0.5   7.2   16:30    SW
 5   4.3  10.2   16:00  -1.9   00:00  14.0   0.0   0.2   0.1   2.7   10:00    SW
 6   3.5   9.9   15:30  -2.4    1:30  14.8   0.0   0.0   0.2   4.0   13:00    SW
 7   4.9  15.8   17:00  -2.3    3:00  13.4   0.0   0.0   0.2   4.9   13:00    SW
 8   7.1  19.8   15:00  -2.7    7:30  11.3   0.1   0.0   0.2   4.0   13:00    SW
 9   7.9  12.8   16:30   2.7   22:00  10.4   0.0   0.2   0.0   1.8   13:30   NNE
10   7.9  14.1   14:00   0.9   00:00  10.3   0.0   1.4   0.1   3.6   16:30   NNE
11   2.7  10.8   16:30  -3.0    6:00  15.7   0.0   0.0   0.3   3.6   14:30   NNE
12   3.2  13.1   16:30  -4.6    7:30  15.1   0.0   0.0   0.4   4.9   13:00   NNE
13   3.7   9.7   16:30  -2.8    7:30  14.6   0.0   0.0   0.5   6.3   13:30   NNE
14   3.8   7.2   14:30  -0.7    6:30  14.5   0.0   0.6   0.7   4.9   14:00   NNE
15   5.6   7.3   13:00   3.8    0:30  12.7   0.0   0.8   0.7   5.4   10:00   NNE
16   4.6  12.9   16:00  -1.8    7:30  13.7   0.0   0.0   0.3   4.5   11:00   NNE
17   6.8  17.6   15:30  -2.2    6:30  11.5   0.0   0.0   0.4   4.0   14:30   NNE
18   7.7  17.0   15:00  -0.7    7:00  10.6   0.0   0.0   0.3   4.5   16:30    NE
19   6.5   7.7   14:30   5.5    8:00  11.8   0.0   0.0   0.1   2.7    9:30   NNE
20   6.3   8.8   13:30   2.2   23:30  12.0   0.0   0.0   0.3   3.1   12:30   NNE
21   6.0   9.3   12:30   3.7    0:30  12.3   0.0   5.6   0.4   5.8   16:00    SW
22   4.4   8.3   16:00  -2.1   00:00  13.9   0.0   0.0   0.9   5.4    9:30   NNE
23   4.4  12.6   16:00  -3.4    7:00  13.9   0.0   0.2   0.1   3.1   13:00    SW
24   7.3  12.3   15:30   0.7    7:00  11.0   0.0   0.0   0.2   4.5   16:00    SW
25   5.9   7.1   17:30   5.0    7:00  12.4   0.0   9.4   0.0   2.7    1:00     N
26   5.9   8.8   12:00   3.6    7:00  12.4   0.0   3.0   0.4   6.7   15:00    SW
27   6.6  11.6   16:00   0.4   23:00  11.7   0.0   0.0   0.4   5.8   13:30    SW
28   7.2  11.7   00:00  -1.4    4:30  11.1   0.0   3.6   0.5   5.4   11:30    SW
29  10.6  11.9    0:30   8.7   00:00   7.4   0.0  14.8   1.6  11.2   17:00    SW
30   8.2  12.0   15:30   4.4   21:30  10.1   0.0   1.4   0.7   6.3    3:00    SW
31   9.8  13.5   14:30   4.6   23:30   8.5   0.0  10.6   1.6  10.7    4:00    SW
-------------------------------------------------------------------------------------
     6.0  19.8     8    -4.6    12   381.8   0.1  66.8   0.5  11.2    29      SW

Max >=  32.0:  0
Max <=   0.0:  0
Min <=   0.0: 14
Min <= -18.0:  0
Max Rain: 14.81 ON 29-03-15
Days of Rain: 17 (> .2 mm) 9 (> 2 mm) 0 (> 20 mm)
Heat Base:  18.3  Cool Base:  18.3  Method: Integration