NOAA-Stijl Klimaat Rapport

Kies een jaar- of maandrapport
2018: jan feb maa apr mei jun jul aug sep okt nov dec
2017: jan feb maa apr mei jun jul aug sep okt nov dec
2016: jan feb maa apr mei jun jul aug sep okt nov dec
2015: jan feb maa apr mei jun jul aug sep okt nov dec
2014: jan feb maa apr mei jun jul aug sep okt nov dec
2013: jan feb maa apr mei jun jul aug sep okt nov dec
2012: jan feb maa apr mei jun jul aug sep okt nov dec
2011: jan feb maa apr mei jun jul aug sep okt nov dec

Rapport voor 2015 april
                   MONTHLY CLIMATOLOGICAL SUMMARY for APR. 2015

NAME: Weerstation Schinnen   CITY: Schinnen   STATE: The Netherlands 
ELEV:    75 m  LAT:  50° 56' 32" N  LONG:   5° 53' 16" E

                   TEMPERATURE (°C), RAIN  (mm), WIND SPEED (m/s)

                                      HEAT  COOL        AVG
    MEAN                              DEG   DEG         WIND                 DOM
DAY TEMP  HIGH   TIME   LOW    TIME   DAYS  DAYS  RAIN  SPEED HIGH   TIME    DIR
------------------------------------------------------------------------------------
 1   6.9  10.1   15:00   3.5    7:30  11.4   0.0   1.2   0.9   7.2   14:30    SW
 2   6.5  10.7   17:30   1.4   00:00  11.8   0.0  11.2   0.8   8.5   15:00   NNE
 3   5.1  11.3   16:30  -2.2    5:00  13.2   0.0   0.0   0.1   3.6   13:00    SW
 4   6.1   9.4   18:30   3.6   11:30  12.3   0.0   3.8   0.7   6.3   19:00   NNE
 5   4.4  11.9   17:00  -1.6    3:30  13.9   0.0   0.0   0.2   3.6   17:00   NNE
 6   4.2  10.6   18:30  -1.8    5:00  14.1   0.0   0.0   0.1   2.7   18:00   NNE
 7   5.5  14.7   16:00  -2.8    7:00  12.8   0.0   0.0   0.2   4.5   12:30    SW
 8   5.7  11.9   18:00  -0.3    7:30  12.7   0.0   0.0   0.3   3.6   16:00   NNE
 9   9.8  21.6   17:30  -0.6    7:30   9.0   0.5   0.0   0.1   2.7   13:30    SW
10  12.0  24.5   17:00   0.7    7:00   7.5   1.2   0.0   0.2   3.6   14:00    SW
11  10.4  14.7   16:00   2.7   00:00   7.9   0.0   0.4   0.6   7.2   18:00    SW
12   9.3  18.3   18:00  -0.6    7:00   9.0   0.0   0.2   0.5   6.7   18:00    SW
13  10.9  16.0   17:30   3.9   00:00   7.4   0.0   0.0   0.4   6.3    1:00    NE
14  13.1  23.4   16:30   2.3    3:00   6.4   1.2   0.0   0.5   5.8   15:30    SW
15  15.4  26.2   18:00   4.4    7:00   5.3   2.3   0.0   0.3   5.4   15:00    SW
16  12.0  19.1   16:30   4.3    7:00   6.3   0.0   0.0   0.6   4.5   14:30   NNE
17  10.3  14.6   15:30   6.8    7:00   8.0   0.0   0.0   1.0   5.8   10:30    NE
18   8.1  15.3   18:00  -0.7    7:00  10.3   0.0   0.0   0.7   6.7   13:30   NNE
19   8.2  16.8   18:00  -0.8    6:30  10.1   0.0   0.0   0.5   5.4   17:00   NNE
20  10.5  20.4   17:00  -0.2    7:00   8.0   0.2   0.0   0.5   4.9   15:30   NNE
21  12.2  22.3   17:30   1.8    7:00   6.8   0.7   0.0   0.4   3.6   13:00    NE
22   9.7  17.3   17:30   1.6    7:00   8.6   0.0   0.0   0.4   4.0   15:00    NE
23   9.7  18.1   17:30   0.9    7:00   8.6   0.0   0.0   0.2   4.0   16:30    NE
24  13.1  23.9   17:00   1.0    7:00   6.5   1.2   0.2   0.3   4.9   16:00    SW
25  13.1  17.2   17:30   8.8   23:00   5.2   0.0   1.4   0.2   3.6   16:30   WSW
26  13.6  16.9   16:30  10.1    0:30   4.7   0.0  15.4   0.1   3.6    0:30    SW
27   9.6  12.4    0:30   5.2   22:30   8.7   0.0   8.2   0.7   4.5   10:30    NE
28   7.3  15.1   17:00  -0.6    7:00  11.0   0.0   0.0   0.4   5.8   12:30    SW
29   8.0  15.4   13:00  -1.3    6:00  10.3   0.0   0.0   0.3   4.5   11:30    SW
30   8.8  11.8   12:00   3.6   00:00   9.5   0.0   3.4   0.3   4.5   10:00    SW
-------------------------------------------------------------------------------------
     9.3  26.2    15    -2.8     7   277.1   7.4  45.4   0.4   8.5     2      SW

Max >=  32.0:  0
Max <=   0.0:  0
Min <=   0.0: 12
Min <= -18.0:  0
Max Rain: 15.39 ON 26-04-15
Days of Rain: 10 (> .2 mm) 5 (> 2 mm) 0 (> 20 mm)
Heat Base:  18.3  Cool Base:  18.3  Method: Integration