NOAA-Stijl Klimaat Rapport

Kies een jaar- of maandrapport
2018: jan feb maa apr mei jun jul aug sep okt nov dec
2017: jan feb maa apr mei jun jul aug sep okt nov dec
2016: jan feb maa apr mei jun jul aug sep okt nov dec
2015: jan feb maa apr mei jun jul aug sep okt nov dec
2014: jan feb maa apr mei jun jul aug sep okt nov dec
2013: jan feb maa apr mei jun jul aug sep okt nov dec
2012: jan feb maa apr mei jun jul aug sep okt nov dec
2011: jan feb maa apr mei jun jul aug sep okt nov dec

Rapport voor 2015 juli
                   MONTHLY CLIMATOLOGICAL SUMMARY for JUL. 2015

NAME: Weerstation Schinnen   CITY: Schinnen   STATE: The Netherlands 
ELEV:    75 m  LAT:  50° 56' 32" N  LONG:   5° 53' 16" E

                   TEMPERATURE (°C), RAIN  (mm), WIND SPEED (m/s)

                                      HEAT  COOL        AVG
    MEAN                              DEG   DEG         WIND                 DOM
DAY TEMP  HIGH   TIME   LOW    TIME   DAYS  DAYS  RAIN  SPEED HIGH   TIME    DIR
------------------------------------------------------------------------------------
 1  24.9  36.1   17:00  12.5    5:30   1.3   7.9   0.0   0.3   4.5   14:00   NNE
 2  27.3  38.3   16:00  16.7    5:00   0.2   9.2   0.0   0.1   3.6   15:00     W
 3  26.0  33.7   18:00  18.0    6:00   0.0   7.7   0.0   0.2   2.7   13:00    NE
 4  28.1  37.6   14:30  20.4    5:00   0.0   9.8   0.0   0.1   4.0   14:30   SSE
 5  22.1  31.3   15:30  16.6   23:00   0.1   3.9   1.8   0.1   4.0   17:00    NE
 6  19.9  28.2   17:00  12.6    6:00   1.4   3.1   0.0   0.2   4.0    1:30   SSE
 7  21.2  30.8   15:00  11.4    5:00   1.9   4.8   1.4   0.2   4.0   20:30   SSE
 8  16.4  20.7   17:30  12.9    7:00   2.1   0.2   1.2   0.7   7.2   17:00   SSE
 9  15.6  21.0   17:30   7.7   00:00   2.9   0.3   0.4   0.3   4.5   16:30   ENE
10  16.0  25.4   17:30   4.7    6:30   4.4   2.1   0.0   0.2   3.1   15:00   NNE
11  20.8  32.1   15:30  10.3    7:00   2.5   5.0   0.0   0.2   4.9   18:30   SSE
12  16.7  20.7   14:30  12.3    6:00   1.9   0.3   0.2   0.3   4.0   15:30   SSE
13  17.2  19.8   15:30  15.7    2:00   1.2   0.1   6.4   0.3   4.9   19:00   WSW
14  19.0  22.9   16:00  17.0    4:30   0.4   1.1   2.6   0.3   4.9   16:00   SSE
15  20.1  24.9   12:30  15.1    6:30   0.7   2.4   0.2   0.2   2.7   10:00   SSE
16  21.9  29.6   18:00  16.3    5:30   0.3   3.9   0.0   0.2   3.1   16:00   NNE
17  26.1  33.6   17:00  18.7    5:30   0.0   7.8   0.0   0.4   4.9   12:30   SSE
18  21.2  28.3   16:00  14.2   00:00   0.4   3.3   0.0   0.2   4.0   14:00   SSE
19  17.9  23.2   16:00  13.4   00:00   1.5   1.1  19.0   0.1   4.0   17:00    SE
20  18.7  23.9   18:00  11.8    4:00   1.6   2.0   5.0   0.1   3.1   17:00   WSW
21  21.4  26.8   17:30  17.6    2:30   0.0   3.1   0.6   0.1   4.9   18:30   WSW
22  21.1  27.8   17:00  17.2   00:00   0.2   2.9   0.0   0.1   3.1   14:30   SSE
23  18.1  24.7   16:30  11.9    6:00   1.9   1.7   0.0   0.1   2.7    2:00   SSE
24  20.0  28.1   16:00  12.8    4:30   1.5   3.2   0.6   0.0   1.8   13:00    NE
25  15.6  19.5    8:00   9.9   23:00   2.9   0.1   7.4   0.5   7.2   11:00    SE
26  14.6  22.9   14:00   7.3    6:30   4.4   0.7   4.8   0.1   4.0   12:00   WSW
27  16.8  20.9   17:00  13.7    0:30   1.9   0.4   2.2   0.7   7.2   15:30   WSW
28  15.4  18.4   18:30  11.5   23:30   2.9   0.0   0.0   0.5   5.4   12:00   SSW
29  15.0  21.7   17:00   9.0   00:00   3.6   0.2   0.6   0.4   5.4   17:30    SE
30  13.7  20.2   14:00   8.0    1:30   4.7   0.1   9.4   0.1   2.7   13:30   ENE
31  14.1  22.1   17:00   5.9    6:30   4.8   0.6   0.0   0.1   3.6   17:30   NNE
-------------------------------------------------------------------------------------
    19.4  38.3     2     4.7    10    53.6  89.1  63.8   0.2   7.2     8     SSE

Max >=  32.0:  6
Max <=   0.0:  0
Min <=   0.0:  0
Min <= -18.0:  0
Max Rain: 19.00 ON 19-07-15
Days of Rain: 17 (> .2 mm) 8 (> 2 mm) 0 (> 20 mm)
Heat Base:  18.3  Cool Base:  18.3  Method: Integration