NOAA-Stijl Klimaat Rapport

Kies een jaar- of maandrapport
2018: jan feb maa apr mei jun jul aug sep okt nov dec
2017: jan feb maa apr mei jun jul aug sep okt nov dec
2016: jan feb maa apr mei jun jul aug sep okt nov dec
2015: jan feb maa apr mei jun jul aug sep okt nov dec
2014: jan feb maa apr mei jun jul aug sep okt nov dec
2013: jan feb maa apr mei jun jul aug sep okt nov dec
2012: jan feb maa apr mei jun jul aug sep okt nov dec
2011: jan feb maa apr mei jun jul aug sep okt nov dec

Rapport voor 2015 augustus
                   MONTHLY CLIMATOLOGICAL SUMMARY for AUG. 2015

NAME: Weerstation Schinnen   CITY: Schinnen   STATE: The Netherlands 
ELEV:    75 m  LAT:  50° 56' 32" N  LONG:   5° 53' 16" E

                   TEMPERATURE (°C), RAIN  (mm), WIND SPEED (m/s)

                                      HEAT  COOL        AVG
    MEAN                              DEG   DEG         WIND                 DOM
DAY TEMP  HIGH   TIME   LOW    TIME   DAYS  DAYS  RAIN  SPEED HIGH   TIME    DIR
------------------------------------------------------------------------------------
 1  17.1  26.5   16:30   7.6    6:30   3.5   2.3   0.0   0.1   2.2   13:00   ENE
 2  18.3  28.2   16:00   7.5    6:30   3.5   3.5   0.0   0.1   2.7   12:00   NNE
 3  22.2  33.9   16:30  10.9    6:30   2.1   6.0   0.0   0.2   4.0   15:30     W
 4  16.9  21.3   17:30  11.7   00:00   1.7   0.3   4.8   0.0   3.1   13:30    SE
 5  18.8  28.2   16:30   8.7    6:30   3.0   3.5   0.0   0.1   3.1   15:30     W
 6  22.7  33.4   15:30  12.8    6:30   1.5   5.9   0.0   0.2   4.5   16:00    SE
 7  23.1  29.8   16:00  17.8    7:00   0.0   4.8  20.2   0.2   3.6    5:00    NE
 8  20.1  24.7   16:30  15.8   00:00   0.2   2.0   1.6   0.0   3.1   15:30   ENE
 9  18.6  24.2   15:00  13.0    6:30   1.5   1.8   0.2   0.1   2.2   10:30    NE
10  19.3  24.1   15:00  15.7    3:30   0.8   1.7   0.0   0.0   1.8   10:30    NE
11  20.2  27.7   16:30  12.2    6:30   1.7   3.5   0.0   0.1   3.1   18:30   ENE
12  21.8  27.2   17:00  17.3    4:00   0.2   3.6   0.0   0.3   3.6   13:00   NNE
13  23.7  32.0   17:30  16.5    6:30   0.3   5.7   0.0   0.4   4.0   12:30   NNE
14  21.4  26.9   14:30  17.9   00:00   0.0   3.1  24.6   0.1   4.5   00:00    SW
15  17.9  22.6   15:00  14.5    6:30   1.4   1.0  50.4   0.0   3.6   20:00    SE
16  15.4  18.3   14:00  13.1   23:30   2.8   0.0   9.6   0.0   2.2   14:00   ENE
17  13.9  16.1   16:00  12.9    6:30   4.3   0.0   4.6   0.0   2.7   17:30    SE
18  14.7  21.1   16:30  10.6   00:00   3.7   0.2   1.6   0.1   3.6   14:30    SE
19  15.2  24.3   15:00   7.7    7:00   4.2   1.1   0.0   0.0   2.2   14:30    SW
20  17.0  27.7   15:00   8.1    6:30   3.8   2.5   0.0   0.0   1.3   13:30    SW
21  18.9  29.1   17:30  10.8    6:30   2.7   3.3   0.0   0.0   2.2   16:00   WSW
22  19.4  27.9   17:00  11.0    7:00   2.4   3.5   0.0   0.2   4.0   18:30   NNE
23  19.5  28.2   14:30  13.8    6:30   1.3   2.4   7.2   0.3   4.9   14:00   NNE
24  18.5  24.3   16:00  13.8    7:00   1.2   1.4   0.4   0.4   7.6   20:00     W
25  16.9  20.9   15:30  13.9    3:30   1.8   0.4   2.2   0.7   6.7   13:00     W
26  22.0  28.1   16:30  16.3    7:00   0.2   3.9   0.0   0.5   5.4    2:30     W
27  16.3  22.1    0:30  13.1   23:00   2.3   0.3  20.0   0.1   4.0    5:00     W
28  15.6  23.4   16:30   9.6    6:30   3.8   1.0   0.0   0.0   2.7   14:00   SSW
29  17.4  27.9   17:30   8.1    7:00   3.4   2.6   0.0   0.0   2.2   12:00   NNE
30  23.2  32.9   15:30  16.2    7:30   0.5   5.4   0.0   0.0   2.7   14:00     N
31  23.1  32.0   17:00  15.8    8:00   0.3   5.1   1.6   0.2   4.9   16:00   WSW
-------------------------------------------------------------------------------------
    19.0  33.9     3     7.5     2    60.1  81.8 149.0   0.2   7.6    24       W

Max >=  32.0:  5
Max <=   0.0:  0
Min <=   0.0:  0
Min <= -18.0:  0
Max Rain: 50.39 ON 15-08-15
Days of Rain: 14 (> .2 mm) 9 (> 2 mm) 3 (> 20 mm)
Heat Base:  18.3  Cool Base:  18.3  Method: Integration