NOAA-Stijl Klimaat Rapport

Kies een jaar- of maandrapport
2018: jan feb maa apr mei jun jul aug sep okt nov dec
2017: jan feb maa apr mei jun jul aug sep okt nov dec
2016: jan feb maa apr mei jun jul aug sep okt nov dec
2015: jan feb maa apr mei jun jul aug sep okt nov dec
2014: jan feb maa apr mei jun jul aug sep okt nov dec
2013: jan feb maa apr mei jun jul aug sep okt nov dec
2012: jan feb maa apr mei jun jul aug sep okt nov dec
2011: jan feb maa apr mei jun jul aug sep okt nov dec

Rapport voor 2015 september
                   MONTHLY CLIMATOLOGICAL SUMMARY for SEP. 2015

NAME: Weerstation Schinnen   CITY: Schinnen   STATE: The Netherlands 
ELEV:    75 m  LAT:  50° 56' 32" N  LONG:   5° 53' 16" E

                   TEMPERATURE (°C), RAIN  (mm), WIND SPEED (m/s)

                                      HEAT  COOL        AVG
    MEAN                              DEG   DEG         WIND                 DOM
DAY TEMP  HIGH   TIME   LOW    TIME   DAYS  DAYS  RAIN  SPEED HIGH   TIME    DIR
------------------------------------------------------------------------------------
 1  16.7  19.9    0:30  10.5   00:00   1.8   0.2  10.0   0.0   3.1    2:00    SE
 2  13.4  20.4   13:00   8.6    4:30   5.0   0.1   1.2   0.0   3.6   12:00   SSW
 3  13.7  20.2   15:30   9.9    6:00   4.8   0.1   0.0   0.1   2.7   11:30   SSE
 4  13.6  18.9   16:00   9.7    7:30   4.7   0.0   0.2   0.2   4.0   11:00    SE
 5  13.3  17.7   13:30   9.2   00:00   5.0   0.0   6.6   0.1   3.6   13:30    SE
 6  12.3  17.2   16:00   7.6    6:00   6.0   0.0   0.4   0.0   3.6   12:00    SE
 7  13.6  17.3   17:30  10.6   00:00   4.7   0.0   1.0   0.0   2.2   12:30   SSE
 8  13.2  17.7   17:00   8.8    2:00   5.1   0.0   2.0   0.0   1.3   14:30   SSE
 9  14.7  20.7   16:00  10.2    8:00   3.9   0.3   0.0   0.2   3.6   14:00     N
10  13.4  21.2   15:00   6.3    7:30   5.2   0.4   0.0   0.4   4.0   11:30   NNE
11  12.7  21.9   16:00   5.4    6:30   6.2   0.6   0.0   0.2   2.7   11:00   NNE
12  14.4  21.2   13:00   7.6    2:00   4.2   0.2   2.0   0.0   2.7   12:00     W
13  16.5  21.5   17:30  11.7    7:30   2.2   0.4   2.6   0.1   4.0   16:30     W
14  15.6  21.1   15:00  10.7   00:00   3.0   0.3  12.4   0.3   6.3   12:00     W
15  13.1  18.5   16:30   8.3   22:00   5.2   0.0   0.4   0.6   6.3   12:30     W
16  15.2  19.0   13:30   8.9    0:30   3.1   0.0  13.2   0.1   5.8   23:30     W
17  15.1  17.6   15:30   9.7   22:00   3.2   0.0   1.6   0.6   7.2   15:00     W
18  13.8  20.2   16:30   8.4    6:30   4.7   0.2   0.0   0.2   4.0   12:30     W
19  13.8  18.1   16:00  10.6    6:30   4.4   0.0   0.4   0.0   2.7    9:30   WSW
20  12.5  19.2   17:30   7.4    8:00   5.8   0.0   0.2   0.0   1.3   11:00   SSE
21  11.8  19.4   16:00   4.9    7:30   6.6   0.1   1.0   0.0   3.6   15:30   WSW
22  12.5  16.9   14:00   8.9   23:00   5.8   0.0   9.4   0.1   3.6    5:00     W
23  11.7  14.1   15:30   8.3   00:00   6.6   0.0  13.2   0.1   4.5   13:30    SE
24  13.2  19.3   15:00   8.1    0:30   5.1   0.0   0.0   0.2   5.4   13:30     W
25  12.7  18.4   14:00   8.1   23:00   5.6   0.0   0.0   0.0   3.1   11:30   WSW
26  10.2  17.7   17:00   4.8    6:00   8.1   0.0   0.2   0.1   2.7   12:00    NE
27   9.3  18.1   15:30   2.4    7:30   8.9   0.0   0.0   0.3   3.6   15:00    NE
28   9.2  18.3   16:30   2.2    7:30   9.1   0.0   0.0   0.2   3.6   13:00   NNE
29  10.9  19.3   15:00   4.1    8:00   7.4   0.0   0.0   0.4   5.4   14:30   NNE
30  10.8  18.5   16:30   4.4    7:30   7.5   0.0   0.2   0.4   5.8   13:30   NNE
-------------------------------------------------------------------------------------
    13.1  21.9    11     2.2    28   158.9   3.0  78.2   0.2   7.2    17       W

Max >=  32.0:  0
Max <=   0.0:  0
Min <=   0.0:  0
Min <= -18.0:  0
Max Rain: 13.21 ON 16-09-15
Days of Rain: 20 (> .2 mm) 9 (> 2 mm) 0 (> 20 mm)
Heat Base:  18.3  Cool Base:  18.3  Method: Integration