NOAA-Stijl Klimaat Rapport

Kies een jaar- of maandrapport
2018: jan feb maa apr mei jun jul aug sep okt nov dec
2017: jan feb maa apr mei jun jul aug sep okt nov dec
2016: jan feb maa apr mei jun jul aug sep okt nov dec
2015: jan feb maa apr mei jun jul aug sep okt nov dec
2014: jan feb maa apr mei jun jul aug sep okt nov dec
2013: jan feb maa apr mei jun jul aug sep okt nov dec
2012: jan feb maa apr mei jun jul aug sep okt nov dec
2011: jan feb maa apr mei jun jul aug sep okt nov dec

Rapport voor 2016 maart
                   MONTHLY CLIMATOLOGICAL SUMMARY for MAR. 2016

NAME: Weerstation Schinnen   CITY: Schinnen   STATE: The Netherlands 
ELEV:    75 m  LAT:  50° 56' 32" N  LONG:   5° 53' 16" E

                   TEMPERATURE (°C), RAIN  (mm), WIND SPEED (m/s)

                                      HEAT  COOL        AVG
    MEAN                              DEG   DEG         WIND                 DOM
DAY TEMP  HIGH   TIME   LOW    TIME   DAYS  DAYS  RAIN  SPEED HIGH   TIME    DIR
------------------------------------------------------------------------------------
 1   0.5   6.1   00:00  -6.6    7:00  17.8   0.0   3.2   0.4   5.4   16:30   SSW
 2   6.5  10.4   14:30   3.3   23:30  11.8   0.0   3.4   0.9   6.3    4:30     W
 3   2.8   7.9   16:00  -2.2   00:00  15.5   0.0   3.6   0.2   4.5    2:00    NE
 4   2.5   5.7   18:00  -2.3    1:00  15.8   0.0   5.8   0.2   4.9    8:30     W
 5   2.1   6.4   15:30  -1.4   00:00  16.2   0.0   0.2   0.0   1.8   18:00    NE
 6   1.9   5.9   16:00  -2.6    3:00  16.4   0.0   7.6   0.0   3.6   15:00    NE
 7   1.9   6.0   15:00  -3.2   00:00  16.4   0.0   0.6   0.1   2.7   14:30    NE
 8   1.8   7.5   15:30  -3.9    2:30  16.5   0.0   0.0   0.1   3.1   14:00     W
 9   4.6  10.6   15:30  -0.1   00:00  13.7   0.0   0.0   0.3   4.5   12:00     W
10   2.7  10.7   16:00  -3.7    7:00  15.6   0.0   0.0   0.3   3.6   12:30   NNE
11   3.9  10.7   16:00  -3.4    7:00  14.4   0.0   0.0   0.4   4.5   11:30   NNE
12   2.7   9.1   16:00  -3.7    7:00  15.7   0.0   0.0   0.4   4.5   13:30   NNE
13   4.1  10.7   15:30  -1.3    2:00  14.2   0.0   0.0   0.7   4.9   13:00   NNE
14   3.4   9.8   17:30  -1.3    7:00  14.8   0.0   0.0   0.7   5.4   12:30   NNE
15   2.6   8.4   13:00  -3.7    4:30  15.7   0.0   0.0   0.4   4.9   14:00    NE
16   4.9   9.7   15:00   0.7   00:00  13.4   0.0   0.0   0.9   8.0   11:30   NNE
17   3.9  11.9   17:00  -2.7    7:30  14.4   0.0   0.0   0.4   3.6   13:00   NNE
18   1.7   5.2   17:30  -3.8    6:30  16.6   0.0   0.0   0.0   3.1   16:00    NE
19   5.4   6.9   16:30   3.8    5:00  12.8   0.0   0.0   0.1   2.2   11:00    NE
20   6.8  10.2   16:00   4.8    5:30  11.5   0.0   0.0   0.2   3.1   11:30    NE
21   7.7  10.9   14:30   5.6    5:00  10.7   0.0   0.2   0.2   4.5   12:30    NE
22   7.6  12.2   14:30   2.3    5:30  10.7   0.0   0.0   0.2   4.5   16:00    NE
23   8.0  11.5   17:00   6.1    7:00  10.3   0.0   0.2   0.3   4.0   16:00    NE
24   8.1  10.7   17:00   6.2    6:30  10.3   0.0   0.0   0.2   3.1   16:00   WSW
25   7.3  10.4   16:00   3.2   00:00  11.0   0.0   8.0   0.3   4.5   16:30     W
26   8.7  17.2   15:00  -1.2    6:00   9.6   0.0   0.0   0.4   7.2   22:30     W
27  10.9  14.9   18:00   7.3    9:30   7.1   0.0   3.6   0.7   6.3    9:00     W
28  10.1  13.9   16:00   7.3   23:30   8.2   0.0   0.6   0.9  11.6   11:30   SSW
29   7.7  12.2   15:00   4.6   21:30  10.6   0.0   7.6   0.7   7.2    2:30   WSW
30  10.2  13.8   15:00   7.3    0:30   8.1   0.0   1.6   0.4   4.9   14:00   WSW
31   7.0   8.5   12:00   5.6   23:00  11.3   0.0   4.2   0.4   4.5   15:30   NNE
-------------------------------------------------------------------------------------
     5.2  17.2    26    -6.6     1   406.9   0.0  50.4   0.4  11.6    28     NNE

Max >=  32.0:  0
Max <=   0.0:  0
Min <=   0.0: 17
Min <= -18.0:  0
Max Rain: 8.00 ON 25-03-16
Days of Rain: 15 (> .2 mm) 9 (> 2 mm) 0 (> 20 mm)
Heat Base:  18.3  Cool Base:  18.3  Method: Integration