NOAA-Stijl Klimaat Rapport

Kies een jaar- of maandrapport
2018: jan feb maa apr mei jun jul aug sep okt nov dec
2017: jan feb maa apr mei jun jul aug sep okt nov dec
2016: jan feb maa apr mei jun jul aug sep okt nov dec
2015: jan feb maa apr mei jun jul aug sep okt nov dec
2014: jan feb maa apr mei jun jul aug sep okt nov dec
2013: jan feb maa apr mei jun jul aug sep okt nov dec
2012: jan feb maa apr mei jun jul aug sep okt nov dec
2011: jan feb maa apr mei jun jul aug sep okt nov dec

Rapport voor 2016 april
                   MONTHLY CLIMATOLOGICAL SUMMARY for APR. 2016

NAME: Weerstation Schinnen   CITY: Schinnen   STATE: The Netherlands 
ELEV:    75 m  LAT:  50° 56' 32" N  LONG:   5° 53' 16" E

                   TEMPERATURE (°C), RAIN  (mm), WIND SPEED (m/s)

                                      HEAT  COOL        AVG
    MEAN                              DEG   DEG         WIND                 DOM
DAY TEMP  HIGH   TIME   LOW    TIME   DAYS  DAYS  RAIN  SPEED HIGH   TIME    DIR
------------------------------------------------------------------------------------
 1   7.7  14.7   17:00   0.8    8:00  10.6   0.0   0.0   0.3   4.9   16:30   NNE
 2  11.0  15.2   18:30   6.8    7:00   7.3   0.0   0.0   0.3   4.9   17:00   NNE
 3  15.9  22.1   16:30  10.1    3:30   3.1   0.7   0.0   0.3   4.9   23:30     W
 4  13.2  18.6   16:30   7.8   22:30   5.1   0.0   0.0   0.3   4.5    0:30     W
 5  10.7  14.6   18:00   5.3   00:00   7.6   0.0   6.8   0.0   2.7   13:00   SSW
 6   9.6  15.6   15:00   5.2    2:00   8.7   0.0   1.0   0.7   6.3   13:30   WSW
 7   7.4  13.5   16:30   4.0   00:00  10.8   0.0   2.6   0.5   6.3   12:30   WSW
 8   7.3  13.1   15:30   2.2    2:00  11.0   0.0   0.6   0.0   2.2   14:30     W
 9   8.1  18.6   15:30  -1.2    7:00  10.2   0.0   0.0   0.2   3.1   12:00     W
10  11.2  19.1   17:30   3.4    0:30   7.1   0.0   0.0   0.4   5.8   20:00   NNE
11  14.8  23.6   15:30   8.1    7:30   4.4   0.9   1.4   0.6   5.4   11:30   NNE
12  11.5  21.2   15:30   3.9    7:30   7.0   0.2  12.8   0.1   3.6   17:30   SSW
13   8.2  13.7   17:30   2.2    5:00  10.1   0.0   0.2   0.1   2.2   11:30   NNE
14   9.7  19.7   16:00   0.7    7:00   8.7   0.1   1.4   0.2   4.0   17:00    SW
15  12.2  17.9   17:30   7.8    0:30   6.2   0.0   5.6   0.5   6.7   13:00     W
16  10.5  14.7   13:00   4.9   00:00   7.8   0.0   0.8   0.4   5.4    6:00     W
17   6.8  13.7   13:30   1.0   00:00  11.5   0.0   1.6   0.1   4.5   18:30    NE
18   7.3  15.9   15:00  -1.7    6:00  11.0   0.0   0.0   0.2   4.0   16:30     W
19  10.4  16.1   17:30   4.8   00:00   7.9   0.0   0.0   0.2   4.0   15:00    NE
20   7.8  16.1   17:30  -1.0    7:00  10.5   0.0   0.0   0.5   4.9   16:00   NNE
21  11.1  21.1   17:00   0.3    7:00   7.6   0.4   0.0   0.5   4.9   12:30   NNE
22  11.6  15.9   17:00   7.8    6:30   6.8   0.0   0.0   0.6   4.5   11:00   NNE
23   7.4  11.2   15:30   2.3   23:00  10.8   0.0   1.4   0.4   4.9   19:30    NE
24   4.2  10.0   14:00   0.2    2:00  14.1   0.0   4.2   0.2   4.5   14:00    NE
25   4.3   8.9   13:00  -0.8    4:00  14.0   0.0  15.6   0.3   5.8   14:30   WSW
26   3.9   7.4   13:00   1.3    6:30  14.3   0.0   5.0   0.5   6.3    9:00     W
27   4.7   8.9   15:30   2.1    8:00  13.6   0.0   6.0   0.6   5.4    1:30     W
28   5.7  13.2   15:30  -0.6    6:30  12.6   0.0   1.0   0.2   4.9   13:30     W
29   6.7  12.7   13:00  -0.3    2:30  11.6   0.0   5.6   0.3   6.3   12:30     W
30   7.7  11.0   14:30   5.4    6:30  10.6   0.0   8.6   0.0   3.1   16:30   NNE
-------------------------------------------------------------------------------------
     9.0  23.6    11    -1.7    18   282.6   2.2  82.1   0.3   6.7    15       W

Max >=  32.0:  0
Max <=   0.0:  0
Min <=   0.0:  6
Min <= -18.0:  0
Max Rain: 15.60 ON 25-04-16
Days of Rain: 19 (> .2 mm) 10 (> 2 mm) 0 (> 20 mm)
Heat Base:  18.3  Cool Base:  18.3  Method: Integration