NOAA-Stijl Klimaat Rapport

Kies een jaar- of maandrapport
2018: jan feb maa apr mei jun jul aug sep okt nov dec
2017: jan feb maa apr mei jun jul aug sep okt nov dec
2016: jan feb maa apr mei jun jul aug sep okt nov dec
2015: jan feb maa apr mei jun jul aug sep okt nov dec
2014: jan feb maa apr mei jun jul aug sep okt nov dec
2013: jan feb maa apr mei jun jul aug sep okt nov dec
2012: jan feb maa apr mei jun jul aug sep okt nov dec
2011: jan feb maa apr mei jun jul aug sep okt nov dec

Rapport voor 2016 mei
                   MONTHLY CLIMATOLOGICAL SUMMARY for MAY. 2016

NAME: Weerstation Schinnen   CITY: Schinnen   STATE: The Netherlands 
ELEV:    75 m  LAT:  50° 56' 32" N  LONG:   5° 53' 16" E

                   TEMPERATURE (°C), RAIN  (mm), WIND SPEED (m/s)

                                      HEAT  COOL        AVG
    MEAN                              DEG   DEG         WIND                 DOM
DAY TEMP  HIGH   TIME   LOW    TIME   DAYS  DAYS  RAIN  SPEED HIGH   TIME    DIR
------------------------------------------------------------------------------------
 1   8.8  14.7   17:30   3.8   00:00   9.4   0.0   0.0   0.6   4.5   13:30    NE
 2  11.3  21.4   15:30   0.4    6:30   7.5   0.5   0.0   0.1   2.2   13:30    SW
 3  11.6  16.8   16:00   3.1   00:00   6.7   0.0   3.4   0.3   5.8   14:00    NE
 4   8.9  16.8   16:30  -0.6    6:00   9.4   0.0   0.0   0.3   4.0   18:00   NNE
 5  11.9  20.8   16:30   0.8    7:00   6.8   0.5   0.0   0.5   6.3   17:00   NNE
 6  15.7  27.3   17:00   4.6    7:00   5.1   2.4   0.0   0.3   3.6   14:00   NNE
 7  18.3  27.8   15:30   6.7    6:00   3.7   3.6   0.0   0.4   6.7   15:00   NNE
 8  19.0  26.7   15:00   8.0    6:30   2.8   3.5   0.0   0.5   6.3   13:00   NNE
 9  20.1  26.3   16:30  14.4    6:30   1.0   2.8   0.0   0.7   5.4   10:30   NNE
10  17.5  20.9   16:00  14.5    6:30   1.3   0.6   1.2   0.1   3.1   14:30   NNE
11  19.6  26.6   14:00  11.6    6:30   1.7   3.0   0.4   0.4   4.5   13:00   NNE
12  18.5  26.8   16:30  11.1    6:00   2.0   2.2   5.2   0.3   4.0   12:00     N
13  17.3  24.4   17:30   9.1    6:30   2.9   1.9   0.0   0.5   4.5   16:00    NE
14  10.6  15.2   17:00   5.8   00:00   7.8   0.0   0.0   0.4   4.9   16:30    NE
15   9.6  15.2   13:30   5.2    5:30   8.7   0.0   0.2   0.2   4.5   15:30    NE
16  10.2  15.2   16:30   5.7    7:30   8.1   0.0   0.0   0.1   2.7   13:30    NE
17  13.1  20.6   17:30   6.9    3:30   5.3   0.1   0.0   0.2   4.5   12:00   SSE
18  14.2  20.3   12:30   8.4    6:30   4.3   0.2   0.8   0.2   6.3   15:30     W
19  14.6  22.5   17:30   7.8   00:00   4.3   0.6   0.6   0.2   3.1   15:30   SSE
20  13.7  19.4   15:30   7.1    1:00   4.7   0.1   0.0   0.3   4.9   11:30   WSW
21  18.7  25.8   17:30  11.4    3:30   1.9   2.2   0.0   0.2   4.5    8:30     W
22  16.4  21.3   10:30  12.6    4:00   2.2   0.3  10.6   0.1   4.0    7:30   WNW
23  12.0  13.9    4:00  10.6    9:00   6.3   0.0  18.0   0.2   4.0   11:30   SSE
24  12.1  15.5   15:00   8.8   00:00   6.2   0.0   0.0   0.1   3.1   15:30    NE
25  12.5  18.9   14:30   7.7    6:00   5.8   0.0   0.0   0.0   1.8   14:00   SSE
26  16.8  24.5   16:00   6.8    6:00   3.2   1.7   0.2   0.2   2.2    6:00    NE
27  18.3  24.5   15:00  13.8    6:30   1.8   1.7   9.2   0.2   2.7   13:30    NE
28  17.6  25.6   17:00  10.3    4:30   2.6   1.9   0.2   0.0   2.2   14:30    NE
29  16.4  20.1   13:00  11.8    6:00   2.1   0.2   7.8   0.0   2.7   17:00    NE
30  16.3  17.5   16:30  15.7    2:30   2.0   0.0  33.8   0.1   3.1    8:30   ENE
31  17.2  21.4   16:00  14.8    5:30   1.5   0.4   0.0   0.2   3.6    4:00    NE
-------------------------------------------------------------------------------------
    14.8  27.8     7    -0.6     4   139.0  30.1  91.6   0.3   6.7     7      NE

Max >=  32.0:  0
Max <=   0.0:  0
Min <=   0.0:  1
Min <= -18.0:  0
Max Rain: 33.81 ON 30-05-16
Days of Rain: 14 (> .2 mm) 7 (> 2 mm) 1 (> 20 mm)
Heat Base:  18.3  Cool Base:  18.3  Method: Integration