NOAA-Stijl Klimaat Rapport

Kies een jaar- of maandrapport
2018: jan feb maa apr mei jun jul aug sep okt nov dec
2017: jan feb maa apr mei jun jul aug sep okt nov dec
2016: jan feb maa apr mei jun jul aug sep okt nov dec
2015: jan feb maa apr mei jun jul aug sep okt nov dec
2014: jan feb maa apr mei jun jul aug sep okt nov dec
2013: jan feb maa apr mei jun jul aug sep okt nov dec
2012: jan feb maa apr mei jun jul aug sep okt nov dec
2011: jan feb maa apr mei jun jul aug sep okt nov dec

Rapport voor 2016 juni
                   MONTHLY CLIMATOLOGICAL SUMMARY for JUN. 2016

NAME: Weerstation Schinnen   CITY: Schinnen   STATE: The Netherlands 
ELEV:    75 m  LAT:  50° 56' 32" N  LONG:   5° 53' 16" E

                   TEMPERATURE (°C), RAIN  (mm), WIND SPEED (m/s)

                                      HEAT  COOL        AVG
    MEAN                              DEG   DEG         WIND                 DOM
DAY TEMP  HIGH   TIME   LOW    TIME   DAYS  DAYS  RAIN  SPEED HIGH   TIME    DIR
------------------------------------------------------------------------------------
 1  15.7  17.7   13:30  12.5    4:30   2.6   0.0  27.8   0.0   2.7   12:00   SSE
 2  19.0  25.9   16:30  15.8   00:00   0.8   1.5  19.6   0.3   4.9   18:30   ENE
 3  17.1  22.6   16:00  14.6    6:00   1.7   0.5   2.2   0.0   1.3    2:30    SE
 4  16.8  20.9   18:30  13.0    3:30   1.9   0.4   2.2   0.0   2.2   18:00   NNE
 5  20.2  28.9   18:00  15.3    4:30   1.1   2.9   0.2   0.1   3.1   15:00    NE
 6  19.9  28.2   14:30  12.5    6:00   1.4   3.1   0.0   0.1   2.2   12:30   NNE
 7  20.1  30.1   14:00  14.7   00:00   1.2   3.0   4.2   0.1   2.7   18:00   NNE
 8  19.2  27.4   16:00  14.3   00:00   1.4   2.3   0.0   0.1   3.6   18:30   ENE
 9  16.7  24.3   16:30  10.7    3:30   2.9   1.4   0.0   0.2   2.7   14:00   ENE
10  16.0  23.9   15:30   7.5    5:30   3.7   1.4   0.0   0.1   2.2   13:00    NE
11  17.7  24.7   16:00  12.4    4:30   2.0   1.4   0.0   0.2   3.1   15:00   NNE
12  17.0  24.4   14:00  13.9    3:00   1.9   0.6   8.4   0.0   3.1   15:00   SSE
13  16.2  21.0   14:30  14.1   22:30   2.3   0.2  16.8   0.1   3.6   14:30   SSE
14  16.6  22.9   16:30  11.7   00:00   2.4   0.8   1.4   0.2   4.5   20:00   SSE
15  14.5  20.6   13:30   9.7   00:00   3.9   0.1  11.6   0.0   3.6    9:00   SSE
16  13.7  20.3   14:00   7.2    6:00   4.8   0.2   4.8   0.0   2.2   16:30   NNE
17  15.1  20.2   15:30  10.7    2:00   3.4   0.1  15.4   0.0   5.8   19:00   SSE
18  14.6  19.6   13:30  12.2    1:30   3.7   0.0   8.0   0.0   2.7   13:30   SSE
19  14.8  21.1   18:00   9.6   00:00   3.8   0.3   0.8   0.0   2.2    0:30   SSE
20  14.8  20.7   12:30   8.6    5:30   3.8   0.3   8.2   0.3   4.9   17:00     W
21  18.6  23.4   15:00  14.7    4:00   1.1   1.4   0.4   0.0   3.6    0:30   WSW
22  21.1  28.7   15:00  14.0    4:00   0.8   3.6   0.0   0.0   1.8   10:30     W
23  25.6  35.3   16:00  15.6    6:00   0.5   7.7  19.8   0.1   7.6   22:30    NE
24  21.4  27.4   16:30  16.6   23:30   0.1   3.3  13.4   0.0   2.2   15:30   SSE
25  16.1  18.8   11:00  11.4   00:00   2.2   0.0   4.6   0.0   2.7   14:30   SSE
26  14.8  21.0   14:30   9.8    3:30   3.8   0.3   1.4   0.1   3.6   13:00   SSE
27  15.3  20.4   18:00  11.9    5:00   3.1   0.1   6.4   0.1   3.1   10:30     W
28  18.2  24.1   15:00  12.8    6:00   1.8   1.6   0.4   0.0   3.1   15:00     W
29  17.3  22.9   18:00  13.3    6:00   1.9   1.0   4.6   0.3   4.5   12:30   SSE
30  17.8  22.2   16:00  14.7    6:00   1.3   0.8   2.4   0.2   4.5   17:30     W
-------------------------------------------------------------------------------------
    17.4  35.3    23     7.2    16    67.5  40.4 185.0   0.1   7.6    23     SSE

Max >=  32.0:  1
Max <=   0.0:  0
Min <=   0.0:  0
Min <= -18.0:  0
Max Rain: 27.79 ON 01-06-16
Days of Rain: 24 (> .2 mm) 18 (> 2 mm) 1 (> 20 mm)
Heat Base:  18.3  Cool Base:  18.3  Method: Integration