NOAA-Stijl Klimaat Rapport

Kies een jaar- of maandrapport
2018: jan feb maa apr mei jun jul aug sep okt nov dec
2017: jan feb maa apr mei jun jul aug sep okt nov dec
2016: jan feb maa apr mei jun jul aug sep okt nov dec
2015: jan feb maa apr mei jun jul aug sep okt nov dec
2014: jan feb maa apr mei jun jul aug sep okt nov dec
2013: jan feb maa apr mei jun jul aug sep okt nov dec
2012: jan feb maa apr mei jun jul aug sep okt nov dec
2011: jan feb maa apr mei jun jul aug sep okt nov dec

Rapport voor 2016 augustus
                   MONTHLY CLIMATOLOGICAL SUMMARY for AUG. 2016

NAME: Weerstation Schinnen   CITY: Schinnen   STATE: The Netherlands 
ELEV:    75 m  LAT:  50° 56' 32" N  LONG:   5° 53' 16" E

                   TEMPERATURE (°C), RAIN  (mm), WIND SPEED (m/s)

                                      HEAT  COOL        AVG
    MEAN                              DEG   DEG         WIND                 DOM
DAY TEMP  HIGH   TIME   LOW    TIME   DAYS  DAYS  RAIN  SPEED HIGH   TIME    DIR
------------------------------------------------------------------------------------
 1  16.9  25.7   14:30   8.8    4:30   3.2   1.9   0.0   0.1   2.7   10:00   SSE
 2  16.2  18.2   16:00  13.7    5:30   2.1   0.0  15.0   0.1   3.6   18:00     W
 3  18.5  19.6   18:00  17.6   00:00   0.2   0.4  14.4   0.3   4.5   14:00     W
 4  17.7  21.2   16:30  14.7   00:00   1.0   0.5   0.0   0.0   3.1   12:30     W
 5  16.8  24.6   14:30  12.3    5:00   2.4   0.9   6.2   0.0   2.7   12:30    SE
 6  17.2  25.2   16:30  10.4    3:30   3.0   1.9   0.0   0.0   3.1   13:00    SE
 7  19.1  28.2   17:30   9.1    5:30   2.7   3.4   0.0   0.1   4.0   12:00   SSE
 8  18.3  25.4   17:30  12.1   00:00   1.1   1.1   0.0   0.0   3.1    7:30   SSE
 9  14.9  22.9   14:00   9.3   00:00   3.9   0.5   4.2   0.0   3.1   15:30    NE
10  13.6  21.8   14:30   8.8   00:00   4.9   0.1  10.6   0.0   2.2   19:00    SE
11  12.3  18.7   12:00   6.1    4:30   6.0   0.0   7.4   0.1   4.5   15:00     W
12  18.2  25.6   17:30  13.9   00:00   1.6   1.5   0.0   0.0   2.7   11:00   SSE
13  18.8  27.4   15:30  12.9    7:00   2.0   2.5   0.2   0.1   3.1   13:00    SE
14  18.4  26.9   14:00  12.1    7:00   2.0   2.2   0.0   0.0   2.7   19:30   ENE
15  17.8  25.1   16:00  11.8    2:30   2.5   2.0   0.0   0.2   2.2    9:30    NE
16  17.1  26.2   17:00   8.8    7:00   3.5   2.3   0.0   0.2   3.1   14:00    NE
17  17.9  27.3   18:00   9.9    4:30   3.2   2.8   0.0   0.4   3.1   10:30   NNE
18  17.5  27.1   14:30   8.9    6:30   3.4   2.6   0.0   0.0   0.9    9:00    NE
19  18.6  27.1   13:30  10.6    6:30   2.4   2.7   0.4   0.0   2.2   12:30     W
20  19.2  25.8   15:30  13.8   00:00   0.9   1.8   0.8   0.1   4.5   17:00     W
21  16.3  20.9   15:30  13.4    1:30   2.3   0.3   6.6   0.2   4.9   17:00     W
22  17.7  25.7   17:30  13.5   00:00   2.1   1.5   2.0   0.0   3.1   12:30     W
23  20.7  32.8   18:00  11.2    6:30   2.3   4.7   0.0   0.0   1.8   12:30   WSW
24  22.6  35.6   16:00  12.1    7:30   1.7   6.0   0.0   0.0   2.2   18:00   NNE
25  23.6  36.4   18:00  13.5    7:00   1.2   6.5   0.0   0.0   1.3   12:30     W
26  24.1  33.8   15:00  15.7    6:00   0.5   6.3   0.0   0.0   1.8   13:30   ENE
27  24.1  34.9   18:00  16.8    7:30   0.1   6.0   1.2   0.2   5.8   00:00   NNE
28  21.7  28.7   15:00  15.3   00:00   0.6   4.0   1.0   0.1   5.4   14:00   SSE
29  18.2  23.8   16:00  14.1    2:00   1.2   1.1   3.0   0.0   2.2    9:00   ENE
30  16.8  25.9   18:00   9.3    7:30   3.5   2.0   0.0   0.0   2.2   16:00   NNE
31  17.7  29.1   15:30   8.5    7:00   3.6   3.0   0.0   0.0   1.8   13:30    SE
-------------------------------------------------------------------------------------
    18.3  36.4    25     6.1    11    71.1  72.3  73.0   0.1   5.8    27       W

Max >=  32.0:  5
Max <=   0.0:  0
Min <=   0.0:  0
Min <= -18.0:  0
Max Rain: 15.01 ON 02-08-16
Days of Rain: 14 (> .2 mm) 9 (> 2 mm) 0 (> 20 mm)
Heat Base:  18.3  Cool Base:  18.3  Method: Integration