NOAA-Stijl Klimaat Rapport

Kies een jaar- of maandrapport
2018: jan feb maa apr mei jun jul aug sep okt nov dec
2017: jan feb maa apr mei jun jul aug sep okt nov dec
2016: jan feb maa apr mei jun jul aug sep okt nov dec
2015: jan feb maa apr mei jun jul aug sep okt nov dec
2014: jan feb maa apr mei jun jul aug sep okt nov dec
2013: jan feb maa apr mei jun jul aug sep okt nov dec
2012: jan feb maa apr mei jun jul aug sep okt nov dec
2011: jan feb maa apr mei jun jul aug sep okt nov dec

Rapport voor 2016 september
                   MONTHLY CLIMATOLOGICAL SUMMARY for SEP. 2016

NAME: Weerstation Schinnen   CITY: Schinnen   STATE: The Netherlands 
ELEV:    75 m  LAT:  50° 56' 32" N  LONG:   5° 53' 16" E

                   TEMPERATURE (°C), RAIN  (mm), WIND SPEED (m/s)

                                      HEAT  COOL        AVG
    MEAN                              DEG   DEG         WIND                 DOM
DAY TEMP  HIGH   TIME   LOW    TIME   DAYS  DAYS  RAIN  SPEED HIGH   TIME    DIR
------------------------------------------------------------------------------------
 1  17.4  26.2   16:00  10.8    7:00   2.9   2.0   0.0   0.0   2.7   11:30   SSE
 2  17.2  26.2   15:00  10.0    7:00   2.9   1.8   0.0   0.1   4.0   13:00   SSE
 3  18.3  26.8   16:30  12.3    6:00   2.1   2.1   0.0   0.0   2.7   15:00   SSE
 4  18.3  23.1   15:30  15.1    1:00   0.8   0.8  10.8   0.3   4.9   15:30   SSE
 5  18.1  24.5   16:00  12.9   00:00   1.6   1.4   0.0   0.0   2.7    1:30   SSE
 6  17.8  29.2   18:00   9.9    7:00   3.1   2.6   0.0   0.0   1.8   12:00     N
 7  18.1  27.6   16:30   9.6    7:30   3.0   2.8   0.0   0.2   3.1   19:00   NNW
 8  19.6  29.8   16:00  10.9    7:00   2.2   3.5   0.0   0.1   3.1   18:00   SSE
 9  16.7  26.1   18:00  10.6    6:00   3.1   1.5   0.0   0.0   2.2   14:30   SSE
10  16.6  27.9   16:30   8.1    7:00   4.0   2.3   0.0   0.0   1.8   14:00   SSE
11  18.5  28.3   15:30  11.8    5:30   2.3   2.5   0.0   0.0   0.4   15:30     N
12  19.7  31.6   15:30  11.6    7:30   2.1   3.5   0.0   0.0   2.2   14:30     W
13  21.9  33.1   16:30  14.4    8:00   1.2   4.8   0.0   0.0   3.1   14:30     W
14  21.4  33.8   15:00  14.1    7:30   1.3   4.5   0.0   0.0   3.1   17:30    NE
15  19.8  29.9   14:30  12.7    6:30   1.7   3.3   6.2   0.1   3.1   18:30   SSE
16  16.9  22.4   16:00  12.5   23:30   2.2   0.8   0.2   0.1   3.1   11:30     W
17  16.5  23.8   17:00  10.4    5:30   2.8   1.1   0.2   0.0   2.2   14:00   ENE
18  16.2  18.7   17:30  11.7   22:30   2.2   0.0   2.2   0.0   2.2    9:00   ENE
19  15.1  19.6   15:00  12.1    8:30   3.3   0.2   0.0   0.1   2.7   11:30     E
20  14.6  20.1   14:00   9.6    4:00   3.9   0.2   0.0   0.0   2.7   14:00   ENE
21  15.6  22.2   15:00   8.7   00:00   3.5   0.8   0.0   0.1   2.7   13:00   NNE
22  13.3  23.2   15:30   5.6    7:30   5.8   0.8   0.0   0.0   1.8   11:30     W
23  14.7  24.8   15:30   9.2    5:00   4.6   1.0   0.0   0.0   2.2   14:30   SSE
24  14.2  25.2   15:30   7.3    5:00   5.5   1.4   0.0   0.0   2.7   14:30     W
25  15.2  26.9   15:30   5.9    8:00   5.0   1.9   0.0   0.1   4.5   18:00     W
26  13.1  21.4   14:30   7.4    8:30   5.5   0.2   0.0   0.0   1.3   10:30   SSE
27  12.4  23.6   15:30   5.1    8:00   6.7   0.8   0.0   0.0   1.8   15:30   SSE
28  16.9  23.3   15:00   9.3    2:00   2.4   1.1   0.0   0.2   4.0   12:30   SSE
29  18.0  22.6   15:00  14.3   00:00   1.2   0.9   2.4   0.4   6.3   13:30     W
30  14.6  19.3   16:00   9.9   21:00   3.8   0.1   0.0   0.1   4.0   12:30   SSE
-------------------------------------------------------------------------------------
    16.9  33.8    14     5.1    27    92.7  50.6  22.0   0.1   6.3    29     SSE

Max >=  32.0:  2
Max <=   0.0:  0
Min <=   0.0:  0
Min <= -18.0:  0
Max Rain: 10.80 ON 04-09-16
Days of Rain: 6 (> .2 mm) 4 (> 2 mm) 0 (> 20 mm)
Heat Base:  18.3  Cool Base:  18.3  Method: Integration