NOAA-Stijl Klimaat Rapport

Kies een jaar- of maandrapport
2018: jan feb maa apr mei jun jul aug sep okt nov dec
2017: jan feb maa apr mei jun jul aug sep okt nov dec
2016: jan feb maa apr mei jun jul aug sep okt nov dec
2015: jan feb maa apr mei jun jul aug sep okt nov dec
2014: jan feb maa apr mei jun jul aug sep okt nov dec
2013: jan feb maa apr mei jun jul aug sep okt nov dec
2012: jan feb maa apr mei jun jul aug sep okt nov dec
2011: jan feb maa apr mei jun jul aug sep okt nov dec

Rapport voor 2016 november
                   MONTHLY CLIMATOLOGICAL SUMMARY for NOV. 2016

NAME: Weerstation Schinnen   CITY: Schinnen   STATE: The Netherlands 
ELEV:    75 m  LAT:  50° 56' 32" N  LONG:   5° 53' 16" E

                   TEMPERATURE (°C), RAIN  (mm), WIND SPEED (m/s)

                                      HEAT  COOL        AVG
    MEAN                              DEG   DEG         WIND                 DOM
DAY TEMP  HIGH   TIME   LOW    TIME   DAYS  DAYS  RAIN  SPEED HIGH   TIME    DIR
------------------------------------------------------------------------------------
 1   8.4  14.9   15:00   2.3    7:30   9.9   0.0   0.2   0.0   3.1   20:30   SSE
 2   7.2  10.7   13:30   3.6    4:00  11.1   0.0   0.8   0.0   3.1   15:00   SSE
 3   6.4  10.8   14:30   2.7   23:30  11.9   0.0   0.4   0.0   2.2   10:30   SSE
 4   7.1  11.3   13:30   3.2    0:30  11.2   0.0   0.4   0.1   3.1   17:00     W
 5   7.8  10.6   14:00   6.2   21:30  10.5   0.0   1.2   0.1   3.1    3:30     W
 6   6.1   8.8   13:30   4.1    5:00  12.3   0.0   0.6   0.3   5.4   13:30     W
 7   5.0   6.4   12:30   3.4   21:30  13.3   0.0   6.2   0.0   2.7    1:00   SSE
 8   3.0   7.2   13:30  -0.7   20:30  15.3   0.0   0.0   0.0   1.8   15:30     W
 9   3.7   6.3   11:00   0.0    1:30  14.6   0.0  15.2   0.0   4.0   14:30     W
10   5.6   8.0   12:00   2.8    0:30  12.7   0.0   7.4   0.1   4.0   20:30     W
11   3.6   5.6    4:00   0.8   22:30  14.7   0.0   2.4   0.2   3.1    5:30    NE
12   3.7   7.6   14:30  -0.2    1:30  14.6   0.0   0.0   0.0   2.2   15:00   WNW
13   4.2   6.1   15:00   3.2    2:30  14.1   0.0   4.4   0.0   1.3   12:00   NNE
14   2.7   5.9   15:00  -2.2    8:00  15.6   0.0   1.6   0.0   2.2   19:30     W
15   8.1  10.8   00:00   5.1    0:30  10.2   0.0   4.4   0.3   4.9    9:00     W
16  11.7  12.7   12:00  10.8    0:30   6.6   0.0  17.2   0.4   4.5    8:30     W
17  10.7  12.3   22:00   9.1   10:30   7.6   0.0   6.8   0.6   7.6   21:30     W
18   7.4  11.9    2:00   4.2   19:30  10.8   0.0  11.0   0.4   7.6    4:30     W
19   6.1   8.0   13:30   4.7    8:00  12.2   0.0   0.0   0.4   5.4   14:00     W
20  10.0  14.0   13:00   4.8    0:30   8.3   0.0   0.8   0.7   8.5   13:00     W
21  12.5  14.6   13:30   8.9    2:00   5.8   0.0   1.8   0.3   6.3   15:30     W
22  10.6  13.6   14:00   7.6   23:30   7.7   0.0   0.0   0.3   4.5    3:00     W
23   9.2  12.6   14:30   6.4    8:30   9.1   0.0   0.2   0.0   1.8   12:30   NNE
24   8.8  11.3   12:30   5.4   00:00   9.5   0.0   0.0   0.7   4.9   15:00    NE
25   4.4   8.4   14:30   0.7   22:30  13.9   0.0   0.0   0.7   5.8   13:30   NNE
26   5.1   7.5   14:30   0.1   00:00  13.2   0.0   0.0   0.0   1.3    1:30     N
27   4.0   8.2   14:30  -1.3    2:30  14.3   0.0   1.4   0.0   1.3   13:00   NNE
28  -0.2   3.6   14:30  -3.1    8:00  18.4   0.0   0.0   0.2   3.1   12:30   NNE
29  -2.4   2.7   14:30  -5.9    8:30  20.8   0.0   0.0   0.2   3.6   13:00   NNE
30  -1.8   3.6   15:00  -6.7    5:00  20.1   0.0   0.0   0.0   2.7   13:30     W
-------------------------------------------------------------------------------------
     5.9  14.9     1    -6.7    30   370.5   0.0  84.4   0.2   8.5    20       W

Max >=  32.0:  0
Max <=   0.0:  0
Min <=   0.0:  8
Min <= -18.0:  0
Max Rain: 17.20 ON 16-11-16
Days of Rain: 20 (> .2 mm) 9 (> 2 mm) 0 (> 20 mm)
Heat Base:  18.3  Cool Base:  18.3  Method: Integration