NOAA-Stijl Klimaat Rapport

Kies een jaar- of maandrapport
2018: jan feb maa apr mei jun jul aug sep okt nov dec
2017: jan feb maa apr mei jun jul aug sep okt nov dec
2016: jan feb maa apr mei jun jul aug sep okt nov dec
2015: jan feb maa apr mei jun jul aug sep okt nov dec
2014: jan feb maa apr mei jun jul aug sep okt nov dec
2013: jan feb maa apr mei jun jul aug sep okt nov dec
2012: jan feb maa apr mei jun jul aug sep okt nov dec
2011: jan feb maa apr mei jun jul aug sep okt nov dec

Rapport voor 2016 december
                   MONTHLY CLIMATOLOGICAL SUMMARY for DEC. 2016

NAME: Weerstation Schinnen   CITY: Schinnen   STATE: The Netherlands 
ELEV:    75 m  LAT:  50° 56' 32" N  LONG:   5° 53' 16" E

                   TEMPERATURE (°C), RAIN  (mm), WIND SPEED (m/s)

                                      HEAT  COOL        AVG
    MEAN                              DEG   DEG         WIND                 DOM
DAY TEMP  HIGH   TIME   LOW    TIME   DAYS  DAYS  RAIN  SPEED HIGH   TIME    DIR
------------------------------------------------------------------------------------
 1   4.1   6.1   00:00   2.1    5:00  14.2   0.0   0.0   0.0   3.1   15:30     W
 2   6.3   8.9   13:00   0.8   00:00  12.0   0.0   3.0   0.0   3.1   16:00    NE
 3  -0.3   3.8   15:00  -3.1   21:00  18.6   0.0   0.0   0.1   2.2   13:30   NNE
 4  -1.2   2.9   14:30  -4.7   00:00  19.5   0.0   0.0   0.4   3.6   13:30   NNE
 5  -2.8   4.7   14:30  -6.2    8:00  21.1   0.0   0.2   0.0   1.3   14:30    NE
 6  -2.0   5.2   14:30  -5.9    8:30  20.3   0.0   0.2   0.0   0.9   15:30     W
 7   3.2   9.7   15:00  -2.5    2:00  15.1   0.0   0.0   0.0   2.7   00:00     W
 8   6.3   8.8   22:00   2.1    8:30  11.9   0.0   0.0   0.2   4.0   14:00     W
 9   8.7  12.9   15:00   5.5   22:00   9.6   0.0   0.0   0.0   3.1    3:00     W
10   8.2  10.6   17:30   5.2    8:30  10.1   0.0   0.0   0.2   4.5   12:00     W
11   8.2  10.6    2:30   7.2   17:30  10.1   0.0   2.0   0.3   7.2    2:30     W
12   5.7   8.2   14:00  -0.8   00:00  12.6   0.0   0.0   0.0   1.8    0:30     W
13   5.9   8.2   21:00  -0.8    0:30  12.4   0.0   2.4   0.0   2.7   13:00     W
14   6.4  10.9   14:00   0.6   00:00  11.9   0.0   0.0   0.0   1.3    4:00   NNE
15   3.1   8.3   15:00  -0.2   00:00  15.2   0.0   0.2   0.0   1.8    2:00   NNE
16   2.6   7.7   14:30  -1.4    4:30  15.8   0.0   0.0   0.1   1.8   12:30   NNE
17   2.8   5.8   20:00  -1.8    8:30  15.5   0.0   0.8   0.0   0.9   13:00     E
18   6.2   7.0   14:00   5.4    3:30  12.1   0.0   0.4   0.0   1.3    2:30   SSE
19   4.0   6.5    0:30  -1.8   00:00  14.3   0.0   0.2   0.1   4.0   14:00   NNE
20  -0.9   2.4   14:30  -2.9    6:30  19.2   0.0   0.0   0.0   1.8    1:30   NNE
21   3.3   7.2   14:00  -1.1    5:30  15.0   0.0   0.4   0.2   4.5   23:00     W
22   5.8   6.8   15:00   5.2    1:00  12.4   0.0  10.0   0.0   2.2   22:00     W
23   5.6   8.7   14:30   2.7    3:00  12.7   0.0   0.0   0.2   6.3   21:00     W
24   7.6   8.3   23:30   6.6    3:00  10.7   0.0   2.2   0.7   5.8   16:30     W
25   9.0   9.7   00:00   8.1    1:00   9.3   0.0   0.4   0.9   5.8    7:30     W
26   7.1  10.6    9:30   1.8   23:30  11.2   0.0   3.4   0.3   4.9   14:30     W
27   2.4   7.3   15:00  -1.2   23:30  15.8   0.0   0.2   0.0   3.6    3:30   SSE
28   1.6   4.9   14:30  -3.9   00:00  16.7   0.0   0.0   0.0   1.3   10:00   NNE
29  -3.9   1.4   15:30  -6.8    8:30  22.2   0.0   0.0   0.0   0.4   12:30    SW
30  -4.7   2.2   15:00  -7.8    8:00  22.9   0.0   0.0   0.0   0.9   15:00    SW
31  -4.1   0.9   15:30  -8.6    7:00  22.3   0.0   0.0   0.0   1.8   23:30   WSW
-------------------------------------------------------------------------------------
     3.4  12.9     9    -8.6    31   462.9   0.0  26.0   0.1   7.2    11       W

Max >=  32.0:  0
Max <=   0.0:  0
Min <=   0.0: 18
Min <= -18.0:  0
Max Rain: 10.01 ON 22-12-16
Days of Rain: 15 (> .2 mm) 6 (> 2 mm) 0 (> 20 mm)
Heat Base:  18.3  Cool Base:  18.3  Method: Integration