NOAA-Stijl Klimaat Rapport

Kies een jaar- of maandrapport
2018: jan feb maa apr mei jun jul aug sep okt nov dec
2017: jan feb maa apr mei jun jul aug sep okt nov dec
2016: jan feb maa apr mei jun jul aug sep okt nov dec
2015: jan feb maa apr mei jun jul aug sep okt nov dec
2014: jan feb maa apr mei jun jul aug sep okt nov dec
2013: jan feb maa apr mei jun jul aug sep okt nov dec
2012: jan feb maa apr mei jun jul aug sep okt nov dec
2011: jan feb maa apr mei jun jul aug sep okt nov dec

Rapport voor 2017 februari
                   MONTHLY CLIMATOLOGICAL SUMMARY for FEB. 2017

NAME: Weerstation Schinnen   CITY: Schinnen   STATE: The Netherlands 
ELEV:    75 m  LAT:  50° 56' 32" N  LONG:   5° 53' 16" E

                   TEMPERATURE (°C), RAIN  (mm), WIND SPEED (m/s)

                                      HEAT  COOL        AVG
    MEAN                              DEG   DEG         WIND                 DOM
DAY TEMP  HIGH   TIME   LOW    TIME   DAYS  DAYS  RAIN  SPEED HIGH   TIME    DIR
------------------------------------------------------------------------------------
 1   2.1   7.2   16:00  -4.4    6:30  16.2   0.0   1.0   0.0   2.2   11:00   NNE
 2   6.7  12.4   14:30   0.1    9:00  11.6   0.0   0.0   0.0   2.7   14:00     W
 3   8.1  12.0   13:00   3.2   19:30  10.3   0.0   0.2   0.1   3.6   13:00     W
 4   5.1   8.4    0:30   0.1    8:30  13.2   0.0   8.4   0.4   4.5    2:30   NNE
 5   4.5   8.1   15:30  -1.6    8:00  13.8   0.0   0.2   0.2   3.6    1:30   NNE
 6   2.7   8.1   15:00  -2.1    7:00  15.6   0.0   0.0   0.0   2.2   14:00   NNE
 7   4.5   6.3   14:00   2.2    3:30  12.9   0.0   2.4   0.0   2.2   13:30   NNE
 8   4.6   6.1   14:00   2.2   00:00   9.2   0.0   0.0   0.2   2.7   15:00   NNE
 9   1.3   4.3   14:30  -1.1    5:30  17.0   0.0   0.0   0.4   3.6   14:00   NNE
10   0.2   1.3   14:30  -2.5    4:00  18.1   0.0   0.0   0.4   3.1    9:00   NNE
11   1.6   3.9   15:00  -0.7    2:00  16.8   0.0   4.8   0.3   3.6   19:30   NNE
12   4.1   7.6   15:30   0.9    2:30  14.2   0.0   0.0   0.5   4.9   14:00   NNE
13   3.9   8.0   16:30   0.8    6:00  14.4   0.0   0.0   0.9   6.7   14:30   NNE
14   3.6  11.3   15:00  -2.9    8:00  14.7   0.0   0.0   0.4   4.0    0:30   NNE
15   4.7  17.1   15:00  -2.7    8:00  13.6   0.0   0.0   0.0   2.7   13:30   SSW
16   6.7  14.1   13:30   1.4    8:00  11.6   0.0   0.0   0.1   2.7   13:00     W
17   6.7   9.4   15:30   3.6    2:00  11.6   0.0   0.2   0.0   3.1   10:00     W
18   5.2  11.6   14:30  -2.4   00:00  13.1   0.0   0.0   0.0   1.8   11:00     W
19   4.9   9.4   13:00  -2.7    1:30  13.4   0.0   0.2   0.1   4.0   11:30     W
20   9.0  10.8   22:00   7.4    3:30   9.3   0.0   1.8   0.5   4.5   11:30     W
21  10.2  11.0   11:30   9.7    8:00   8.1   0.0   5.2   0.2   5.8   23:00     W
22  10.1  10.7    2:00   9.6    6:30   8.2   0.0  13.2   1.0   7.6   17:00     W
23   8.9  10.4   17:00   4.9   22:30   9.4   0.0  13.2   1.3   9.8   19:00     W
24   4.1   9.4   15:30  -1.3   00:00  14.2   0.0   1.8   0.2   5.4    0:30     W
25   3.8   9.1   14:00  -2.0    5:00  14.5   0.0   0.2   0.3   5.8   13:30     W
26   9.2  12.6   15:00   5.8    8:00   9.1   0.0   0.0   0.4   4.9    0:30     W
27  10.2  13.9   14:30   6.3   00:00   8.1   0.0  11.2   0.6   6.7   16:30     W
28   5.5   8.4   12:30   2.8   23:30  12.8   0.0  10.2   0.7   7.6   10:00     W
-------------------------------------------------------------------------------------
     5.4  17.1    15    -4.4     1   354.8   0.0  74.2   0.3   9.8    23       W

Max >=  32.0:  0
Max <=   0.0:  0
Min <=   0.0: 12
Min <= -18.0:  0
Max Rain: 13.21 ON 22-02-17
Days of Rain: 16 (> .2 mm) 8 (> 2 mm) 0 (> 20 mm)
Heat Base:  18.3  Cool Base:  18.3  Method: Integration