NOAA-Stijl Klimaat Rapport

Kies een jaar- of maandrapport
2018: jan feb maa apr mei jun jul aug sep okt nov dec
2017: jan feb maa apr mei jun jul aug sep okt nov dec
2016: jan feb maa apr mei jun jul aug sep okt nov dec
2015: jan feb maa apr mei jun jul aug sep okt nov dec
2014: jan feb maa apr mei jun jul aug sep okt nov dec
2013: jan feb maa apr mei jun jul aug sep okt nov dec
2012: jan feb maa apr mei jun jul aug sep okt nov dec
2011: jan feb maa apr mei jun jul aug sep okt nov dec

Rapport voor 2017 maart
                   MONTHLY CLIMATOLOGICAL SUMMARY for MAR. 2017

NAME: Weerstation Schinnen   CITY: Schinnen   STATE: The Netherlands 
ELEV:    75 m  LAT:  50° 56' 32" N  LONG:   5° 53' 16" E

                   TEMPERATURE (°C), RAIN  (mm), WIND SPEED (m/s)

                                      HEAT  COOL        AVG
    MEAN                              DEG   DEG         WIND                 DOM
DAY TEMP  HIGH   TIME   LOW    TIME   DAYS  DAYS  RAIN  SPEED HIGH   TIME    DIR
------------------------------------------------------------------------------------
 1   6.6   9.3   15:00   3.6    0:30  11.7   0.0   7.6   0.6   5.4   00:00     W
 2   7.2   9.4   17:30   1.2   00:00  11.1   0.0   0.8   0.8   7.6   15:30     W
 3   6.6  13.1   15:00  -1.8    6:30  11.7   0.0   0.0   0.1   3.1   21:00   WNW
 4  10.3  14.9   16:00   6.7   00:00   8.0   0.0  11.0   0.1   4.9   18:30   WSW
 5   7.2  11.2   13:30   5.4   19:00  11.2   0.0   3.2   0.6   5.8   13:00     W
 6   5.7   7.3   17:30   3.4   19:30  12.6   0.0  12.4   0.2   4.0   15:30     W
 7   5.6  10.9   14:30  -0.5   00:00  12.7   0.0   0.0   0.1   3.1   14:00     W
 8   6.2  10.9   19:30  -0.3    3:00  12.1   0.0  13.0   0.3   5.8   11:30     W
 9   9.9  14.0   17:00   6.5   23:30   8.4   0.0   1.0   0.3   4.0   12:30     W
10   6.2  11.7   15:00   0.8    8:00  12.1   0.0   0.0   0.2   3.1   13:00   NNE
11   6.2  13.9   13:30  -1.4    7:00  12.1   0.0   0.0   0.2   3.1   14:30   NNE
12   7.4  16.0   13:30  -0.7    6:30  10.8   0.0   0.0   0.4   4.9   17:00   NNE
13   6.8  15.9   15:30  -1.4    7:00  11.5   0.0   0.0   0.2   2.7   12:00    NE
14   9.3  16.5   14:30   1.6    2:00   9.0   0.0   0.0   0.1   4.0   14:00     W
15  10.6  17.2   14:00   2.9   00:00   7.8   0.0   0.0   0.0   2.7   14:00   SSE
16   8.2  18.9   15:30  -0.4    7:00  10.2   0.0   0.0   0.0   2.2   15:30    NE
17   9.0  12.9   12:30   3.9    2:30   9.3   0.0   0.6   0.3   5.4   22:00     W
18   9.7  12.0   15:00   5.9    1:30   8.6   0.0  20.8   0.5   6.3    3:30     W
19  11.6  13.6   16:00  10.6   00:00   6.7   0.0   1.2   0.6   6.3    9:30     W
20  11.4  14.6   13:00   9.5    8:00   6.8   0.0   0.6   0.6   7.2   13:00     W
21   8.5  12.6   13:30   0.2   23:30   9.8   0.0   0.6   0.4   4.5    2:00     W
22   5.6  13.9   15:00  -3.0    7:00  12.7   0.0   0.0   0.0   3.6   11:30     W
23   8.1  16.0   15:30  -0.8    6:30  10.2   0.0   0.0   0.4   5.4   15:30   NNE
24   9.4  15.1   17:00   5.4    6:00   8.8   0.0   0.0   0.6   5.4   13:30   NNE
25   9.5  15.9   15:30   2.2    5:30   8.8   0.0   0.0   0.9   7.2   12:30   NNE
26   8.9  15.6   17:00   2.9   00:00   9.0   0.0   0.0   0.4   4.5   16:30   NNE
27   8.4  18.7   18:00  -0.7    8:00   9.8   0.0   0.0   0.4   5.4   16:30   NNE
28  11.4  22.0   15:30   0.8    7:30   7.6   0.7  10.4   0.1   4.0   18:00     W
29  11.9  18.0   15:00   6.4    4:00   6.4   0.0   0.0   0.3   4.9   12:00    SW
30  15.2  24.0   16:00   7.9    4:00   4.5   1.3   3.0   0.1   4.0   11:30    SW
31  14.2  25.0   16:00   5.1    7:00   5.3   1.2   1.2   0.2   4.9   15:30     W
-------------------------------------------------------------------------------------
     8.8  25.0    31    -3.0    22   297.4   3.3  87.4   0.3   7.6     2       W

Max >=  32.0:  0
Max <=   0.0:  0
Min <=   0.0: 10
Min <= -18.0:  0
Max Rain: 20.80 ON 18-03-17
Days of Rain: 15 (> .2 mm) 8 (> 2 mm) 1 (> 20 mm)
Heat Base:  18.3  Cool Base:  18.3  Method: Integration